-- Magento DB backup
--
-- Host: localhost    Database: lingerie_222_007
-- ------------------------------------------------------


--
-- Table structure for table `admin_system_messages`
--

CREATE TABLE `admin_system_messages` (
  `identity` varchar(100) NOT NULL COMMENT 'Message id',
  `severity` smallint(5) unsigned NOT NULL DEFAULT '0' COMMENT 'Problem type',
  `created_at` timestamp NOT NULL DEFAULT CURRENT_TIMESTAMP COMMENT 'Create date',
  PRIMARY KEY (`identity`)
) ENGINE=InnoDB DEFAULT CHARSET=utf8 COMMENT='Admin System Messages';

--
-- Dumping data for table `admin_system_messages`
--

INSERT INTO `admin_system_messages` VALUES ('6574525426784678a4023b3d1743a4de',1,'2018-01-19 15:04:07'),('b5b5de0a0651791ec61cdd9636a7e87b',2,'2017-12-25 15:34:01');

--
-- Table structure for table `adminnotification_inbox`
--

CREATE TABLE `adminnotification_inbox` (
  `notification_id` int(10) unsigned NOT NULL AUTO_INCREMENT COMMENT 'Notification id',
  `severity` smallint(5) unsigned NOT NULL DEFAULT '0' COMMENT 'Problem type',
  `date_added` timestamp NOT NULL DEFAULT CURRENT_TIMESTAMP COMMENT 'Create date',
  `title` varchar(255) NOT NULL COMMENT 'Title',
  `description` text COMMENT 'Description',
  `url` varchar(255) DEFAULT NULL COMMENT 'Url',
  `is_read` smallint(5) unsigned NOT NULL DEFAULT '0' COMMENT 'Flag if notification read',
  `is_remove` smallint(5) unsigned NOT NULL DEFAULT '0' COMMENT 'Flag if notification might be removed',
  PRIMARY KEY (`notification_id`),
  KEY `ADMINNOTIFICATION_INBOX_SEVERITY` (`severity`),
  KEY `ADMINNOTIFICATION_INBOX_IS_READ` (`is_read`),
  KEY `ADMINNOTIFICATION_INBOX_IS_REMOVE` (`is_remove`)
) ENGINE=InnoDB AUTO_INCREMENT=4 DEFAULT CHARSET=utf8 COMMENT='Adminnotification Inbox';

--
-- Dumping data for table `adminnotification_inbox`
--

INSERT INTO `adminnotification_inbox` VALUES ('1',1,'2017-11-08 00:20:37','Magento Open Source 2.2.1, 2.1.10, and 2.0.17 Enhance Security and Functionality – 11/7/2017','Magento Open Source 2.2.1, 2.1.10, and 2.0.17 include critical security enhancements and functional updates. Review the release notes for more information: \n\nMagento Open Source 2.2.1: \nhttp://devdocs.magento.com/guides/v2.2/release-notes/bk-release-notes.html, \n\nMagento Open Source 2.1.10: \nhttp://devdocs.magento.com/guides/v2.1/release-notes/bk-release-notes.html, \n\nMagento Open Source 2.0.17: \nhttp://devdocs.magento.com/guides/v2.0/release-notes/bk-release-notes.html  \n',' http://devdocs.magento.com/guides/v2.2/release-notes/bk-release-notes.html',0,0),('2',4,'2017-12-26 18:23:50','Survey: Do you use site personalization tools? If yes, please take our survey.','We\'d like to invite you to take our online survey on site personalization and optimization tools. Your input is valuable and will help to inform the products we bring to market.\n\nThe survey should take no more than 5 minutes to complete. \n\nTo get started, go to: \nhttps://www.surveymonkey.com/r/NF9ZH8D\n\nThank you in advance for your participation.','https://www.surveymonkey.com/r/NF9ZH8D',0,0),('3',4,'2018-01-03 00:10:14','Survey: Tell us about your expectations for mobile commerce in less than 1 minute','Happy new year!\n\nHas mobile commerce lived up to your expectations? We\'d like to hear from you. Take our short survey and tell us what you think.\n\nGo to: https://www.surveymonkey.com/r/589GJVT\n\nCheers!\n\n~The Magento Team','https://www.surveymonkey.com/r/589GJVT',0,0);

--
-- Table structure for table `authorization_role`
--

CREATE TABLE `authorization_role` (
  `role_id` int(10) unsigned NOT NULL AUTO_INCREMENT COMMENT 'Role ID',
  `parent_id` int(10) unsigned NOT NULL DEFAULT '0' COMMENT 'Parent Role ID',
  `tree_level` smallint(5) unsigned NOT NULL DEFAULT '0' COMMENT 'Role Tree Level',
  `sort_order` smallint(5) unsigned NOT NULL DEFAULT '0' COMMENT 'Role Sort Order',
  `role_type` varchar(1) NOT NULL DEFAULT '0' COMMENT 'Role Type',
  `user_id` int(10) unsigned NOT NULL DEFAULT '0' COMMENT 'User ID',
  `user_type` varchar(16) DEFAULT NULL COMMENT 'User Type',
  `role_name` varchar(50) DEFAULT NULL COMMENT 'Role Name',
  PRIMARY KEY (`role_id`),
  KEY `AUTHORIZATION_ROLE_PARENT_ID_SORT_ORDER` (`parent_id`,`sort_order`),
  KEY `AUTHORIZATION_ROLE_TREE_LEVEL` (`tree_level`)
) ENGINE=InnoDB AUTO_INCREMENT=9 DEFAULT CHARSET=utf8 COMMENT='Admin Role Table';

--
-- Dumping data for table `authorization_role`
--

INSERT INTO `authorization_role` VALUES ('2','0',1,1,'G','0','2','Administrators'),('3','2',2,0,'U','1','2','dump'),('5','2',2,0,'U','2','2','admin'),('8','0',1,0,'U','5','1','15');

--
-- Table structure for table `authorization_rule`
--

CREATE TABLE `authorization_rule` (
  `rule_id` int(10) unsigned NOT NULL AUTO_INCREMENT COMMENT 'Rule ID',
  `role_id` int(10) unsigned NOT NULL DEFAULT '0' COMMENT 'Role ID',
  `resource_id` varchar(255) DEFAULT NULL COMMENT 'Resource ID',
  `privileges` varchar(20) DEFAULT NULL COMMENT 'Privileges',
  `permission` varchar(10) DEFAULT NULL COMMENT 'Permission',
  PRIMARY KEY (`rule_id`),
  KEY `AUTHORIZATION_RULE_RESOURCE_ID_ROLE_ID` (`resource_id`,`role_id`),
  KEY `AUTHORIZATION_RULE_ROLE_ID_RESOURCE_ID` (`role_id`,`resource_id`)
) ENGINE=InnoDB AUTO_INCREMENT=3606 DEFAULT CHARSET=utf8 COMMENT='Admin Rule Table';

--
-- Dumping data for table `authorization_rule`
--

INSERT INTO `authorization_rule` VALUES ('383','2','Magento_Backend::all',NULL,'allow'),('3337','8','Magento_Backend::all',NULL,'deny'),('3338','8','Magento_Backend::admin',NULL,'allow'),('3339','8','Magento_Backend::dashboard',NULL,'deny'),('3340','8','Magento_Analytics::analytics',NULL,'deny'),('3341','8','Magento_Analytics::analytics_api',NULL,'deny'),('3342','8','TemplateMonster_ShopByBrand::brand',NULL,'deny'),('3343','8','TemplateMonster_ShopByBrand::brand_save',NULL,'deny'),('3344','8','TemplateMonster_ShopByBrand::brand_delete',NULL,'deny'),('3345','8','Magento_Sales::sales',NULL,'deny'),('3346','8','Magento_Sales::sales_operation',NULL,'deny'),('3347','8','Magento_Sales::sales_order',NULL,'deny'),('3348','8','Magento_Sales::actions',NULL,'deny'),('3349','8','Magento_Sales::create',NULL,'deny'),('3350','8','Magento_Sales::actions_view',NULL,'deny'),('3351','8','Magento_Sales::email',NULL,'deny'),('3352','8','Magento_Sales::reorder',NULL,'deny'),('3353','8','Magento_Sales::actions_edit',NULL,'deny'),('3354','8','Magento_Sales::cancel',NULL,'deny'),('3355','8','Magento_Sales::review_payment',NULL,'deny'),('3356','8','Magento_Sales::capture',NULL,'deny'),('3357','8','Magento_Sales::invoice',NULL,'deny'),('3358','8','Magento_Sales::creditmemo',NULL,'deny'),('3359','8','Magento_Sales::hold',NULL,'deny'),('3360','8','Magento_Sales::unhold',NULL,'deny'),('3361','8','Magento_Sales::ship',NULL,'deny'),('3362','8','Magento_Sales::comment',NULL,'deny'),('3363','8','Magento_Sales::emails',NULL,'deny'),('3364','8','Magento_Sales::sales_invoice',NULL,'deny'),('3365','8','Magento_Sales::shipment',NULL,'deny'),('3366','8','Temando_Shipping::dispatches',NULL,'deny'),('3367','8','Magento_Sales::sales_creditmemo',NULL,'deny'),('3368','8','Magento_Paypal::billing_agreement',NULL,'deny'),('3369','8','Magento_Paypal::billing_agreement_actions',NULL,'deny'),('3370','8','Magento_Paypal::billing_agreement_actions_view',NULL,'deny'),('3371','8','Magento_Paypal::actions_manage',NULL,'deny'),('3372','8','Magento_Paypal::use',NULL,'deny'),('3373','8','Magento_Sales::transactions',NULL,'deny'),('3374','8','Magento_Sales::transactions_fetch',NULL,'deny'),('3375','8','Magento_Catalog::catalog',NULL,'allow'),('3376','8','Magento_Catalog::catalog_inventory',NULL,'allow'),('3377','8','Magento_Catalog::products',NULL,'allow'),('3378','8','Magento_Catalog::categories',NULL,'deny'),('3379','8','TemplateMonster_FilmSlider::filmsliders',NULL,'deny'),('3380','8','TemplateMonster_FilmSlider::filmslider_grid',NULL,'deny'),('3381','8','TemplateMonster_FilmSlider::filmslider_save',NULL,'deny'),('3382','8','TemplateMonster_FilmSlider::filmslider_edit',NULL,'deny'),('3383','8','TemplateMonster_FilmSlider::filmslider_remove',NULL,'deny'),('3384','8','TemplateMonster_FilmSlider::filmslider_mass',NULL,'deny'),('3385','8','TemplateMonster_FilmSlider::filmslider_item_edit',NULL,'deny'),('3386','8','TemplateMonster_FilmSlider::filmslider_item_save',NULL,'deny'),('3387','8','TemplateMonster_FilmSlider::filmslider_item_remove',NULL,'deny'),('3388','8','Magento_Customer::customer',NULL,'deny'),('3389','8','Magento_Customer::manage',NULL,'deny'),('3390','8','Magento_Customer::online',NULL,'deny'),('3391','8','Magento_Cart::cart',NULL,'deny'),('3392','8','Magento_Cart::manage',NULL,'deny'),('3393','8','Magento_Backend::myaccount',NULL,'deny'),('3394','8','Magento_Backend::marketing',NULL,'deny'),('3395','8','Magento_CatalogRule::promo',NULL,'deny'),('3396','8','Magento_CatalogRule::promo_catalog',NULL,'deny'),('3397','8','Magento_SalesRule::quote',NULL,'deny'),('3398','8','Dotdigitalgroup_Email::automation',NULL,'deny'),('3399','8','Dotdigitalgroup_Email::automation_studio',NULL,'deny'),('3400','8','Dotdigitalgroup_Email::exclusion_rules',NULL,'deny'),('3401','8','Magento_Backend::marketing_communications',NULL,'deny'),('3402','8','Magento_Email::template',NULL,'deny'),('3403','8','Magento_Newsletter::template',NULL,'deny'),('3404','8','Magento_Newsletter::queue',NULL,'deny'),('3405','8','Magento_Newsletter::subscriber',NULL,'deny'),('3406','8','Magento_Backend::marketing_seo',NULL,'deny'),('3407','8','Magento_Search::search',NULL,'deny'),('3408','8','Magento_Search::synonyms',NULL,'deny'),('3409','8','Magento_UrlRewrite::urlrewrite',NULL,'deny'),('3410','8','Magento_Sitemap::sitemap',NULL,'deny'),('3411','8','Magento_Backend::marketing_user_content',NULL,'deny'),('3412','8','Magento_Review::reviews_all',NULL,'deny'),('3413','8','Magento_Review::pending',NULL,'deny'),('3414','8','Magento_Backend::content',NULL,'deny'),('3415','8','Magento_Backend::content_elements',NULL,'deny'),('3416','8','Magento_Cms::page',NULL,'deny'),('3417','8','Magento_Cms::save',NULL,'deny'),('3418','8','Magento_Cms::page_delete',NULL,'deny'),('3419','8','Magento_Cms::block',NULL,'deny'),('3420','8','Magento_Widget::widget_instance',NULL,'deny'),('3421','8','Magento_Cms::media_gallery',NULL,'deny'),('3422','8','Magento_Backend::design',NULL,'deny'),('3423','8','Magento_Theme::theme',NULL,'deny'),('3424','8','Magento_Backend::schedule',NULL,'deny'),('3425','8','Magento_Backend::content_translation',NULL,'deny'),('3426','8','Magento_Reports::report',NULL,'deny'),('3427','8','Dotdigitalgroup_Email::reports',NULL,'deny'),('3428','8','Dotdigitalgroup_Email::contact',NULL,'deny'),('3429','8','Dotdigitalgroup_Email::order',NULL,'deny'),('3430','8','Dotdigitalgroup_Email::review',NULL,'deny'),('3431','8','Dotdigitalgroup_Email::wishlist',NULL,'deny'),('3432','8','Dotdigitalgroup_Email::catalog',NULL,'deny'),('3433','8','Dotdigitalgroup_Email::importer',NULL,'deny'),('3434','8','Dotdigitalgroup_Email::campaign',NULL,'deny'),('3435','8','Dotdigitalgroup_Email::cron',NULL,'deny'),('3436','8','Dotdigitalgroup_Email::dashboard',NULL,'deny'),('3437','8','Dotdigitalgroup_Email::automation_enrollment',NULL,'deny'),('3438','8','Dotdigitalgroup_Email::logviewer',NULL,'deny'),('3439','8','Magento_Reports::report_marketing',NULL,'deny'),('3440','8','Magento_Reports::shopcart',NULL,'deny'),('3441','8','Magento_Reports::product',NULL,'deny'),('3442','8','Magento_Reports::abandoned',NULL,'deny'),('3443','8','Magento_Reports::report_search',NULL,'deny'),('3444','8','Magento_Newsletter::problem',NULL,'deny'),('3445','8','Magento_Reports::review',NULL,'deny'),('3446','8','Magento_Reports::review_customer',NULL,'deny'),('3447','8','Magento_Reports::review_product',NULL,'deny'),('3448','8','Magento_Reports::salesroot',NULL,'deny'),('3449','8','Magento_Reports::salesroot_sales',NULL,'deny'),('3450','8','Magento_Reports::tax',NULL,'deny'),('3451','8','Magento_Reports::invoiced',NULL,'deny'),('3452','8','Magento_Reports::shipping',NULL,'deny'),('3453','8','Magento_Reports::refunded',NULL,'deny'),('3454','8','Magento_Reports::coupons',NULL,'deny'),('3455','8','Magento_Paypal::paypal_settlement_reports',NULL,'deny'),('3456','8','Magento_Paypal::paypal_settlement_reports_view',NULL,'deny'),('3457','8','Magento_Paypal::fetch',NULL,'deny'),('3458','8','Magento_Braintree::settlement_report',NULL,'deny'),('3459','8','Magento_Reports::customers',NULL,'deny'),('3460','8','Magento_Reports::totals',NULL,'deny'),('3461','8','Magento_Reports::customers_orders',NULL,'deny'),('3462','8','Magento_Reports::accounts',NULL,'deny'),('3463','8','Magento_Reports::report_products',NULL,'deny'),('3464','8','Magento_Reports::viewed',NULL,'deny'),('3465','8','Magento_Reports::bestsellers',NULL,'deny'),('3466','8','Magento_Reports::lowstock',NULL,'deny'),('3467','8','Magento_Reports::sold',NULL,'deny'),('3468','8','Magento_Reports::downloads',NULL,'deny'),('3469','8','Magento_Reports::statistics',NULL,'deny'),('3470','8','Magento_Reports::statistics_refresh',NULL,'deny'),('3471','8','Magento_Analytics::business_intelligence',NULL,'deny'),('3472','8','Magento_Analytics::advanced_reporting',NULL,'deny'),('3473','8','Magento_Analytics::bi_essentials',NULL,'deny'),('3474','8','Magento_Backend::stores',NULL,'allow'),('3475','8','Magento_Backend::stores_settings',NULL,'allow'),('3476','8','Magento_Backend::store',NULL,'allow'),('3477','8','Magento_Config::config',NULL,'deny'),('3478','8','Magento_Payment::payment_services',NULL,'deny'),('3479','8','Magento_Payment::payment',NULL,'deny'),('3480','8','Magento_GoogleAnalytics::google',NULL,'deny'),('3481','8','Dotdigitalgroup_Email::config',NULL,'deny'),('3482','8','TemplateMonster_CountdownTimer::config_countdown',NULL,'deny'),('3483','8','Magento_Sales::fraud_protection',NULL,'deny'),('3484','8','Magento_Newsletter::newsletter',NULL,'deny'),('3485','8','Magento_Contact::contact',NULL,'deny'),('3486','8','Magento_CatalogInventory::cataloginventory',NULL,'deny'),('3487','8','Magento_Downloadable::downloadable',NULL,'deny'),('3488','8','Magento_Cms::config_cms',NULL,'deny'),('3489','8','Magento_Catalog::config_catalog',NULL,'deny'),('3490','8','Magento_CatalogSearch::config_catalog_search',NULL,'deny'),('3491','8','Magento_Shipping::config_shipping',NULL,'deny'),('3492','8','Magento_Shipping::shipping_policy',NULL,'deny'),('3493','8','Magento_Shipping::carriers',NULL,'deny'),('3494','8','Magento_Multishipping::config_multishipping',NULL,'deny'),('3495','8','TemplateMonster_Blog::config_blog',NULL,'deny'),('3496','8','TemplateMonster_Parallax::parallax_config',NULL,'deny'),('3497','8','Magento_Config::config_general',NULL,'deny'),('3498','8','Magento_Config::web',NULL,'deny'),('3499','8','Magento_Config::config_design',NULL,'deny'),('3500','8','Magento_Paypal::paypal',NULL,'deny'),('3501','8','Magento_Customer::config_customer',NULL,'deny'),('3502','8','Magento_Tax::config_tax',NULL,'deny'),('3503','8','Magento_Checkout::checkout',NULL,'deny'),('3504','8','Magento_Sales::config_sales',NULL,'deny'),('3505','8','Magento_Persistent::persistent',NULL,'deny'),('3506','8','Magento_Sales::sales_email',NULL,'deny'),('3507','8','Magento_Sales::sales_pdf',NULL,'deny'),('3508','8','Magento_Sitemap::config_sitemap',NULL,'deny'),('3509','8','Magento_Reports::reports',NULL,'deny'),('3510','8','TemplateMonster_CatalogImagesGrid::config_catalogimagesgrid',NULL,'deny'),('3511','8','TemplateMonster_GoogleMap::config_googlemap',NULL,'deny'),('3512','8','TemplateMonster_AjaxCompare::config_ajaxcompare',NULL,'deny'),('3513','8','TemplateMonster_Megamenu::config_megamenu',NULL,'deny'),('3514','8','TemplateMonster_AjaxSearch::config_ajaxsearch',NULL,'deny'),('3515','8','Magento_Wishlist::config_wishlist',NULL,'deny'),('3516','8','TemplateMonster_ShopByBrand::config_shopbybrand',NULL,'deny'),('3517','8','TemplateMonster_SiteMaintenance::config_site_maintenance',NULL,'deny'),('3518','8','Magento_Config::config_system',NULL,'deny'),('3519','8','TemplateMonster_AjaxCatalog::config_ajaxcatalog',NULL,'deny'),('3520','8','Magento_Config::advanced',NULL,'deny'),('3521','8','Magento_SalesRule::config_promo',NULL,'deny'),('3522','8','Zemez_Amp::config_tm_amp',NULL,'deny'),('3523','8','Magento_Config::trans_email',NULL,'deny'),('3524','8','TemplateMonster_LayoutSwitcher::layout_switcher_config',NULL,'deny'),('3525','8','TemplateMonster_SocialSharing::social_sharing_config',NULL,'deny'),('3526','8','TemplateMonster_SocialLogin::social_login_config',NULL,'deny'),('3527','8','TemplateMonster_SampleDataInstaller::sample_data_installer_config',NULL,'deny'),('3528','8','TemplateMonster_NewsletterPopup::newsletter_popup_config',NULL,'deny'),('3529','8','TemplateMonster_NewsletterPopup::newsletter_popup_reset',NULL,'deny'),('3530','8','TemplateMonster_AjaxWishlist::config_ajaxwishlist',NULL,'deny'),('3531','8','TemplateMonster_ThemeOptions::theme_options_config',NULL,'deny'),('3532','8','TemplateMonster_ThemeOptions::theme_options_export',NULL,'deny'),('3533','8','TemplateMonster_ThemeOptions::theme_options_import',NULL,'deny'),('3534','8','Magento_Config::config_admin',NULL,'deny'),('3535','8','Magento_Config::dev',NULL,'deny'),('3536','8','Magento_Config::currency',NULL,'deny'),('3537','8','Magento_Rss::rss',NULL,'deny'),('3538','8','Magento_Config::sendfriend',NULL,'deny'),('3539','8','Magento_Analytics::analytics_settings',NULL,'deny'),('3540','8','Magento_NewRelicReporting::config_newrelicreporting',NULL,'deny'),('3541','8','Magento_CheckoutAgreements::checkoutagreement',NULL,'deny'),('3542','8','Magento_Sales::order_statuses',NULL,'deny'),('3543','8','Temando_Shipping::shipping',NULL,'deny'),('3544','8','Temando_Shipping::carriers',NULL,'deny'),('3545','8','Temando_Shipping::locations',NULL,'deny'),('3546','8','Temando_Shipping::packaging',NULL,'deny'),('3547','8','Magento_Tax::manage_tax',NULL,'deny'),('3548','8','Magento_CurrencySymbol::system_currency',NULL,'deny'),('3549','8','Magento_CurrencySymbol::currency_rates',NULL,'deny'),('3550','8','Magento_CurrencySymbol::symbols',NULL,'deny'),('3551','8','Magento_Backend::stores_attributes',NULL,'deny'),('3552','8','Magento_Catalog::attributes_attributes',NULL,'deny'),('3553','8','Magento_Catalog::update_attributes',NULL,'deny'),('3554','8','Magento_Catalog::sets',NULL,'deny'),('3555','8','Magento_Review::ratings',NULL,'deny'),('3556','8','Magento_Swatches::iframe',NULL,'deny'),('3557','8','Magento_Backend::stores_other_settings',NULL,'deny'),('3558','8','Magento_Customer::group',NULL,'deny'),('3559','8','Magento_Backend::system',NULL,'deny'),('3560','8','Magento_Backend::convert',NULL,'deny'),('3561','8','Magento_ImportExport::import',NULL,'deny'),('3562','8','Magento_ImportExport::export',NULL,'deny'),('3563','8','Magento_TaxImportExport::import_export',NULL,'deny'),('3564','8','Magento_ImportExport::history',NULL,'deny'),('3565','8','Magento_Backend::extensions',NULL,'deny'),('3566','8','Magento_Backend::local',NULL,'deny'),('3567','8','Magento_Backend::custom',NULL,'deny'),('3568','8','Magento_Backend::tools',NULL,'deny'),('3569','8','Magento_Backend::cache',NULL,'deny'),('3570','8','Magento_Backend::setup_wizard',NULL,'deny'),('3571','8','Magento_Backup::backup',NULL,'deny'),('3572','8','Magento_Backup::rollback',NULL,'deny'),('3573','8','Magento_Indexer::index',NULL,'deny'),('3574','8','Magento_Indexer::changeMode',NULL,'deny'),('3575','8','Magento_User::acl',NULL,'deny'),('3576','8','Magento_User::acl_users',NULL,'deny'),('3577','8','Magento_User::locks',NULL,'deny'),('3578','8','Magento_User::acl_roles',NULL,'deny'),('3579','8','Magento_Backend::system_other_settings',NULL,'deny'),('3580','8','Magento_AdminNotification::adminnotification',NULL,'deny'),('3581','8','Magento_AdminNotification::show_toolbar',NULL,'deny'),('3582','8','Magento_AdminNotification::show_list',NULL,'deny'),('3583','8','Magento_AdminNotification::mark_as_read',NULL,'deny'),('3584','8','Magento_AdminNotification::adminnotification_remove',NULL,'deny'),('3585','8','Magento_Variable::variable',NULL,'deny'),('3586','8','Magento_EncryptionKey::crypt_key',NULL,'deny'),('3587','8','Magento_Backend::global_search',NULL,'deny'),('3588','8','TemplateMonster_Base::modules',NULL,'deny'),('3589','8','TemplateMonster_Blog::blog_elements',NULL,'deny'),('3590','8','TemplateMonster_Blog::category',NULL,'deny'),('3591','8','TemplateMonster_Blog::category_save',NULL,'deny'),('3592','8','TemplateMonster_Blog::category_delete',NULL,'deny'),('3593','8','TemplateMonster_Blog::post',NULL,'deny'),('3594','8','TemplateMonster_Blog::post_save',NULL,'deny'),('3595','8','TemplateMonster_Blog::post_delete',NULL,'deny'),('3596','8','TemplateMonster_Blog::comment',NULL,'deny'),('3597','8','TemplateMonster_Blog::comment_save',NULL,'deny'),('3598','8','TemplateMonster_Blog::comment_delete',NULL,'deny'),('3599','8','TemplateMonster_Parallax::parallax',NULL,'deny'),('3600','8','TemplateMonster_Parallax::parallax_block',NULL,'deny'),('3601','8','TemplateMonster_Parallax::block_save',NULL,'deny'),('3602','8','TemplateMonster_Parallax::block_delete',NULL,'deny'),('3603','8','TemplateMonster_Parallax::parallax_item',NULL,'deny'),('3604','8','TemplateMonster_Parallax::item_save',NULL,'deny'),('3605','8','TemplateMonster_Parallax::item_delete',NULL,'deny');

--
-- Table structure for table `cache`
--

CREATE TABLE `cache` (
  `id` varchar(200) NOT NULL COMMENT 'Cache Id',
  `data` mediumblob COMMENT 'Cache Data',
  `create_time` int(11) DEFAULT NULL COMMENT 'Cache Creation Time',
  `update_time` int(11) DEFAULT NULL COMMENT 'Time of Cache Updating',
  `expire_time` int(11) DEFAULT NULL COMMENT 'Cache Expiration Time',
  PRIMARY KEY (`id`),
  KEY `CACHE_EXPIRE_TIME` (`expire_time`)
) ENGINE=InnoDB DEFAULT CHARSET=utf8 COMMENT='Caches';

--
-- Table structure for table `cache_tag`
--

CREATE TABLE `cache_tag` (
  `tag` varchar(100) NOT NULL COMMENT 'Tag',
  `cache_id` varchar(200) NOT NULL COMMENT 'Cache Id',
  PRIMARY KEY (`tag`,`cache_id`),
  KEY `CACHE_TAG_CACHE_ID` (`cache_id`)
) ENGINE=InnoDB DEFAULT CHARSET=utf8 COMMENT='Tag Caches';

--
-- Table structure for table `captcha_log`
--

CREATE TABLE `captcha_log` (
  `type` varchar(32) NOT NULL COMMENT 'Type',
  `value` varchar(32) NOT NULL COMMENT 'Value',
  `count` int(10) unsigned NOT NULL DEFAULT '0' COMMENT 'Count',
  `updated_at` timestamp NULL DEFAULT NULL COMMENT 'Update Time',
  PRIMARY KEY (`type`,`value`)
) ENGINE=InnoDB DEFAULT CHARSET=utf8 COMMENT='Count Login Attempts';

--
-- Table structure for table `catalog_category_entity`
--

CREATE TABLE `catalog_category_entity` (
  `entity_id` int(10) unsigned NOT NULL AUTO_INCREMENT COMMENT 'Entity ID',
  `attribute_set_id` smallint(5) unsigned NOT NULL DEFAULT '0' COMMENT 'Attriute Set ID',
  `parent_id` int(10) unsigned NOT NULL DEFAULT '0' COMMENT 'Parent Category ID',
  `created_at` timestamp NOT NULL DEFAULT CURRENT_TIMESTAMP COMMENT 'Creation Time',
  `updated_at` timestamp NOT NULL DEFAULT CURRENT_TIMESTAMP ON UPDATE CURRENT_TIMESTAMP COMMENT 'Update Time',
  `path` varchar(255) NOT NULL COMMENT 'Tree Path',
  `position` int(11) NOT NULL COMMENT 'Position',
  `level` int(11) NOT NULL DEFAULT '0' COMMENT 'Tree Level',
  `children_count` int(11) NOT NULL COMMENT 'Child Count',
  PRIMARY KEY (`entity_id`),
  KEY `CATALOG_CATEGORY_ENTITY_LEVEL` (`level`),
  KEY `CATALOG_CATEGORY_ENTITY_PATH` (`path`)
) ENGINE=InnoDB AUTO_INCREMENT=41 DEFAULT CHARSET=utf8 COMMENT='Catalog Category Table';

--
-- Dumping data for table `catalog_category_entity`
--

INSERT INTO `catalog_category_entity` VALUES ('1',3,'0','2017-10-21 08:06:29','2017-12-26 15:36:39','1','0','0','39'),('2',3,'1','2017-10-21 08:06:29','2017-12-26 15:36:39','1/2','1','1','38'),('3',3,'2','2017-11-25 19:37:15','2017-11-25 19:44:47','1/2/3','1','2','5'),('4',3,'2','2017-11-25 19:37:24','2017-11-25 19:43:30','1/2/4','2','2','5'),('5',3,'2','2017-11-25 19:37:32','2017-12-26 15:38:41','1/2/5','3','2','11'),('6',3,'2','2017-11-25 19:37:38','2017-11-25 19:41:32','1/2/6','4','2','5'),('7',3,'2','2017-11-25 19:37:48','2017-12-26 16:16:48','1/2/7','5','2','3'),('8',3,'7','2017-11-25 19:38:51','2017-11-25 19:38:51','1/2/7/8','1','3','0'),('9',3,'7','2017-11-25 19:38:58','2017-11-25 19:39:15','1/2/7/9','2','3','0'),('10',3,'7','2017-11-25 19:39:05','2017-11-25 19:39:05','1/2/7/10','3','3','0'),('11',3,'2','2017-11-25 19:39:58','2017-11-25 19:40:33','1/2/11','6','2','3'),('12',3,'11','2017-11-25 19:40:19','2017-11-25 19:40:19','1/2/11/12','1','3','0'),('13',3,'11','2017-11-25 19:40:27','2017-11-25 19:40:27','1/2/11/13','2','3','0'),('14',3,'11','2017-11-25 19:40:33','2017-11-25 19:40:33','1/2/11/14','3','3','0'),('15',3,'6','2017-11-25 19:41:01','2017-11-25 19:41:01','1/2/6/15','1','3','0'),('16',3,'6','2017-11-25 19:41:10','2017-11-25 19:41:10','1/2/6/16','2','3','0'),('17',3,'6','2017-11-25 19:41:17','2017-11-25 19:41:18','1/2/6/17','3','3','0'),('18',3,'6','2017-11-25 19:41:24','2017-11-25 19:41:24','1/2/6/18','4','3','0'),('19',3,'6','2017-11-25 19:41:32','2017-11-25 19:41:32','1/2/6/19','5','3','0'),('20',3,'5','2017-11-25 19:41:55','2017-12-26 15:34:25','1/2/5/20','1','3','6'),('21',3,'5','2017-11-25 19:42:04','2017-12-26 15:36:39','1/2/5/21','2','3','3'),('22',3,'21','2017-11-25 19:42:11','2017-12-26 14:59:13','1/2/5/21/22','1','4','0'),('23',3,'4','2017-11-25 19:42:59','2017-11-25 19:42:59','1/2/4/23','1','3','0'),('24',3,'4','2017-11-25 19:43:03','2017-11-25 19:43:03','1/2/4/24','2','3','0'),('25',3,'4','2017-11-25 19:43:13','2017-11-25 19:43:13','1/2/4/25','3','3','0'),('26',3,'4','2017-11-25 19:43:22','2017-11-25 19:43:22','1/2/4/26','4','3','0'),('27',3,'4','2017-11-25 19:43:30','2017-11-25 19:43:30','1/2/4/27','5','3','0'),('28',3,'3','2017-11-25 19:44:00','2017-11-25 19:44:00','1/2/3/28','1','3','0'),('29',3,'3','2017-11-25 19:44:07','2017-11-25 19:44:07','1/2/3/29','2','3','0'),('30',3,'3','2017-11-25 19:44:14','2017-11-25 19:44:14','1/2/3/30','3','3','0'),('31',3,'3','2017-11-25 19:44:30','2017-11-25 19:44:31','1/2/3/31','4','3','0'),('32',3,'3','2017-11-25 19:44:47','2017-11-25 19:44:47','1/2/3/32','5','3','0'),('33',3,'20','2017-12-26 15:00:01','2017-12-26 15:00:01','1/2/5/20/33','1','4','0'),('34',3,'20','2017-12-26 15:31:19','2017-12-26 15:31:19','1/2/5/20/34','2','4','0'),('35',3,'20','2017-12-26 15:32:00','2017-12-26 15:32:00','1/2/5/20/35','3','4','0'),('36',3,'20','2017-12-26 15:32:57','2017-12-26 15:32:57','1/2/5/20/36','4','4','0'),('37',3,'20','2017-12-26 15:33:37','2017-12-26 15:33:38','1/2/5/20/37','5','4','0'),('38',3,'20','2017-12-26 15:34:25','2017-12-26 15:34:25','1/2/5/20/38','6','4','0'),('39',3,'21','2017-12-26 15:35:33','2017-12-26 15:35:33','1/2/5/21/39','2','4','0'),('40',3,'21','2017-12-26 15:36:39','2017-12-26 15:36:39','1/2/5/21/40','3','4','0');

--
-- Table structure for table `catalog_category_entity_datetime`
--

CREATE TABLE `catalog_category_entity_datetime` (
  `value_id` int(11) NOT NULL AUTO_INCREMENT COMMENT 'Value ID',
  `attribute_id` smallint(5) unsigned NOT NULL DEFAULT '0' COMMENT 'Attribute ID',
  `store_id` smallint(5) unsigned NOT NULL DEFAULT '0' COMMENT 'Store ID',
  `entity_id` int(10) unsigned NOT NULL DEFAULT '0' COMMENT 'Entity ID',
  `value` datetime DEFAULT NULL COMMENT 'Value',
  PRIMARY KEY (`value_id`),
  UNIQUE KEY `CATALOG_CATEGORY_ENTITY_DATETIME_ENTITY_ID_ATTRIBUTE_ID_STORE_ID` (`entity_id`,`attribute_id`,`store_id`),
  KEY `CATALOG_CATEGORY_ENTITY_DATETIME_ENTITY_ID` (`entity_id`),
  KEY `CATALOG_CATEGORY_ENTITY_DATETIME_ATTRIBUTE_ID` (`attribute_id`),
  KEY `CATALOG_CATEGORY_ENTITY_DATETIME_STORE_ID` (`store_id`)
) ENGINE=InnoDB AUTO_INCREMENT=9 DEFAULT CHARSET=utf8 COMMENT='Catalog Category Datetime Attribute Backend Table';

--
-- Dumping data for table `catalog_category_entity_datetime`
--

INSERT INTO `catalog_category_entity_datetime` VALUES ('1',61,0,'9',NULL),('2',62,0,'9',NULL),('3',61,0,'21',NULL),('4',62,0,'21',NULL),('5',61,0,'5',NULL),('6',62,0,'5',NULL),('7',61,0,'7',NULL),('8',62,0,'7',NULL);

--
-- Table structure for table `catalog_category_entity_decimal`
--

CREATE TABLE `catalog_category_entity_decimal` (
  `value_id` int(11) NOT NULL AUTO_INCREMENT COMMENT 'Value ID',
  `attribute_id` smallint(5) unsigned NOT NULL DEFAULT '0' COMMENT 'Attribute ID',
  `store_id` smallint(5) unsigned NOT NULL DEFAULT '0' COMMENT 'Store ID',
  `entity_id` int(10) unsigned NOT NULL DEFAULT '0' COMMENT 'Entity ID',
  `value` decimal(12,4) DEFAULT NULL COMMENT 'Value',
  PRIMARY KEY (`value_id`),
  UNIQUE KEY `CATALOG_CATEGORY_ENTITY_DECIMAL_ENTITY_ID_ATTRIBUTE_ID_STORE_ID` (`entity_id`,`attribute_id`,`store_id`),
  KEY `CATALOG_CATEGORY_ENTITY_DECIMAL_ENTITY_ID` (`entity_id`),
  KEY `CATALOG_CATEGORY_ENTITY_DECIMAL_ATTRIBUTE_ID` (`attribute_id`),
  KEY `CATALOG_CATEGORY_ENTITY_DECIMAL_STORE_ID` (`store_id`)
) ENGINE=InnoDB DEFAULT CHARSET=utf8 COMMENT='Catalog Category Decimal Attribute Backend Table';

--
-- Table structure for table `catalog_category_entity_int`
--

CREATE TABLE `catalog_category_entity_int` (
  `value_id` int(11) NOT NULL AUTO_INCREMENT COMMENT 'Value ID',
  `attribute_id` smallint(5) unsigned NOT NULL DEFAULT '0' COMMENT 'Attribute ID',
  `store_id` smallint(5) unsigned NOT NULL DEFAULT '0' COMMENT 'Store ID',
  `entity_id` int(10) unsigned NOT NULL DEFAULT '0' COMMENT 'Entity ID',
  `value` int(11) DEFAULT NULL COMMENT 'Value',
  PRIMARY KEY (`value_id`),
  UNIQUE KEY `CATALOG_CATEGORY_ENTITY_INT_ENTITY_ID_ATTRIBUTE_ID_STORE_ID` (`entity_id`,`attribute_id`,`store_id`),
  KEY `CATALOG_CATEGORY_ENTITY_INT_ENTITY_ID` (`entity_id`),
  KEY `CATALOG_CATEGORY_ENTITY_INT_ATTRIBUTE_ID` (`attribute_id`),
  KEY `CATALOG_CATEGORY_ENTITY_INT_STORE_ID` (`store_id`)
) ENGINE=InnoDB AUTO_INCREMENT=231 DEFAULT CHARSET=utf8 COMMENT='Catalog Category Integer Attribute Backend Table';

--
-- Dumping data for table `catalog_category_entity_int`
--

INSERT INTO `catalog_category_entity_int` VALUES ('1',69,0,'1','1'),('2',46,0,'2','1'),('3',69,0,'2','1'),('4',46,0,'3','1'),('5',54,0,'3','1'),('6',69,0,'3','1'),('7',70,0,'3','0'),('8',71,0,'3','0'),('9',46,0,'4','1'),('10',54,0,'4','1'),('11',69,0,'4','1'),('12',70,0,'4','0'),('13',71,0,'4','0'),('14',46,0,'5','1'),('15',54,0,'5','1'),('16',69,0,'5','1'),('17',70,0,'5','0'),('18',71,0,'5','0'),('19',46,0,'6','1'),('20',54,0,'6','1'),('21',69,0,'6','1'),('22',70,0,'6','0'),('23',71,0,'6','0'),('24',46,0,'7','1'),('25',54,0,'7','1'),('26',69,0,'7','1'),('27',70,0,'7','0'),('28',71,0,'7','0'),('29',46,0,'8','1'),('30',54,0,'8','1'),('31',69,0,'8','1'),('32',70,0,'8','0'),('33',71,0,'8','0'),('34',46,0,'9','1'),('35',54,0,'9','1'),('36',69,0,'9','1'),('37',70,0,'9','0'),('38',71,0,'9','0'),('39',46,0,'10','1'),('40',54,0,'10','1'),('41',69,0,'10','1'),('42',70,0,'10','0'),('43',71,0,'10','0'),('44',53,0,'9',NULL),('45',46,0,'11','1'),('46',54,0,'11','1'),('47',69,0,'11','1'),('48',70,0,'11','0'),('49',71,0,'11','0'),('50',46,0,'12','1'),('51',54,0,'12','1'),('52',69,0,'12','1'),('53',70,0,'12','0'),('54',71,0,'12','0'),('55',46,0,'13','1'),('56',54,0,'13','1'),('57',69,0,'13','1'),('58',70,0,'13','0'),('59',71,0,'13','0'),('60',46,0,'14','1'),('61',54,0,'14','1'),('62',69,0,'14','1'),('63',70,0,'14','0'),('64',71,0,'14','0'),('65',46,0,'15','1'),('66',54,0,'15','1'),('67',69,0,'15','1'),('68',70,0,'15','0'),('69',71,0,'15','0'),('70',46,0,'16','1'),('71',54,0,'16','1'),('72',69,0,'16','1'),('73',70,0,'16','0'),('74',71,0,'16','0'),('75',46,0,'17','1'),('76',54,0,'17','1'),('77',69,0,'17','1'),('78',70,0,'17','0'),('79',71,0,'17','0'),('80',46,0,'18','1'),('81',54,0,'18','1'),('82',69,0,'18','1'),('83',70,0,'18','0'),('84',71,0,'18','0'),('85',46,0,'19','1'),('86',54,0,'19','1'),('87',69,0,'19','1'),('88',70,0,'19','0'),('89',71,0,'19','0'),('90',46,0,'20','1'),('91',54,0,'20','1'),('92',69,0,'20','1'),('93',70,0,'20','0'),('94',71,0,'20','0'),('95',46,0,'21','1'),('96',54,0,'21','1'),('97',69,0,'21','1'),('98',70,0,'21','0'),('99',71,0,'21','0'),('100',46,0,'22','1'),('101',54,0,'22','1'),('102',69,0,'22','1'),('103',70,0,'22','0'),('104',71,0,'22','0'),('105',46,0,'23','1'),('106',54,0,'23','1'),('107',69,0,'23','1'),('108',70,0,'23','0'),('109',71,0,'23','0'),('110',46,0,'24','1'),('111',54,0,'24','1'),('112',69,0,'24','1'),('113',70,0,'24','0'),('114',71,0,'24','0'),('115',46,0,'25','1'),('116',54,0,'25','1'),('117',69,0,'25','1'),('118',70,0,'25','0'),('119',71,0,'25','0'),('120',46,0,'26','1'),('121',54,0,'26','1'),('122',69,0,'26','1'),('123',70,0,'26','0'),('124',71,0,'26','0'),('125',46,0,'27','1'),('126',54,0,'27','1'),('127',69,0,'27','1'),('128',70,0,'27','0'),('129',71,0,'27','0'),('130',46,0,'28','1'),('131',54,0,'28','1'),('132',69,0,'28','1'),('133',70,0,'28','0'),('134',71,0,'28','0'),('135',46,0,'29','1'),('136',54,0,'29','1'),('137',69,0,'29','1'),('138',70,0,'29','0'),('139',71,0,'29','0'),('140',46,0,'30','1'),('141',54,0,'30','1'),('142',69,0,'30','1'),('143',70,0,'30','0'),('144',71,0,'30','0'),('145',46,0,'31','1'),('146',54,0,'31','1'),('147',69,0,'31','1'),('148',70,0,'31','0'),('149',71,0,'31','0'),('150',46,0,'32','1'),('151',54,0,'32','1'),('152',69,0,'32','1'),('153',70,0,'32','0'),('154',71,0,'32','0'),('155',46,0,'33','1'),('156',54,0,'33','1'),('157',69,0,'33','1'),('158',70,0,'33','0'),('159',71,0,'33','0'),('160',145,0,'33','0'),('161',149,0,'33','0'),('162',154,0,'33','1'),('163',46,0,'34','1'),('164',54,0,'34','1'),('165',69,0,'34','0'),('166',70,0,'34','0'),('167',71,0,'34','0'),('168',145,0,'34','0'),('169',149,0,'34','0'),('170',154,0,'34','1'),('171',46,0,'35','1'),('172',54,0,'35','1'),('173',69,0,'35','1'),('174',70,0,'35','0'),('175',71,0,'35','0'),('176',145,0,'35','0'),('177',149,0,'35','0'),('178',154,0,'35','1'),('179',46,0,'36','1'),('180',54,0,'36','1'),('181',69,0,'36','0'),('182',70,0,'36','0'),('183',71,0,'36','0'),('184',145,0,'36','0'),('185',149,0,'36','0'),('186',154,0,'36','1'),('187',46,0,'37','1'),('188',54,0,'37','1'),('189',69,0,'37','1'),('190',70,0,'37','0'),('191',71,0,'37','0'),('192',145,0,'37','0'),('193',149,0,'37','0'),('194',154,0,'37','1'),('195',46,0,'38','1'),('196',54,0,'38','1'),('197',69,0,'38','1'),('198',70,0,'38','0'),('199',71,0,'38','0'),('200',145,0,'38','0'),('201',149,0,'38','0'),('202',154,0,'38','1'),('203',53,0,'21',NULL),('204',145,0,'21','0'),('205',149,0,'21','0'),('206',154,0,'21','1'),('207',46,0,'39','1'),('208',54,0,'39','1'),('209',69,0,'39','1'),('210',70,0,'39','0'),('211',71,0,'39','0'),('212',145,0,'39','0'),('213',149,0,'39','0'),('214',154,0,'39','1'),('215',46,0,'40','1'),('216',54,0,'40','1'),('217',69,0,'40','1'),('218',70,0,'40','0'),('219',71,0,'40','0'),('220',145,0,'40','0'),('221',149,0,'40','0'),('222',154,0,'40','1'),('223',53,0,'5',NULL),('224',145,0,'5','0'),('225',149,0,'5','1'),('226',154,0,'5','1'),('227',53,0,'7',NULL),('228',145,0,'7','0'),('229',149,0,'7','0'),('230',154,0,'7','1');

--
-- Table structure for table `catalog_category_entity_text`
--

CREATE TABLE `catalog_category_entity_text` (
  `value_id` int(11) NOT NULL AUTO_INCREMENT COMMENT 'Value ID',
  `attribute_id` smallint(5) unsigned NOT NULL DEFAULT '0' COMMENT 'Attribute ID',
  `store_id` smallint(5) unsigned NOT NULL DEFAULT '0' COMMENT 'Store ID',
  `entity_id` int(10) unsigned NOT NULL DEFAULT '0' COMMENT 'Entity ID',
  `value` text COMMENT 'Value',
  PRIMARY KEY (`value_id`),
  UNIQUE KEY `CATALOG_CATEGORY_ENTITY_TEXT_ENTITY_ID_ATTRIBUTE_ID_STORE_ID` (`entity_id`,`attribute_id`,`store_id`),
  KEY `CATALOG_CATEGORY_ENTITY_TEXT_ENTITY_ID` (`entity_id`),
  KEY `CATALOG_CATEGORY_ENTITY_TEXT_ATTRIBUTE_ID` (`attribute_id`),
  KEY `CATALOG_CATEGORY_ENTITY_TEXT_STORE_ID` (`store_id`)
) ENGINE=InnoDB AUTO_INCREMENT=19 DEFAULT CHARSET=utf8 COMMENT='Catalog Category Text Attribute Backend Table';

--
-- Dumping data for table `catalog_category_entity_text`
--

INSERT INTO `catalog_category_entity_text` VALUES ('1',47,0,'9',NULL),('2',50,0,'9',NULL),('3',51,0,'9',NULL),('4',64,0,'9',NULL),('5',47,0,'21',NULL),('6',50,0,'21',NULL),('7',51,0,'21',NULL),('8',64,0,'21',NULL),('9',47,0,'5',NULL),('10',50,0,'5',NULL),('11',51,0,'5',NULL),('12',64,0,'5',NULL),('13',153,0,'5','[[{\"width\":\"3\",\"css_class\":\"\",\"entities\":[{\"value\":\"block:14\",\"text\":\"menu_block_2\"}]},{\"width\":\"3\",\"css_class\":\"\",\"entities\":[{\"value\":\"subcat:20\",\"text\":\"Babydolls & Slips\"}]},{\"width\":\"3\",\"css_class\":\"\",\"entities\":[{\"value\":\"subcat:21\",\"text\":\"Teddies & Bodysuits\"}]}],[{\"width\":\"9\",\"css_class\":\"\",\"entities\":[{\"value\":\"block:15\",\"text\":\"menu_block_3\"}]}]]'),('14',47,0,'7',NULL),('15',50,0,'7',NULL),('16',51,0,'7',NULL),('17',64,0,'7',NULL),('18',153,0,'7','[[{\"width\":\"3\",\"css_class\":\"\",\"entities\":[{\"value\":\"subcat:8\",\"text\":\"Fragrance\"}]},{\"width\":\"3\",\"css_class\":\"\",\"entities\":[{\"value\":\"subcat:9\",\"text\":\" Sleepshirts \"}]},{\"width\":\"3\",\"css_class\":\"\",\"entities\":[{\"value\":\"subcat:10\",\"text\":\"Body Care\"}]},{\"width\":\"3\",\"css_class\":\"\",\"entities\":[]}]]');

--
-- Table structure for table `catalog_category_entity_varchar`
--

CREATE TABLE `catalog_category_entity_varchar` (
  `value_id` int(11) NOT NULL AUTO_INCREMENT COMMENT 'Value ID',
  `attribute_id` smallint(5) unsigned NOT NULL DEFAULT '0' COMMENT 'Attribute ID',
  `store_id` smallint(5) unsigned NOT NULL DEFAULT '0' COMMENT 'Store ID',
  `entity_id` int(10) unsigned NOT NULL DEFAULT '0' COMMENT 'Entity ID',
  `value` varchar(255) DEFAULT NULL COMMENT 'Value',
  PRIMARY KEY (`value_id`),
  UNIQUE KEY `CATALOG_CATEGORY_ENTITY_VARCHAR_ENTITY_ID_ATTRIBUTE_ID_STORE_ID` (`entity_id`,`attribute_id`,`store_id`),
  KEY `CATALOG_CATEGORY_ENTITY_VARCHAR_ENTITY_ID` (`entity_id`),
  KEY `CATALOG_CATEGORY_ENTITY_VARCHAR_ATTRIBUTE_ID` (`attribute_id`),
  KEY `CATALOG_CATEGORY_ENTITY_VARCHAR_STORE_ID` (`store_id`)
) ENGINE=InnoDB AUTO_INCREMENT=199 DEFAULT CHARSET=utf8 COMMENT='Catalog Category Varchar Attribute Backend Table';

--
-- Dumping data for table `catalog_category_entity_varchar`
--

INSERT INTO `catalog_category_entity_varchar` VALUES ('1',45,0,'1','Root Catalog'),('2',45,0,'2','Default Category'),('3',52,0,'2','PRODUCTS'),('4',45,0,'3','Bras & Bralettes'),('5',52,0,'3','PRODUCTS'),('6',117,0,'3','bras-bralettes'),('7',118,0,'3','bras-bralettes'),('8',45,0,'4','Panties'),('9',52,0,'4','PRODUCTS'),('10',117,0,'4','panties'),('11',118,0,'4','panties'),('12',45,0,'5','Lingerie'),('13',52,0,'5','PRODUCTS'),('14',117,0,'5','lingerie'),('15',118,0,'5','lingerie'),('16',45,0,'6','Sleep'),('17',52,0,'6','PRODUCTS'),('18',117,0,'6','sleep'),('19',118,0,'6','sleep'),('20',45,0,'7','Beauty'),('21',52,0,'7','PRODUCTS'),('22',117,0,'7','beauty'),('23',118,0,'7','beauty'),('24',45,0,'8','Fragrance'),('25',52,0,'8','PRODUCTS'),('26',117,0,'8','fragrance'),('27',118,0,'8','beauty/fragrance'),('28',45,0,'9',' Sleepshirts '),('29',52,0,'9','PRODUCTS'),('30',117,0,'9','sleepshirts-mists'),('31',118,0,'9','beauty/sleepshirts-mists'),('32',45,0,'10','Body Care'),('33',52,0,'10','PRODUCTS'),('34',117,0,'10','body-care'),('35',118,0,'10','beauty/body-care'),('37',49,0,'9',NULL),('38',60,0,'9',NULL),('39',63,0,'9',NULL),('40',45,0,'11','Sale & Specials'),('41',52,0,'11','PRODUCTS'),('42',117,0,'11','sale-specials'),('43',118,0,'11','sale-specials'),('44',45,0,'12','Bras Panties'),('45',52,0,'12','PRODUCTS'),('46',117,0,'12','bras-panties'),('47',118,0,'12','sale-specials/bras-panties'),('48',45,0,'13','Sleep'),('49',52,0,'13','PRODUCTS'),('50',117,0,'13','sleep'),('51',118,0,'13','sale-specials/sleep'),('52',45,0,'14','Beauty & Accessories'),('53',52,0,'14','PRODUCTS'),('54',117,0,'14','beauty-accessories'),('55',118,0,'14','sale-specials/beauty-accessories'),('56',45,0,'15','Pajamas'),('57',52,0,'15','PRODUCTS'),('58',117,0,'15','pajamas'),('59',118,0,'15','sleep/pajamas'),('60',45,0,'16','Sleepshirts'),('61',52,0,'16','PRODUCTS'),('62',117,0,'16','sleepshirts'),('63',118,0,'16','sleep/sleepshirts'),('64',45,0,'17','Robes & Slippers'),('65',52,0,'17','PRODUCTS'),('66',117,0,'17','robes-slippers'),('67',118,0,'17','sleep/robes-slippers'),('68',45,0,'18','Shorts'),('69',52,0,'18','PRODUCTS'),('70',117,0,'18','shorts'),('71',118,0,'18','sleep/shorts'),('72',45,0,'19','Loungewear'),('73',52,0,'19','PRODUCTS'),('74',117,0,'19','loungewear'),('75',118,0,'19','sleep/loungewear'),('76',45,0,'20','Babydolls & Slips'),('77',52,0,'20','PRODUCTS'),('78',117,0,'20','babydolls-slips'),('79',118,0,'20','lingerie/babydolls-slips'),('80',45,0,'21','Teddies & Bodysuits'),('81',52,0,'21','PRODUCTS'),('82',117,0,'21','teddies-bodysuits'),('83',118,0,'21','lingerie/teddies-bodysuits'),('84',45,0,'22','Corsets & Bustiers'),('85',52,0,'22','PRODUCTS'),('86',117,0,'22','corsets-bustiers'),('87',118,0,'22','lingerie/teddies-bodysuits/corsets-bustiers'),('88',45,0,'23','Cheekies & Cheekinis'),('89',52,0,'23','PRODUCTS'),('90',117,0,'23','cheekies-cheekinis'),('91',118,0,'23','panties/cheekies-cheekinis'),('92',45,0,'24','Thongs & V-Strings'),('93',52,0,'24','PRODUCTS'),('94',117,0,'24','thongs-v-strings'),('95',118,0,'24','panties/thongs-v-strings'),('96',45,0,'25','Shorties & Boyshorts'),('97',52,0,'25','PRODUCTS'),('98',117,0,'25','shorties-boyshorts'),('99',118,0,'25','panties/shorties-boyshorts'),('100',45,0,'26','Bikinis'),('101',52,0,'26','PRODUCTS'),('102',117,0,'26','bikinis'),('103',118,0,'26','panties/bikinis'),('104',45,0,'27','No-Show & Seamless'),('105',52,0,'27','PRODUCTS'),('106',117,0,'27','no-show-seamless'),('107',118,0,'27','panties/no-show-seamless'),('108',45,0,'28','Bralettes'),('109',52,0,'28','PRODUCTS'),('110',117,0,'28','bralettes'),('111',118,0,'28','bras-bralettes/bralettes'),('112',45,0,'29','Unlined'),('113',52,0,'29','PRODUCTS'),('114',117,0,'29','unlined'),('115',118,0,'29','bras-bralettes/unlined'),('116',45,0,'30','Perfect Coverage'),('117',52,0,'30','PRODUCTS'),('118',117,0,'30','perfect-coverage'),('119',118,0,'30','bras-bralettes/perfect-coverage'),('120',45,0,'31','Push-Up'),('121',52,0,'31','PRODUCTS'),('122',117,0,'31','push-up'),('123',118,0,'31','bras-bralettes/push-up'),('124',45,0,'32','Sports Bras'),('125',52,0,'32','PRODUCTS'),('126',117,0,'32','sports-bras'),('127',118,0,'32','bras-bralettes/sports-bras'),('129',45,0,'33','Bralettes'),('130',52,0,'33','PRODUCTS'),('131',117,0,'33','bralettes'),('132',118,0,'33','lingerie/babydolls-slips/bralettes'),('133',156,0,'33','static'),('134',45,0,'34','Unlined'),('135',52,0,'34','PRODUCTS'),('136',117,0,'34','unlined'),('137',118,0,'34','lingerie/babydolls-slips/unlined'),('138',156,0,'34','static'),('139',45,0,'35','Lightly Lined'),('140',52,0,'35','PRODUCTS'),('141',117,0,'35','lightly-lined'),('142',118,0,'35','lingerie/babydolls-slips/lightly-lined'),('143',156,0,'35','static'),('144',45,0,'36','Perfect Coverage'),('145',52,0,'36','PRODUCTS'),('146',117,0,'36','perfect-coverage'),('147',118,0,'36','lingerie/babydolls-slips/perfect-coverage'),('148',156,0,'36','static'),('149',45,0,'37','Push-Up'),('150',52,0,'37','PRODUCTS'),('151',117,0,'37','push-up'),('152',118,0,'37','lingerie/babydolls-slips/push-up'),('153',156,0,'37','static'),('154',45,0,'38','Lounge & Wireless'),('155',52,0,'38','PRODUCTS'),('156',117,0,'38','lounge-wireless'),('157',118,0,'38','lingerie/babydolls-slips/lounge-wireless'),('158',156,0,'38','static'),('160',49,0,'21',NULL),('161',60,0,'21',NULL),('162',63,0,'21',NULL),('163',144,0,'21',NULL),('164',146,0,'21',NULL),('165',151,0,'21',NULL),('166',152,0,'21',NULL),('167',155,0,'21',NULL),('168',156,0,'21','static'),('169',45,0,'39','Strapless'),('170',52,0,'39','PRODUCTS'),('171',117,0,'39','strapless'),('172',118,0,'39','lingerie/teddies-bodysuits/strapless'),('173',156,0,'39','static'),('174',45,0,'40','Sport Bras'),('175',52,0,'40','PRODUCTS'),('176',117,0,'40','sport-bras'),('177',118,0,'40','lingerie/teddies-bodysuits/sport-bras'),('178',156,0,'40','static'),('180',49,0,'5',NULL),('181',60,0,'5',NULL),('182',63,0,'5',NULL),('183',144,0,'5',NULL),('184',146,0,'5',NULL),('185',151,0,'5',NULL),('186',152,0,'5','bg-wrap'),('187',155,0,'5',NULL),('188',156,0,'5','static'),('190',49,0,'7',NULL),('191',60,0,'7',NULL),('192',63,0,'7',NULL),('193',144,0,'7',NULL),('194',146,0,'7',NULL),('195',151,0,'7',NULL),('196',152,0,'7',NULL),('197',155,0,'7',NULL),('198',156,0,'7','static');

--
-- Table structure for table `catalog_category_flat_store_1`
--

CREATE TABLE `catalog_category_flat_store_1` (
  `entity_id` int(10) unsigned NOT NULL COMMENT 'entity_id',
  `attribute_set_id` smallint(5) unsigned NOT NULL DEFAULT '0' COMMENT 'attribute_set_id',
  `parent_id` int(10) unsigned NOT NULL DEFAULT '0' COMMENT 'parent_id',
  `created_at` timestamp NOT NULL DEFAULT CURRENT_TIMESTAMP COMMENT 'created_at',
  `updated_at` timestamp NOT NULL DEFAULT CURRENT_TIMESTAMP COMMENT 'updated_at',
  `path` varchar(255) NOT NULL DEFAULT '' COMMENT 'path',
  `position` int(11) NOT NULL COMMENT 'position',
  `level` int(11) NOT NULL DEFAULT '0' COMMENT 'level',
  `children_count` int(11) NOT NULL COMMENT 'children_count',
  `store_id` smallint(5) unsigned NOT NULL DEFAULT '0' COMMENT 'Store Id',
  `all_children` text COMMENT 'All Children',
  `available_sort_by` text COMMENT 'Available Product Listing Sort By',
  `children` text COMMENT 'Children',
  `custom_apply_to_products` int(11) DEFAULT NULL COMMENT 'Apply To Products',
  `custom_design` varchar(255) DEFAULT NULL COMMENT 'Custom Design',
  `custom_design_from` datetime DEFAULT NULL COMMENT 'Active From',
  `custom_design_to` datetime DEFAULT NULL COMMENT 'Active To',
  `custom_layout_update` text COMMENT 'Custom Layout Update',
  `custom_use_parent_settings` int(11) DEFAULT NULL COMMENT 'Use Parent Category Settings',
  `default_sort_by` varchar(255) DEFAULT NULL COMMENT 'Default Product Listing Sort By',
  `description` text COMMENT 'Description',
  `display_mode` varchar(255) DEFAULT NULL COMMENT 'Display Mode',
  `filter_price_range` decimal(12,4) DEFAULT NULL COMMENT 'Layered Navigation Price Step',
  `grid_activate` int(11) DEFAULT NULL COMMENT 'Activate Image Grid',
  `icon_class` varchar(255) DEFAULT NULL COMMENT 'Css class for Font Icon',
  `image` varchar(255) DEFAULT NULL COMMENT 'Image',
  `include_in_menu` int(11) DEFAULT NULL COMMENT 'Include in Navigation Menu',
  `is_active` int(11) DEFAULT NULL COMMENT 'Is Active',
  `is_anchor` int(11) DEFAULT NULL COMMENT 'Is Anchor',
  `landing_page` int(11) DEFAULT NULL COMMENT 'CMS Block',
  `meta_description` text COMMENT 'Meta Description',
  `meta_keywords` text COMMENT 'Meta Keywords',
  `meta_title` varchar(255) DEFAULT NULL COMMENT 'Page Title',
  `mm_configurator` text COMMENT 'Configurator',
  `mm_css_class` varchar(255) DEFAULT NULL COMMENT 'Css class',
  `mm_image` varchar(255) DEFAULT NULL COMMENT 'Category image',
  `mm_label` varchar(255) DEFAULT NULL COMMENT 'Label',
  `mm_number_of_subcategories` varchar(255) DEFAULT NULL COMMENT 'Number of subcategories to show (if empty show all)',
  `mm_show_subcategories` int(11) DEFAULT NULL COMMENT 'Show subcategories for this category',
  `mm_turn_on` int(11) DEFAULT NULL COMMENT 'Turn on megamenu for this category',
  `mm_view_mode` varchar(255) DEFAULT NULL COMMENT 'View Mode',
  `name` varchar(255) DEFAULT NULL COMMENT 'Name',
  `page_layout` varchar(255) DEFAULT NULL COMMENT 'Page Layout',
  `path_in_store` text COMMENT 'Path In Store',
  `thumbnail` varchar(255) DEFAULT NULL COMMENT 'Thumbnail',
  `url_key` varchar(255) DEFAULT NULL COMMENT 'URL Key',
  `url_path` varchar(255) DEFAULT NULL COMMENT 'Url Path',
  PRIMARY KEY (`entity_id`),
  KEY `CATALOG_CATEGORY_FLAT_STORE_1_TMP_STORE_ID` (`store_id`),
  KEY `CATALOG_CATEGORY_FLAT_STORE_1_TMP_PATH` (`path`),
  KEY `CATALOG_CATEGORY_FLAT_STORE_1_TMP_LEVEL` (`level`)
) ENGINE=InnoDB DEFAULT CHARSET=utf8 COMMENT='Catalog Category Flat';

--
-- Dumping data for table `catalog_category_flat_store_1`
--

INSERT INTO `catalog_category_flat_store_1` VALUES ('1',3,'0','2017-10-21 08:06:29','2017-12-26 15:36:39','1','0','0','39',1,NULL,NULL,NULL,NULL,NULL,NULL,NULL,NULL,NULL,NULL,NULL,NULL,NULL,NULL,NULL,NULL,'1',NULL,NULL,NULL,NULL,NULL,NULL,NULL,NULL,NULL,NULL,NULL,NULL,NULL,NULL,'Root Catalog',NULL,NULL,NULL,NULL,NULL),('2',3,'1','2017-10-21 08:06:29','2017-12-26 15:36:39','1/2','1','1','38',1,NULL,NULL,NULL,NULL,NULL,NULL,NULL,NULL,NULL,NULL,NULL,'PRODUCTS',NULL,NULL,NULL,NULL,'1','1',NULL,NULL,NULL,NULL,NULL,NULL,NULL,NULL,NULL,NULL,NULL,NULL,NULL,'Default Category',NULL,NULL,NULL,NULL,NULL),('3',3,'2','2017-11-25 19:37:15','2017-11-25 19:44:47','1/2/3','1','2','5',1,NULL,NULL,NULL,'0',NULL,NULL,NULL,NULL,'0',NULL,NULL,'PRODUCTS',NULL,NULL,NULL,NULL,'1','1','1',NULL,NULL,NULL,NULL,NULL,NULL,NULL,NULL,NULL,NULL,NULL,NULL,'Bras & Bralettes',NULL,NULL,NULL,'bras-bralettes','bras-bralettes'),('4',3,'2','2017-11-25 19:37:24','2017-11-25 19:43:30','1/2/4','2','2','5',1,NULL,NULL,NULL,'0',NULL,NULL,NULL,NULL,'0',NULL,NULL,'PRODUCTS',NULL,NULL,NULL,NULL,'1','1','1',NULL,NULL,NULL,NULL,NULL,NULL,NULL,NULL,NULL,NULL,NULL,NULL,'Panties',NULL,NULL,NULL,'panties','panties'),('5',3,'2','2017-11-25 19:37:32','2017-12-26 15:38:41','1/2/5','3','2','11',1,NULL,NULL,NULL,'0',NULL,NULL,NULL,NULL,'0',NULL,NULL,'PRODUCTS',NULL,'0',NULL,NULL,'1','1','1',NULL,NULL,NULL,NULL,'[[{\"width\":\"3\",\"css_class\":\"\",\"entities\":[{\"value\":\"block:14\",\"text\":\"menu_block_2\"}]},{\"width\":\"3\",\"css_class\":\"\",\"entities\":[{\"value\":\"subcat:20\",\"text\":\"Babydolls & Slips\"}]},{\"width\":\"3\",\"css_class\":\"\",\"entities\":[{\"value\":\"subcat:21\",\"text\":\"Teddies & Bodysuits\"}]}],[{\"width\":\"9\",\"css_class\":\"\",\"entities\":[{\"value\":\"block:15\",\"text\":\"menu_block_3\"}]}]]','bg-wrap',NULL,NULL,NULL,'1','1','static','Lingerie',NULL,NULL,NULL,'lingerie','lingerie'),('6',3,'2','2017-11-25 19:37:38','2017-11-25 19:41:32','1/2/6','4','2','5',1,NULL,NULL,NULL,'0',NULL,NULL,NULL,NULL,'0',NULL,NULL,'PRODUCTS',NULL,NULL,NULL,NULL,'1','1','1',NULL,NULL,NULL,NULL,NULL,NULL,NULL,NULL,NULL,NULL,NULL,NULL,'Sleep',NULL,NULL,NULL,'sleep','sleep'),('7',3,'2','2017-11-25 19:37:48','2017-12-26 16:16:48','1/2/7','5','2','3',1,NULL,NULL,NULL,'0',NULL,NULL,NULL,NULL,'0',NULL,NULL,'PRODUCTS',NULL,'0',NULL,NULL,'1','1','1',NULL,NULL,NULL,NULL,'[[{\"width\":\"3\",\"css_class\":\"\",\"entities\":[{\"value\":\"subcat:8\",\"text\":\"Fragrance\"}]},{\"width\":\"3\",\"css_class\":\"\",\"entities\":[{\"value\":\"subcat:9\",\"text\":\" Sleepshirts \"}]},{\"width\":\"3\",\"css_class\":\"\",\"entities\":[{\"value\":\"subcat:10\",\"text\":\"Body Care\"}]},{\"width\":\"3\",\"css_class\":\"\",\"entities\":[]}]]',NULL,NULL,NULL,NULL,'1','0','static','Beauty',NULL,NULL,NULL,'beauty','beauty'),('8',3,'7','2017-11-25 19:38:51','2017-11-25 19:38:51','1/2/7/8','1','3','0',1,NULL,NULL,NULL,'0',NULL,NULL,NULL,NULL,'0',NULL,NULL,'PRODUCTS',NULL,NULL,NULL,NULL,'1','1','1',NULL,NULL,NULL,NULL,NULL,NULL,NULL,NULL,NULL,NULL,NULL,NULL,'Fragrance',NULL,NULL,NULL,'fragrance','beauty/fragrance'),('9',3,'7','2017-11-25 19:38:58','2017-11-25 19:39:15','1/2/7/9','2','3','0',1,NULL,NULL,NULL,'0',NULL,NULL,NULL,NULL,'0',NULL,NULL,'PRODUCTS',NULL,NULL,NULL,NULL,'1','1','1',NULL,NULL,NULL,NULL,NULL,NULL,NULL,NULL,NULL,NULL,NULL,NULL,' Sleepshirts ',NULL,NULL,NULL,'sleepshirts-mists','beauty/sleepshirts-mists'),('10',3,'7','2017-11-25 19:39:05','2017-11-25 19:39:05','1/2/7/10','3','3','0',1,NULL,NULL,NULL,'0',NULL,NULL,NULL,NULL,'0',NULL,NULL,'PRODUCTS',NULL,NULL,NULL,NULL,'1','1','1',NULL,NULL,NULL,NULL,NULL,NULL,NULL,NULL,NULL,NULL,NULL,NULL,'Body Care',NULL,NULL,NULL,'body-care','beauty/body-care'),('11',3,'2','2017-11-25 19:39:58','2017-11-25 19:40:33','1/2/11','6','2','3',1,NULL,NULL,NULL,'0',NULL,NULL,NULL,NULL,'0',NULL,NULL,'PRODUCTS',NULL,NULL,NULL,NULL,'1','1','1',NULL,NULL,NULL,NULL,NULL,NULL,NULL,NULL,NULL,NULL,NULL,NULL,'Sale & Specials',NULL,NULL,NULL,'sale-specials','sale-specials'),('12',3,'11','2017-11-25 19:40:19','2017-11-25 19:40:19','1/2/11/12','1','3','0',1,NULL,NULL,NULL,'0',NULL,NULL,NULL,NULL,'0',NULL,NULL,'PRODUCTS',NULL,NULL,NULL,NULL,'1','1','1',NULL,NULL,NULL,NULL,NULL,NULL,NULL,NULL,NULL,NULL,NULL,NULL,'Bras Panties',NULL,NULL,NULL,'bras-panties','sale-specials/bras-panties'),('13',3,'11','2017-11-25 19:40:27','2017-11-25 19:40:27','1/2/11/13','2','3','0',1,NULL,NULL,NULL,'0',NULL,NULL,NULL,NULL,'0',NULL,NULL,'PRODUCTS',NULL,NULL,NULL,NULL,'1','1','1',NULL,NULL,NULL,NULL,NULL,NULL,NULL,NULL,NULL,NULL,NULL,NULL,'Sleep',NULL,NULL,NULL,'sleep','sale-specials/sleep'),('14',3,'11','2017-11-25 19:40:33','2017-11-25 19:40:33','1/2/11/14','3','3','0',1,NULL,NULL,NULL,'0',NULL,NULL,NULL,NULL,'0',NULL,NULL,'PRODUCTS',NULL,NULL,NULL,NULL,'1','1','1',NULL,NULL,NULL,NULL,NULL,NULL,NULL,NULL,NULL,NULL,NULL,NULL,'Beauty & Accessories',NULL,NULL,NULL,'beauty-accessories','sale-specials/beauty-accessories'),('15',3,'6','2017-11-25 19:41:01','2017-11-25 19:41:01','1/2/6/15','1','3','0',1,NULL,NULL,NULL,'0',NULL,NULL,NULL,NULL,'0',NULL,NULL,'PRODUCTS',NULL,NULL,NULL,NULL,'1','1','1',NULL,NULL,NULL,NULL,NULL,NULL,NULL,NULL,NULL,NULL,NULL,NULL,'Pajamas',NULL,NULL,NULL,'pajamas','sleep/pajamas'),('16',3,'6','2017-11-25 19:41:10','2017-11-25 19:41:10','1/2/6/16','2','3','0',1,NULL,NULL,NULL,'0',NULL,NULL,NULL,NULL,'0',NULL,NULL,'PRODUCTS',NULL,NULL,NULL,NULL,'1','1','1',NULL,NULL,NULL,NULL,NULL,NULL,NULL,NULL,NULL,NULL,NULL,NULL,'Sleepshirts',NULL,NULL,NULL,'sleepshirts','sleep/sleepshirts'),('17',3,'6','2017-11-25 19:41:17','2017-11-25 19:41:18','1/2/6/17','3','3','0',1,NULL,NULL,NULL,'0',NULL,NULL,NULL,NULL,'0',NULL,NULL,'PRODUCTS',NULL,NULL,NULL,NULL,'1','1','1',NULL,NULL,NULL,NULL,NULL,NULL,NULL,NULL,NULL,NULL,NULL,NULL,'Robes & Slippers',NULL,NULL,NULL,'robes-slippers','sleep/robes-slippers'),('18',3,'6','2017-11-25 19:41:24','2017-11-25 19:41:24','1/2/6/18','4','3','0',1,NULL,NULL,NULL,'0',NULL,NULL,NULL,NULL,'0',NULL,NULL,'PRODUCTS',NULL,NULL,NULL,NULL,'1','1','1',NULL,NULL,NULL,NULL,NULL,NULL,NULL,NULL,NULL,NULL,NULL,NULL,'Shorts',NULL,NULL,NULL,'shorts','sleep/shorts'),('19',3,'6','2017-11-25 19:41:32','2017-11-25 19:41:32','1/2/6/19','5','3','0',1,NULL,NULL,NULL,'0',NULL,NULL,NULL,NULL,'0',NULL,NULL,'PRODUCTS',NULL,NULL,NULL,NULL,'1','1','1',NULL,NULL,NULL,NULL,NULL,NULL,NULL,NULL,NULL,NULL,NULL,NULL,'Loungewear',NULL,NULL,NULL,'loungewear','sleep/loungewear'),('20',3,'5','2017-11-25 19:41:55','2017-12-26 15:34:25','1/2/5/20','1','3','6',1,NULL,NULL,NULL,'0',NULL,NULL,NULL,NULL,'0',NULL,NULL,'PRODUCTS',NULL,NULL,NULL,NULL,'1','1','1',NULL,NULL,NULL,NULL,NULL,NULL,NULL,NULL,NULL,NULL,NULL,NULL,'Babydolls & Slips',NULL,NULL,NULL,'babydolls-slips','lingerie/babydolls-slips'),('21',3,'5','2017-11-25 19:42:04','2017-12-26 15:36:39','1/2/5/21','2','3','3',1,NULL,NULL,NULL,'0',NULL,NULL,NULL,NULL,'0',NULL,NULL,'PRODUCTS',NULL,'0',NULL,NULL,'1','1','1',NULL,NULL,NULL,NULL,NULL,NULL,NULL,NULL,NULL,'1','0','static','Teddies & Bodysuits',NULL,NULL,NULL,'teddies-bodysuits','lingerie/teddies-bodysuits'),('22',3,'21','2017-11-25 19:42:11','2017-12-26 14:59:13','1/2/5/21/22','1','4','0',1,NULL,NULL,NULL,'0',NULL,NULL,NULL,NULL,'0',NULL,NULL,'PRODUCTS',NULL,NULL,NULL,NULL,'1','1','1',NULL,NULL,NULL,NULL,NULL,NULL,NULL,NULL,NULL,NULL,NULL,NULL,'Corsets & Bustiers',NULL,NULL,NULL,'corsets-bustiers','lingerie/teddies-bodysuits/corsets-bustiers'),('23',3,'4','2017-11-25 19:42:59','2017-11-25 19:42:59','1/2/4/23','1','3','0',1,NULL,NULL,NULL,'0',NULL,NULL,NULL,NULL,'0',NULL,NULL,'PRODUCTS',NULL,NULL,NULL,NULL,'1','1','1',NULL,NULL,NULL,NULL,NULL,NULL,NULL,NULL,NULL,NULL,NULL,NULL,'Cheekies & Cheekinis',NULL,NULL,NULL,'cheekies-cheekinis','panties/cheekies-cheekinis'),('24',3,'4','2017-11-25 19:43:03','2017-11-25 19:43:03','1/2/4/24','2','3','0',1,NULL,NULL,NULL,'0',NULL,NULL,NULL,NULL,'0',NULL,NULL,'PRODUCTS',NULL,NULL,NULL,NULL,'1','1','1',NULL,NULL,NULL,NULL,NULL,NULL,NULL,NULL,NULL,NULL,NULL,NULL,'Thongs & V-Strings',NULL,NULL,NULL,'thongs-v-strings','panties/thongs-v-strings'),('25',3,'4','2017-11-25 19:43:13','2017-11-25 19:43:13','1/2/4/25','3','3','0',1,NULL,NULL,NULL,'0',NULL,NULL,NULL,NULL,'0',NULL,NULL,'PRODUCTS',NULL,NULL,NULL,NULL,'1','1','1',NULL,NULL,NULL,NULL,NULL,NULL,NULL,NULL,NULL,NULL,NULL,NULL,'Shorties & Boyshorts',NULL,NULL,NULL,'shorties-boyshorts','panties/shorties-boyshorts'),('26',3,'4','2017-11-25 19:43:22','2017-11-25 19:43:22','1/2/4/26','4','3','0',1,NULL,NULL,NULL,'0',NULL,NULL,NULL,NULL,'0',NULL,NULL,'PRODUCTS',NULL,NULL,NULL,NULL,'1','1','1',NULL,NULL,NULL,NULL,NULL,NULL,NULL,NULL,NULL,NULL,NULL,NULL,'Bikinis',NULL,NULL,NULL,'bikinis','panties/bikinis'),('27',3,'4','2017-11-25 19:43:30','2017-11-25 19:43:30','1/2/4/27','5','3','0',1,NULL,NULL,NULL,'0',NULL,NULL,NULL,NULL,'0',NULL,NULL,'PRODUCTS',NULL,NULL,NULL,NULL,'1','1','1',NULL,NULL,NULL,NULL,NULL,NULL,NULL,NULL,NULL,NULL,NULL,NULL,'No-Show & Seamless',NULL,NULL,NULL,'no-show-seamless','panties/no-show-seamless'),('28',3,'3','2017-11-25 19:44:00','2017-11-25 19:44:00','1/2/3/28','1','3','0',1,NULL,NULL,NULL,'0',NULL,NULL,NULL,NULL,'0',NULL,NULL,'PRODUCTS',NULL,NULL,NULL,NULL,'1','1','1',NULL,NULL,NULL,NULL,NULL,NULL,NULL,NULL,NULL,NULL,NULL,NULL,'Bralettes',NULL,NULL,NULL,'bralettes','bras-bralettes/bralettes'),('29',3,'3','2017-11-25 19:44:07','2017-11-25 19:44:07','1/2/3/29','2','3','0',1,NULL,NULL,NULL,'0',NULL,NULL,NULL,NULL,'0',NULL,NULL,'PRODUCTS',NULL,NULL,NULL,NULL,'1','1','1',NULL,NULL,NULL,NULL,NULL,NULL,NULL,NULL,NULL,NULL,NULL,NULL,'Unlined',NULL,NULL,NULL,'unlined','bras-bralettes/unlined'),('30',3,'3','2017-11-25 19:44:14','2017-11-25 19:44:14','1/2/3/30','3','3','0',1,NULL,NULL,NULL,'0',NULL,NULL,NULL,NULL,'0',NULL,NULL,'PRODUCTS',NULL,NULL,NULL,NULL,'1','1','1',NULL,NULL,NULL,NULL,NULL,NULL,NULL,NULL,NULL,NULL,NULL,NULL,'Perfect Coverage',NULL,NULL,NULL,'perfect-coverage','bras-bralettes/perfect-coverage'),('31',3,'3','2017-11-25 19:44:30','2017-11-25 19:44:31','1/2/3/31','4','3','0',1,NULL,NULL,NULL,'0',NULL,NULL,NULL,NULL,'0',NULL,NULL,'PRODUCTS',NULL,NULL,NULL,NULL,'1','1','1',NULL,NULL,NULL,NULL,NULL,NULL,NULL,NULL,NULL,NULL,NULL,NULL,'Push-Up',NULL,NULL,NULL,'push-up','bras-bralettes/push-up'),('32',3,'3','2017-11-25 19:44:47','2017-11-25 19:44:47','1/2/3/32','5','3','0',1,NULL,NULL,NULL,'0',NULL,NULL,NULL,NULL,'0',NULL,NULL,'PRODUCTS',NULL,NULL,NULL,NULL,'1','1','1',NULL,NULL,NULL,NULL,NULL,NULL,NULL,NULL,NULL,NULL,NULL,NULL,'Sports Bras',NULL,NULL,NULL,'sports-bras','bras-bralettes/sports-bras'),('33',3,'20','2017-12-26 15:00:01','2017-12-26 15:00:01','1/2/5/20/33','1','4','0',1,NULL,NULL,NULL,'0',NULL,NULL,NULL,NULL,'0',NULL,NULL,'PRODUCTS',NULL,'0',NULL,NULL,'1','1','1',NULL,NULL,NULL,NULL,NULL,NULL,NULL,NULL,NULL,'1','0','static','Bralettes',NULL,NULL,NULL,'bralettes','lingerie/babydolls-slips/bralettes'),('34',3,'20','2017-12-26 15:31:19','2017-12-26 15:31:19','1/2/5/20/34','2','4','0',1,NULL,NULL,NULL,'0',NULL,NULL,NULL,NULL,'0',NULL,NULL,'PRODUCTS',NULL,'0',NULL,NULL,'0','1','1',NULL,NULL,NULL,NULL,NULL,NULL,NULL,NULL,NULL,'1','0','static','Unlined',NULL,NULL,NULL,'unlined','lingerie/babydolls-slips/unlined'),('35',3,'20','2017-12-26 15:32:00','2017-12-26 15:32:00','1/2/5/20/35','3','4','0',1,NULL,NULL,NULL,'0',NULL,NULL,NULL,NULL,'0',NULL,NULL,'PRODUCTS',NULL,'0',NULL,NULL,'1','1','1',NULL,NULL,NULL,NULL,NULL,NULL,NULL,NULL,NULL,'1','0','static','Lightly Lined',NULL,NULL,NULL,'lightly-lined','lingerie/babydolls-slips/lightly-lined'),('36',3,'20','2017-12-26 15:32:57','2017-12-26 15:32:57','1/2/5/20/36','4','4','0',1,NULL,NULL,NULL,'0',NULL,NULL,NULL,NULL,'0',NULL,NULL,'PRODUCTS',NULL,'0',NULL,NULL,'0','1','1',NULL,NULL,NULL,NULL,NULL,NULL,NULL,NULL,NULL,'1','0','static','Perfect Coverage',NULL,NULL,NULL,'perfect-coverage','lingerie/babydolls-slips/perfect-coverage'),('37',3,'20','2017-12-26 15:33:37','2017-12-26 15:33:38','1/2/5/20/37','5','4','0',1,NULL,NULL,NULL,'0',NULL,NULL,NULL,NULL,'0',NULL,NULL,'PRODUCTS',NULL,'0',NULL,NULL,'1','1','1',NULL,NULL,NULL,NULL,NULL,NULL,NULL,NULL,NULL,'1','0','static','Push-Up',NULL,NULL,NULL,'push-up','lingerie/babydolls-slips/push-up'),('38',3,'20','2017-12-26 15:34:25','2017-12-26 15:34:25','1/2/5/20/38','6','4','0',1,NULL,NULL,NULL,'0',NULL,NULL,NULL,NULL,'0',NULL,NULL,'PRODUCTS',NULL,'0',NULL,NULL,'1','1','1',NULL,NULL,NULL,NULL,NULL,NULL,NULL,NULL,NULL,'1','0','static','Lounge & Wireless',NULL,NULL,NULL,'lounge-wireless','lingerie/babydolls-slips/lounge-wireless'),('39',3,'21','2017-12-26 15:35:33','2017-12-26 15:35:33','1/2/5/21/39','2','4','0',1,NULL,NULL,NULL,'0',NULL,NULL,NULL,NULL,'0',NULL,NULL,'PRODUCTS',NULL,'0',NULL,NULL,'1','1','1',NULL,NULL,NULL,NULL,NULL,NULL,NULL,NULL,NULL,'1','0','static','Strapless',NULL,NULL,NULL,'strapless','lingerie/teddies-bodysuits/strapless'),('40',3,'21','2017-12-26 15:36:39','2017-12-26 15:36:39','1/2/5/21/40','3','4','0',1,NULL,NULL,NULL,'0',NULL,NULL,NULL,NULL,'0',NULL,NULL,'PRODUCTS',NULL,'0',NULL,NULL,'1','1','1',NULL,NULL,NULL,NULL,NULL,NULL,NULL,NULL,NULL,'1','0','static','Sport Bras',NULL,NULL,NULL,'sport-bras','lingerie/teddies-bodysuits/sport-bras');

--
-- Table structure for table `catalog_category_flat_store_2`
--

CREATE TABLE `catalog_category_flat_store_2` (
  `entity_id` int(10) unsigned NOT NULL COMMENT 'entity_id',
  `attribute_set_id` smallint(5) unsigned NOT NULL DEFAULT '0' COMMENT 'attribute_set_id',
  `parent_id` int(10) unsigned NOT NULL DEFAULT '0' COMMENT 'parent_id',
  `created_at` timestamp NOT NULL DEFAULT CURRENT_TIMESTAMP COMMENT 'created_at',
  `updated_at` timestamp NOT NULL DEFAULT CURRENT_TIMESTAMP COMMENT 'updated_at',
  `path` varchar(255) NOT NULL DEFAULT '' COMMENT 'path',
  `position` int(11) NOT NULL COMMENT 'position',
  `level` int(11) NOT NULL DEFAULT '0' COMMENT 'level',
  `children_count` int(11) NOT NULL COMMENT 'children_count',
  `store_id` smallint(5) unsigned NOT NULL DEFAULT '0' COMMENT 'Store Id',
  `all_children` text COMMENT 'All Children',
  `available_sort_by` text COMMENT 'Available Product Listing Sort By',
  `children` text COMMENT 'Children',
  `custom_apply_to_products` int(11) DEFAULT NULL COMMENT 'Apply To Products',
  `custom_design` varchar(255) DEFAULT NULL COMMENT 'Custom Design',
  `custom_design_from` datetime DEFAULT NULL COMMENT 'Active From',
  `custom_design_to` datetime DEFAULT NULL COMMENT 'Active To',
  `custom_layout_update` text COMMENT 'Custom Layout Update',
  `custom_use_parent_settings` int(11) DEFAULT NULL COMMENT 'Use Parent Category Settings',
  `default_sort_by` varchar(255) DEFAULT NULL COMMENT 'Default Product Listing Sort By',
  `description` text COMMENT 'Description',
  `display_mode` varchar(255) DEFAULT NULL COMMENT 'Display Mode',
  `filter_price_range` decimal(12,4) DEFAULT NULL COMMENT 'Layered Navigation Price Step',
  `grid_activate` int(11) DEFAULT NULL COMMENT 'Activate Image Grid',
  `icon_class` varchar(255) DEFAULT NULL COMMENT 'Css class for Font Icon',
  `image` varchar(255) DEFAULT NULL COMMENT 'Image',
  `include_in_menu` int(11) DEFAULT NULL COMMENT 'Include in Navigation Menu',
  `is_active` int(11) DEFAULT NULL COMMENT 'Is Active',
  `is_anchor` int(11) DEFAULT NULL COMMENT 'Is Anchor',
  `landing_page` int(11) DEFAULT NULL COMMENT 'CMS Block',
  `meta_description` text COMMENT 'Meta Description',
  `meta_keywords` text COMMENT 'Meta Keywords',
  `meta_title` varchar(255) DEFAULT NULL COMMENT 'Page Title',
  `mm_configurator` text COMMENT 'Configurator',
  `mm_css_class` varchar(255) DEFAULT NULL COMMENT 'Css class',
  `mm_image` varchar(255) DEFAULT NULL COMMENT 'Category image',
  `mm_label` varchar(255) DEFAULT NULL COMMENT 'Label',
  `mm_number_of_subcategories` varchar(255) DEFAULT NULL COMMENT 'Number of subcategories to show (if empty show all)',
  `mm_show_subcategories` int(11) DEFAULT NULL COMMENT 'Show subcategories for this category',
  `mm_turn_on` int(11) DEFAULT NULL COMMENT 'Turn on megamenu for this category',
  `mm_view_mode` varchar(255) DEFAULT NULL COMMENT 'View Mode',
  `name` varchar(255) DEFAULT NULL COMMENT 'Name',
  `page_layout` varchar(255) DEFAULT NULL COMMENT 'Page Layout',
  `path_in_store` text COMMENT 'Path In Store',
  `thumbnail` varchar(255) DEFAULT NULL COMMENT 'Thumbnail',
  `url_key` varchar(255) DEFAULT NULL COMMENT 'URL Key',
  `url_path` varchar(255) DEFAULT NULL COMMENT 'Url Path',
  PRIMARY KEY (`entity_id`),
  KEY `CATALOG_CATEGORY_FLAT_STORE_2_TMP_STORE_ID` (`store_id`),
  KEY `CATALOG_CATEGORY_FLAT_STORE_2_TMP_PATH` (`path`),
  KEY `CATALOG_CATEGORY_FLAT_STORE_2_TMP_LEVEL` (`level`)
) ENGINE=InnoDB DEFAULT CHARSET=utf8 COMMENT='Catalog Category Flat';

--
-- Dumping data for table `catalog_category_flat_store_2`
--

INSERT INTO `catalog_category_flat_store_2` VALUES ('1',3,'0','2017-10-21 08:06:29','2017-12-26 15:36:39','1','0','0','39',2,NULL,NULL,NULL,NULL,NULL,NULL,NULL,NULL,NULL,NULL,NULL,NULL,NULL,NULL,NULL,NULL,'1',NULL,NULL,NULL,NULL,NULL,NULL,NULL,NULL,NULL,NULL,NULL,NULL,NULL,NULL,'Root Catalog',NULL,NULL,NULL,NULL,NULL),('2',3,'1','2017-10-21 08:06:29','2017-12-26 15:36:39','1/2','1','1','38',2,NULL,NULL,NULL,NULL,NULL,NULL,NULL,NULL,NULL,NULL,NULL,'PRODUCTS',NULL,NULL,NULL,NULL,'1','1',NULL,NULL,NULL,NULL,NULL,NULL,NULL,NULL,NULL,NULL,NULL,NULL,NULL,'Default Category',NULL,NULL,NULL,NULL,NULL),('3',3,'2','2017-11-25 19:37:15','2017-11-25 19:44:47','1/2/3','1','2','5',2,NULL,NULL,NULL,'0',NULL,NULL,NULL,NULL,'0',NULL,NULL,'PRODUCTS',NULL,NULL,NULL,NULL,'1','1','1',NULL,NULL,NULL,NULL,NULL,NULL,NULL,NULL,NULL,NULL,NULL,NULL,'Bras & Bralettes',NULL,NULL,NULL,'bras-bralettes','bras-bralettes'),('4',3,'2','2017-11-25 19:37:24','2017-11-25 19:43:30','1/2/4','2','2','5',2,NULL,NULL,NULL,'0',NULL,NULL,NULL,NULL,'0',NULL,NULL,'PRODUCTS',NULL,NULL,NULL,NULL,'1','1','1',NULL,NULL,NULL,NULL,NULL,NULL,NULL,NULL,NULL,NULL,NULL,NULL,'Panties',NULL,NULL,NULL,'panties','panties'),('5',3,'2','2017-11-25 19:37:32','2017-12-26 15:38:41','1/2/5','3','2','11',2,NULL,NULL,NULL,'0',NULL,NULL,NULL,NULL,'0',NULL,NULL,'PRODUCTS',NULL,'0',NULL,NULL,'1','1','1',NULL,NULL,NULL,NULL,'[[{\"width\":\"3\",\"css_class\":\"\",\"entities\":[{\"value\":\"block:14\",\"text\":\"menu_block_2\"}]},{\"width\":\"3\",\"css_class\":\"\",\"entities\":[{\"value\":\"subcat:20\",\"text\":\"Babydolls & Slips\"}]},{\"width\":\"3\",\"css_class\":\"\",\"entities\":[{\"value\":\"subcat:21\",\"text\":\"Teddies & Bodysuits\"}]}],[{\"width\":\"9\",\"css_class\":\"\",\"entities\":[{\"value\":\"block:15\",\"text\":\"menu_block_3\"}]}]]','bg-wrap',NULL,NULL,NULL,'1','1','static','Lingerie',NULL,NULL,NULL,'lingerie','lingerie'),('6',3,'2','2017-11-25 19:37:38','2017-11-25 19:41:32','1/2/6','4','2','5',2,NULL,NULL,NULL,'0',NULL,NULL,NULL,NULL,'0',NULL,NULL,'PRODUCTS',NULL,NULL,NULL,NULL,'1','1','1',NULL,NULL,NULL,NULL,NULL,NULL,NULL,NULL,NULL,NULL,NULL,NULL,'Sleep',NULL,NULL,NULL,'sleep','sleep'),('7',3,'2','2017-11-25 19:37:48','2017-12-26 16:16:48','1/2/7','5','2','3',2,NULL,NULL,NULL,'0',NULL,NULL,NULL,NULL,'0',NULL,NULL,'PRODUCTS',NULL,'0',NULL,NULL,'1','1','1',NULL,NULL,NULL,NULL,'[[{\"width\":\"3\",\"css_class\":\"\",\"entities\":[{\"value\":\"subcat:8\",\"text\":\"Fragrance\"}]},{\"width\":\"3\",\"css_class\":\"\",\"entities\":[{\"value\":\"subcat:9\",\"text\":\" Sleepshirts \"}]},{\"width\":\"3\",\"css_class\":\"\",\"entities\":[{\"value\":\"subcat:10\",\"text\":\"Body Care\"}]},{\"width\":\"3\",\"css_class\":\"\",\"entities\":[]}]]',NULL,NULL,NULL,NULL,'1','0','static','Beauty',NULL,NULL,NULL,'beauty','beauty'),('8',3,'7','2017-11-25 19:38:51','2017-11-25 19:38:51','1/2/7/8','1','3','0',2,NULL,NULL,NULL,'0',NULL,NULL,NULL,NULL,'0',NULL,NULL,'PRODUCTS',NULL,NULL,NULL,NULL,'1','1','1',NULL,NULL,NULL,NULL,NULL,NULL,NULL,NULL,NULL,NULL,NULL,NULL,'Fragrance',NULL,NULL,NULL,'fragrance','beauty/fragrance'),('9',3,'7','2017-11-25 19:38:58','2017-11-25 19:39:15','1/2/7/9','2','3','0',2,NULL,NULL,NULL,'0',NULL,NULL,NULL,NULL,'0',NULL,NULL,'PRODUCTS',NULL,NULL,NULL,NULL,'1','1','1',NULL,NULL,NULL,NULL,NULL,NULL,NULL,NULL,NULL,NULL,NULL,NULL,' Sleepshirts ',NULL,NULL,NULL,'sleepshirts-mists','beauty/sleepshirts-mists'),('10',3,'7','2017-11-25 19:39:05','2017-11-25 19:39:05','1/2/7/10','3','3','0',2,NULL,NULL,NULL,'0',NULL,NULL,NULL,NULL,'0',NULL,NULL,'PRODUCTS',NULL,NULL,NULL,NULL,'1','1','1',NULL,NULL,NULL,NULL,NULL,NULL,NULL,NULL,NULL,NULL,NULL,NULL,'Body Care',NULL,NULL,NULL,'body-care','beauty/body-care'),('11',3,'2','2017-11-25 19:39:58','2017-11-25 19:40:33','1/2/11','6','2','3',2,NULL,NULL,NULL,'0',NULL,NULL,NULL,NULL,'0',NULL,NULL,'PRODUCTS',NULL,NULL,NULL,NULL,'1','1','1',NULL,NULL,NULL,NULL,NULL,NULL,NULL,NULL,NULL,NULL,NULL,NULL,'Sale & Specials',NULL,NULL,NULL,'sale-specials','sale-specials'),('12',3,'11','2017-11-25 19:40:19','2017-11-25 19:40:19','1/2/11/12','1','3','0',2,NULL,NULL,NULL,'0',NULL,NULL,NULL,NULL,'0',NULL,NULL,'PRODUCTS',NULL,NULL,NULL,NULL,'1','1','1',NULL,NULL,NULL,NULL,NULL,NULL,NULL,NULL,NULL,NULL,NULL,NULL,'Bras Panties',NULL,NULL,NULL,'bras-panties','sale-specials/bras-panties'),('13',3,'11','2017-11-25 19:40:27','2017-11-25 19:40:27','1/2/11/13','2','3','0',2,NULL,NULL,NULL,'0',NULL,NULL,NULL,NULL,'0',NULL,NULL,'PRODUCTS',NULL,NULL,NULL,NULL,'1','1','1',NULL,NULL,NULL,NULL,NULL,NULL,NULL,NULL,NULL,NULL,NULL,NULL,'Sleep',NULL,NULL,NULL,'sleep','sale-specials/sleep'),('14',3,'11','2017-11-25 19:40:33','2017-11-25 19:40:33','1/2/11/14','3','3','0',2,NULL,NULL,NULL,'0',NULL,NULL,NULL,NULL,'0',NULL,NULL,'PRODUCTS',NULL,NULL,NULL,NULL,'1','1','1',NULL,NULL,NULL,NULL,NULL,NULL,NULL,NULL,NULL,NULL,NULL,NULL,'Beauty & Accessories',NULL,NULL,NULL,'beauty-accessories','sale-specials/beauty-accessories'),('15',3,'6','2017-11-25 19:41:01','2017-11-25 19:41:01','1/2/6/15','1','3','0',2,NULL,NULL,NULL,'0',NULL,NULL,NULL,NULL,'0',NULL,NULL,'PRODUCTS',NULL,NULL,NULL,NULL,'1','1','1',NULL,NULL,NULL,NULL,NULL,NULL,NULL,NULL,NULL,NULL,NULL,NULL,'Pajamas',NULL,NULL,NULL,'pajamas','sleep/pajamas'),('16',3,'6','2017-11-25 19:41:10','2017-11-25 19:41:10','1/2/6/16','2','3','0',2,NULL,NULL,NULL,'0',NULL,NULL,NULL,NULL,'0',NULL,NULL,'PRODUCTS',NULL,NULL,NULL,NULL,'1','1','1',NULL,NULL,NULL,NULL,NULL,NULL,NULL,NULL,NULL,NULL,NULL,NULL,'Sleepshirts',NULL,NULL,NULL,'sleepshirts','sleep/sleepshirts'),('17',3,'6','2017-11-25 19:41:17','2017-11-25 19:41:18','1/2/6/17','3','3','0',2,NULL,NULL,NULL,'0',NULL,NULL,NULL,NULL,'0',NULL,NULL,'PRODUCTS',NULL,NULL,NULL,NULL,'1','1','1',NULL,NULL,NULL,NULL,NULL,NULL,NULL,NULL,NULL,NULL,NULL,NULL,'Robes & Slippers',NULL,NULL,NULL,'robes-slippers','sleep/robes-slippers'),('18',3,'6','2017-11-25 19:41:24','2017-11-25 19:41:24','1/2/6/18','4','3','0',2,NULL,NULL,NULL,'0',NULL,NULL,NULL,NULL,'0',NULL,NULL,'PRODUCTS',NULL,NULL,NULL,NULL,'1','1','1',NULL,NULL,NULL,NULL,NULL,NULL,NULL,NULL,NULL,NULL,NULL,NULL,'Shorts',NULL,NULL,NULL,'shorts','sleep/shorts'),('19',3,'6','2017-11-25 19:41:32','2017-11-25 19:41:32','1/2/6/19','5','3','0',2,NULL,NULL,NULL,'0',NULL,NULL,NULL,NULL,'0',NULL,NULL,'PRODUCTS',NULL,NULL,NULL,NULL,'1','1','1',NULL,NULL,NULL,NULL,NULL,NULL,NULL,NULL,NULL,NULL,NULL,NULL,'Loungewear',NULL,NULL,NULL,'loungewear','sleep/loungewear'),('20',3,'5','2017-11-25 19:41:55','2017-12-26 15:34:25','1/2/5/20','1','3','6',2,NULL,NULL,NULL,'0',NULL,NULL,NULL,NULL,'0',NULL,NULL,'PRODUCTS',NULL,NULL,NULL,NULL,'1','1','1',NULL,NULL,NULL,NULL,NULL,NULL,NULL,NULL,NULL,NULL,NULL,NULL,'Babydolls & Slips',NULL,NULL,NULL,'babydolls-slips','lingerie/babydolls-slips'),('21',3,'5','2017-11-25 19:42:04','2017-12-26 15:36:39','1/2/5/21','2','3','3',2,NULL,NULL,NULL,'0',NULL,NULL,NULL,NULL,'0',NULL,NULL,'PRODUCTS',NULL,'0',NULL,NULL,'1','1','1',NULL,NULL,NULL,NULL,NULL,NULL,NULL,NULL,NULL,'1','0','static','Teddies & Bodysuits',NULL,NULL,NULL,'teddies-bodysuits','lingerie/teddies-bodysuits'),('22',3,'21','2017-11-25 19:42:11','2017-12-26 14:59:13','1/2/5/21/22','1','4','0',2,NULL,NULL,NULL,'0',NULL,NULL,NULL,NULL,'0',NULL,NULL,'PRODUCTS',NULL,NULL,NULL,NULL,'1','1','1',NULL,NULL,NULL,NULL,NULL,NULL,NULL,NULL,NULL,NULL,NULL,NULL,'Corsets & Bustiers',NULL,NULL,NULL,'corsets-bustiers','lingerie/teddies-bodysuits/corsets-bustiers'),('23',3,'4','2017-11-25 19:42:59','2017-11-25 19:42:59','1/2/4/23','1','3','0',2,NULL,NULL,NULL,'0',NULL,NULL,NULL,NULL,'0',NULL,NULL,'PRODUCTS',NULL,NULL,NULL,NULL,'1','1','1',NULL,NULL,NULL,NULL,NULL,NULL,NULL,NULL,NULL,NULL,NULL,NULL,'Cheekies & Cheekinis',NULL,NULL,NULL,'cheekies-cheekinis','panties/cheekies-cheekinis'),('24',3,'4','2017-11-25 19:43:03','2017-11-25 19:43:03','1/2/4/24','2','3','0',2,NULL,NULL,NULL,'0',NULL,NULL,NULL,NULL,'0',NULL,NULL,'PRODUCTS',NULL,NULL,NULL,NULL,'1','1','1',NULL,NULL,NULL,NULL,NULL,NULL,NULL,NULL,NULL,NULL,NULL,NULL,'Thongs & V-Strings',NULL,NULL,NULL,'thongs-v-strings','panties/thongs-v-strings'),('25',3,'4','2017-11-25 19:43:13','2017-11-25 19:43:13','1/2/4/25','3','3','0',2,NULL,NULL,NULL,'0',NULL,NULL,NULL,NULL,'0',NULL,NULL,'PRODUCTS',NULL,NULL,NULL,NULL,'1','1','1',NULL,NULL,NULL,NULL,NULL,NULL,NULL,NULL,NULL,NULL,NULL,NULL,'Shorties & Boyshorts',NULL,NULL,NULL,'shorties-boyshorts','panties/shorties-boyshorts'),('26',3,'4','2017-11-25 19:43:22','2017-11-25 19:43:22','1/2/4/26','4','3','0',2,NULL,NULL,NULL,'0',NULL,NULL,NULL,NULL,'0',NULL,NULL,'PRODUCTS',NULL,NULL,NULL,NULL,'1','1','1',NULL,NULL,NULL,NULL,NULL,NULL,NULL,NULL,NULL,NULL,NULL,NULL,'Bikinis',NULL,NULL,NULL,'bikinis','panties/bikinis'),('27',3,'4','2017-11-25 19:43:30','2017-11-25 19:43:30','1/2/4/27','5','3','0',2,NULL,NULL,NULL,'0',NULL,NULL,NULL,NULL,'0',NULL,NULL,'PRODUCTS',NULL,NULL,NULL,NULL,'1','1','1',NULL,NULL,NULL,NULL,NULL,NULL,NULL,NULL,NULL,NULL,NULL,NULL,'No-Show & Seamless',NULL,NULL,NULL,'no-show-seamless','panties/no-show-seamless'),('28',3,'3','2017-11-25 19:44:00','2017-11-25 19:44:00','1/2/3/28','1','3','0',2,NULL,NULL,NULL,'0',NULL,NULL,NULL,NULL,'0',NULL,NULL,'PRODUCTS',NULL,NULL,NULL,NULL,'1','1','1',NULL,NULL,NULL,NULL,NULL,NULL,NULL,NULL,NULL,NULL,NULL,NULL,'Bralettes',NULL,NULL,NULL,'bralettes','bras-bralettes/bralettes'),('29',3,'3','2017-11-25 19:44:07','2017-11-25 19:44:07','1/2/3/29','2','3','0',2,NULL,NULL,NULL,'0',NULL,NULL,NULL,NULL,'0',NULL,NULL,'PRODUCTS',NULL,NULL,NULL,NULL,'1','1','1',NULL,NULL,NULL,NULL,NULL,NULL,NULL,NULL,NULL,NULL,NULL,NULL,'Unlined',NULL,NULL,NULL,'unlined','bras-bralettes/unlined'),('30',3,'3','2017-11-25 19:44:14','2017-11-25 19:44:14','1/2/3/30','3','3','0',2,NULL,NULL,NULL,'0',NULL,NULL,NULL,NULL,'0',NULL,NULL,'PRODUCTS',NULL,NULL,NULL,NULL,'1','1','1',NULL,NULL,NULL,NULL,NULL,NULL,NULL,NULL,NULL,NULL,NULL,NULL,'Perfect Coverage',NULL,NULL,NULL,'perfect-coverage','bras-bralettes/perfect-coverage'),('31',3,'3','2017-11-25 19:44:30','2017-11-25 19:44:31','1/2/3/31','4','3','0',2,NULL,NULL,NULL,'0',NULL,NULL,NULL,NULL,'0',NULL,NULL,'PRODUCTS',NULL,NULL,NULL,NULL,'1','1','1',NULL,NULL,NULL,NULL,NULL,NULL,NULL,NULL,NULL,NULL,NULL,NULL,'Push-Up',NULL,NULL,NULL,'push-up','bras-bralettes/push-up'),('32',3,'3','2017-11-25 19:44:47','2017-11-25 19:44:47','1/2/3/32','5','3','0',2,NULL,NULL,NULL,'0',NULL,NULL,NULL,NULL,'0',NULL,NULL,'PRODUCTS',NULL,NULL,NULL,NULL,'1','1','1',NULL,NULL,NULL,NULL,NULL,NULL,NULL,NULL,NULL,NULL,NULL,NULL,'Sports Bras',NULL,NULL,NULL,'sports-bras','bras-bralettes/sports-bras'),('33',3,'20','2017-12-26 15:00:01','2017-12-26 15:00:01','1/2/5/20/33','1','4','0',2,NULL,NULL,NULL,'0',NULL,NULL,NULL,NULL,'0',NULL,NULL,'PRODUCTS',NULL,'0',NULL,NULL,'1','1','1',NULL,NULL,NULL,NULL,NULL,NULL,NULL,NULL,NULL,'1','0','static','Bralettes',NULL,NULL,NULL,'bralettes','lingerie/babydolls-slips/bralettes'),('34',3,'20','2017-12-26 15:31:19','2017-12-26 15:31:19','1/2/5/20/34','2','4','0',2,NULL,NULL,NULL,'0',NULL,NULL,NULL,NULL,'0',NULL,NULL,'PRODUCTS',NULL,'0',NULL,NULL,'0','1','1',NULL,NULL,NULL,NULL,NULL,NULL,NULL,NULL,NULL,'1','0','static','Unlined',NULL,NULL,NULL,'unlined','lingerie/babydolls-slips/unlined'),('35',3,'20','2017-12-26 15:32:00','2017-12-26 15:32:00','1/2/5/20/35','3','4','0',2,NULL,NULL,NULL,'0',NULL,NULL,NULL,NULL,'0',NULL,NULL,'PRODUCTS',NULL,'0',NULL,NULL,'1','1','1',NULL,NULL,NULL,NULL,NULL,NULL,NULL,NULL,NULL,'1','0','static','Lightly Lined',NULL,NULL,NULL,'lightly-lined','lingerie/babydolls-slips/lightly-lined'),('36',3,'20','2017-12-26 15:32:57','2017-12-26 15:32:57','1/2/5/20/36','4','4','0',2,NULL,NULL,NULL,'0',NULL,NULL,NULL,NULL,'0',NULL,NULL,'PRODUCTS',NULL,'0',NULL,NULL,'0','1','1',NULL,NULL,NULL,NULL,NULL,NULL,NULL,NULL,NULL,'1','0','static','Perfect Coverage',NULL,NULL,NULL,'perfect-coverage','lingerie/babydolls-slips/perfect-coverage'),('37',3,'20','2017-12-26 15:33:37','2017-12-26 15:33:38','1/2/5/20/37','5','4','0',2,NULL,NULL,NULL,'0',NULL,NULL,NULL,NULL,'0',NULL,NULL,'PRODUCTS',NULL,'0',NULL,NULL,'1','1','1',NULL,NULL,NULL,NULL,NULL,NULL,NULL,NULL,NULL,'1','0','static','Push-Up',NULL,NULL,NULL,'push-up','lingerie/babydolls-slips/push-up'),('38',3,'20','2017-12-26 15:34:25','2017-12-26 15:34:25','1/2/5/20/38','6','4','0',2,NULL,NULL,NULL,'0',NULL,NULL,NULL,NULL,'0',NULL,NULL,'PRODUCTS',NULL,'0',NULL,NULL,'1','1','1',NULL,NULL,NULL,NULL,NULL,NULL,NULL,NULL,NULL,'1','0','static','Lounge & Wireless',NULL,NULL,NULL,'lounge-wireless','lingerie/babydolls-slips/lounge-wireless'),('39',3,'21','2017-12-26 15:35:33','2017-12-26 15:35:33','1/2/5/21/39','2','4','0',2,NULL,NULL,NULL,'0',NULL,NULL,NULL,NULL,'0',NULL,NULL,'PRODUCTS',NULL,'0',NULL,NULL,'1','1','1',NULL,NULL,NULL,NULL,NULL,NULL,NULL,NULL,NULL,'1','0','static','Strapless',NULL,NULL,NULL,'strapless','lingerie/teddies-bodysuits/strapless'),('40',3,'21','2017-12-26 15:36:39','2017-12-26 15:36:39','1/2/5/21/40','3','4','0',2,NULL,NULL,NULL,'0',NULL,NULL,NULL,NULL,'0',NULL,NULL,'PRODUCTS',NULL,'0',NULL,NULL,'1','1','1',NULL,NULL,NULL,NULL,NULL,NULL,NULL,NULL,NULL,'1','0','static','Sport Bras',NULL,NULL,NULL,'sport-bras','lingerie/teddies-bodysuits/sport-bras');

--
-- Table structure for table `catalog_category_flat_store_3`
--

CREATE TABLE `catalog_category_flat_store_3` (
  `entity_id` int(10) unsigned NOT NULL COMMENT 'entity_id',
  `attribute_set_id` smallint(5) unsigned NOT NULL DEFAULT '0' COMMENT 'attribute_set_id',
  `parent_id` int(10) unsigned NOT NULL DEFAULT '0' COMMENT 'parent_id',
  `created_at` timestamp NOT NULL DEFAULT CURRENT_TIMESTAMP COMMENT 'created_at',
  `updated_at` timestamp NOT NULL DEFAULT CURRENT_TIMESTAMP COMMENT 'updated_at',
  `path` varchar(255) NOT NULL DEFAULT '' COMMENT 'path',
  `position` int(11) NOT NULL COMMENT 'position',
  `level` int(11) NOT NULL DEFAULT '0' COMMENT 'level',
  `children_count` int(11) NOT NULL COMMENT 'children_count',
  `store_id` smallint(5) unsigned NOT NULL DEFAULT '0' COMMENT 'Store Id',
  `all_children` text COMMENT 'All Children',
  `available_sort_by` text COMMENT 'Available Product Listing Sort By',
  `children` text COMMENT 'Children',
  `custom_apply_to_products` int(11) DEFAULT NULL COMMENT 'Apply To Products',
  `custom_design` varchar(255) DEFAULT NULL COMMENT 'Custom Design',
  `custom_design_from` datetime DEFAULT NULL COMMENT 'Active From',
  `custom_design_to` datetime DEFAULT NULL COMMENT 'Active To',
  `custom_layout_update` text COMMENT 'Custom Layout Update',
  `custom_use_parent_settings` int(11) DEFAULT NULL COMMENT 'Use Parent Category Settings',
  `default_sort_by` varchar(255) DEFAULT NULL COMMENT 'Default Product Listing Sort By',
  `description` text COMMENT 'Description',
  `display_mode` varchar(255) DEFAULT NULL COMMENT 'Display Mode',
  `filter_price_range` decimal(12,4) DEFAULT NULL COMMENT 'Layered Navigation Price Step',
  `grid_activate` int(11) DEFAULT NULL COMMENT 'Activate Image Grid',
  `icon_class` varchar(255) DEFAULT NULL COMMENT 'Css class for Font Icon',
  `image` varchar(255) DEFAULT NULL COMMENT 'Image',
  `include_in_menu` int(11) DEFAULT NULL COMMENT 'Include in Navigation Menu',
  `is_active` int(11) DEFAULT NULL COMMENT 'Is Active',
  `is_anchor` int(11) DEFAULT NULL COMMENT 'Is Anchor',
  `landing_page` int(11) DEFAULT NULL COMMENT 'CMS Block',
  `meta_description` text COMMENT 'Meta Description',
  `meta_keywords` text COMMENT 'Meta Keywords',
  `meta_title` varchar(255) DEFAULT NULL COMMENT 'Page Title',
  `mm_configurator` text COMMENT 'Configurator',
  `mm_css_class` varchar(255) DEFAULT NULL COMMENT 'Css class',
  `mm_image` varchar(255) DEFAULT NULL COMMENT 'Category image',
  `mm_label` varchar(255) DEFAULT NULL COMMENT 'Label',
  `mm_number_of_subcategories` varchar(255) DEFAULT NULL COMMENT 'Number of subcategories to show (if empty show all)',
  `mm_show_subcategories` int(11) DEFAULT NULL COMMENT 'Show subcategories for this category',
  `mm_turn_on` int(11) DEFAULT NULL COMMENT 'Turn on megamenu for this category',
  `mm_view_mode` varchar(255) DEFAULT NULL COMMENT 'View Mode',
  `name` varchar(255) DEFAULT NULL COMMENT 'Name',
  `page_layout` varchar(255) DEFAULT NULL COMMENT 'Page Layout',
  `path_in_store` text COMMENT 'Path In Store',
  `thumbnail` varchar(255) DEFAULT NULL COMMENT 'Thumbnail',
  `url_key` varchar(255) DEFAULT NULL COMMENT 'URL Key',
  `url_path` varchar(255) DEFAULT NULL COMMENT 'Url Path',
  PRIMARY KEY (`entity_id`),
  KEY `CATALOG_CATEGORY_FLAT_STORE_3_TMP_STORE_ID` (`store_id`),
  KEY `CATALOG_CATEGORY_FLAT_STORE_3_TMP_PATH` (`path`),
  KEY `CATALOG_CATEGORY_FLAT_STORE_3_TMP_LEVEL` (`level`)
) ENGINE=InnoDB DEFAULT CHARSET=utf8 COMMENT='Catalog Category Flat';

--
-- Dumping data for table `catalog_category_flat_store_3`
--

INSERT INTO `catalog_category_flat_store_3` VALUES ('1',3,'0','2017-10-21 08:06:29','2017-12-26 15:36:39','1','0','0','39',3,NULL,NULL,NULL,NULL,NULL,NULL,NULL,NULL,NULL,NULL,NULL,NULL,NULL,NULL,NULL,NULL,'1',NULL,NULL,NULL,NULL,NULL,NULL,NULL,NULL,NULL,NULL,NULL,NULL,NULL,NULL,'Root Catalog',NULL,NULL,NULL,NULL,NULL),('2',3,'1','2017-10-21 08:06:29','2017-12-26 15:36:39','1/2','1','1','38',3,NULL,NULL,NULL,NULL,NULL,NULL,NULL,NULL,NULL,NULL,NULL,'PRODUCTS',NULL,NULL,NULL,NULL,'1','1',NULL,NULL,NULL,NULL,NULL,NULL,NULL,NULL,NULL,NULL,NULL,NULL,NULL,'Default Category',NULL,NULL,NULL,NULL,NULL),('3',3,'2','2017-11-25 19:37:15','2017-11-25 19:44:47','1/2/3','1','2','5',3,NULL,NULL,NULL,'0',NULL,NULL,NULL,NULL,'0',NULL,NULL,'PRODUCTS',NULL,NULL,NULL,NULL,'1','1','1',NULL,NULL,NULL,NULL,NULL,NULL,NULL,NULL,NULL,NULL,NULL,NULL,'Bras & Bralettes',NULL,NULL,NULL,'bras-bralettes','bras-bralettes'),('4',3,'2','2017-11-25 19:37:24','2017-11-25 19:43:30','1/2/4','2','2','5',3,NULL,NULL,NULL,'0',NULL,NULL,NULL,NULL,'0',NULL,NULL,'PRODUCTS',NULL,NULL,NULL,NULL,'1','1','1',NULL,NULL,NULL,NULL,NULL,NULL,NULL,NULL,NULL,NULL,NULL,NULL,'Panties',NULL,NULL,NULL,'panties','panties'),('5',3,'2','2017-11-25 19:37:32','2017-12-26 15:38:41','1/2/5','3','2','11',3,NULL,NULL,NULL,'0',NULL,NULL,NULL,NULL,'0',NULL,NULL,'PRODUCTS',NULL,'0',NULL,NULL,'1','1','1',NULL,NULL,NULL,NULL,'[[{\"width\":\"3\",\"css_class\":\"\",\"entities\":[{\"value\":\"block:14\",\"text\":\"menu_block_2\"}]},{\"width\":\"3\",\"css_class\":\"\",\"entities\":[{\"value\":\"subcat:20\",\"text\":\"Babydolls & Slips\"}]},{\"width\":\"3\",\"css_class\":\"\",\"entities\":[{\"value\":\"subcat:21\",\"text\":\"Teddies & Bodysuits\"}]}],[{\"width\":\"9\",\"css_class\":\"\",\"entities\":[{\"value\":\"block:15\",\"text\":\"menu_block_3\"}]}]]','bg-wrap',NULL,NULL,NULL,'1','1','static','Lingerie',NULL,NULL,NULL,'lingerie','lingerie'),('6',3,'2','2017-11-25 19:37:38','2017-11-25 19:41:32','1/2/6','4','2','5',3,NULL,NULL,NULL,'0',NULL,NULL,NULL,NULL,'0',NULL,NULL,'PRODUCTS',NULL,NULL,NULL,NULL,'1','1','1',NULL,NULL,NULL,NULL,NULL,NULL,NULL,NULL,NULL,NULL,NULL,NULL,'Sleep',NULL,NULL,NULL,'sleep','sleep'),('7',3,'2','2017-11-25 19:37:48','2017-12-26 16:16:48','1/2/7','5','2','3',3,NULL,NULL,NULL,'0',NULL,NULL,NULL,NULL,'0',NULL,NULL,'PRODUCTS',NULL,'0',NULL,NULL,'1','1','1',NULL,NULL,NULL,NULL,'[[{\"width\":\"3\",\"css_class\":\"\",\"entities\":[{\"value\":\"subcat:8\",\"text\":\"Fragrance\"}]},{\"width\":\"3\",\"css_class\":\"\",\"entities\":[{\"value\":\"subcat:9\",\"text\":\" Sleepshirts \"}]},{\"width\":\"3\",\"css_class\":\"\",\"entities\":[{\"value\":\"subcat:10\",\"text\":\"Body Care\"}]},{\"width\":\"3\",\"css_class\":\"\",\"entities\":[]}]]',NULL,NULL,NULL,NULL,'1','0','static','Beauty',NULL,NULL,NULL,'beauty','beauty'),('8',3,'7','2017-11-25 19:38:51','2017-11-25 19:38:51','1/2/7/8','1','3','0',3,NULL,NULL,NULL,'0',NULL,NULL,NULL,NULL,'0',NULL,NULL,'PRODUCTS',NULL,NULL,NULL,NULL,'1','1','1',NULL,NULL,NULL,NULL,NULL,NULL,NULL,NULL,NULL,NULL,NULL,NULL,'Fragrance',NULL,NULL,NULL,'fragrance','beauty/fragrance'),('9',3,'7','2017-11-25 19:38:58','2017-11-25 19:39:15','1/2/7/9','2','3','0',3,NULL,NULL,NULL,'0',NULL,NULL,NULL,NULL,'0',NULL,NULL,'PRODUCTS',NULL,NULL,NULL,NULL,'1','1','1',NULL,NULL,NULL,NULL,NULL,NULL,NULL,NULL,NULL,NULL,NULL,NULL,' Sleepshirts ',NULL,NULL,NULL,'sleepshirts-mists','beauty/sleepshirts-mists'),('10',3,'7','2017-11-25 19:39:05','2017-11-25 19:39:05','1/2/7/10','3','3','0',3,NULL,NULL,NULL,'0',NULL,NULL,NULL,NULL,'0',NULL,NULL,'PRODUCTS',NULL,NULL,NULL,NULL,'1','1','1',NULL,NULL,NULL,NULL,NULL,NULL,NULL,NULL,NULL,NULL,NULL,NULL,'Body Care',NULL,NULL,NULL,'body-care','beauty/body-care'),('11',3,'2','2017-11-25 19:39:58','2017-11-25 19:40:33','1/2/11','6','2','3',3,NULL,NULL,NULL,'0',NULL,NULL,NULL,NULL,'0',NULL,NULL,'PRODUCTS',NULL,NULL,NULL,NULL,'1','1','1',NULL,NULL,NULL,NULL,NULL,NULL,NULL,NULL,NULL,NULL,NULL,NULL,'Sale & Specials',NULL,NULL,NULL,'sale-specials','sale-specials'),('12',3,'11','2017-11-25 19:40:19','2017-11-25 19:40:19','1/2/11/12','1','3','0',3,NULL,NULL,NULL,'0',NULL,NULL,NULL,NULL,'0',NULL,NULL,'PRODUCTS',NULL,NULL,NULL,NULL,'1','1','1',NULL,NULL,NULL,NULL,NULL,NULL,NULL,NULL,NULL,NULL,NULL,NULL,'Bras Panties',NULL,NULL,NULL,'bras-panties','sale-specials/bras-panties'),('13',3,'11','2017-11-25 19:40:27','2017-11-25 19:40:27','1/2/11/13','2','3','0',3,NULL,NULL,NULL,'0',NULL,NULL,NULL,NULL,'0',NULL,NULL,'PRODUCTS',NULL,NULL,NULL,NULL,'1','1','1',NULL,NULL,NULL,NULL,NULL,NULL,NULL,NULL,NULL,NULL,NULL,NULL,'Sleep',NULL,NULL,NULL,'sleep','sale-specials/sleep'),('14',3,'11','2017-11-25 19:40:33','2017-11-25 19:40:33','1/2/11/14','3','3','0',3,NULL,NULL,NULL,'0',NULL,NULL,NULL,NULL,'0',NULL,NULL,'PRODUCTS',NULL,NULL,NULL,NULL,'1','1','1',NULL,NULL,NULL,NULL,NULL,NULL,NULL,NULL,NULL,NULL,NULL,NULL,'Beauty & Accessories',NULL,NULL,NULL,'beauty-accessories','sale-specials/beauty-accessories'),('15',3,'6','2017-11-25 19:41:01','2017-11-25 19:41:01','1/2/6/15','1','3','0',3,NULL,NULL,NULL,'0',NULL,NULL,NULL,NULL,'0',NULL,NULL,'PRODUCTS',NULL,NULL,NULL,NULL,'1','1','1',NULL,NULL,NULL,NULL,NULL,NULL,NULL,NULL,NULL,NULL,NULL,NULL,'Pajamas',NULL,NULL,NULL,'pajamas','sleep/pajamas'),('16',3,'6','2017-11-25 19:41:10','2017-11-25 19:41:10','1/2/6/16','2','3','0',3,NULL,NULL,NULL,'0',NULL,NULL,NULL,NULL,'0',NULL,NULL,'PRODUCTS',NULL,NULL,NULL,NULL,'1','1','1',NULL,NULL,NULL,NULL,NULL,NULL,NULL,NULL,NULL,NULL,NULL,NULL,'Sleepshirts',NULL,NULL,NULL,'sleepshirts','sleep/sleepshirts'),('17',3,'6','2017-11-25 19:41:17','2017-11-25 19:41:18','1/2/6/17','3','3','0',3,NULL,NULL,NULL,'0',NULL,NULL,NULL,NULL,'0',NULL,NULL,'PRODUCTS',NULL,NULL,NULL,NULL,'1','1','1',NULL,NULL,NULL,NULL,NULL,NULL,NULL,NULL,NULL,NULL,NULL,NULL,'Robes & Slippers',NULL,NULL,NULL,'robes-slippers','sleep/robes-slippers'),('18',3,'6','2017-11-25 19:41:24','2017-11-25 19:41:24','1/2/6/18','4','3','0',3,NULL,NULL,NULL,'0',NULL,NULL,NULL,NULL,'0',NULL,NULL,'PRODUCTS',NULL,NULL,NULL,NULL,'1','1','1',NULL,NULL,NULL,NULL,NULL,NULL,NULL,NULL,NULL,NULL,NULL,NULL,'Shorts',NULL,NULL,NULL,'shorts','sleep/shorts'),('19',3,'6','2017-11-25 19:41:32','2017-11-25 19:41:32','1/2/6/19','5','3','0',3,NULL,NULL,NULL,'0',NULL,NULL,NULL,NULL,'0',NULL,NULL,'PRODUCTS',NULL,NULL,NULL,NULL,'1','1','1',NULL,NULL,NULL,NULL,NULL,NULL,NULL,NULL,NULL,NULL,NULL,NULL,'Loungewear',NULL,NULL,NULL,'loungewear','sleep/loungewear'),('20',3,'5','2017-11-25 19:41:55','2017-12-26 15:34:25','1/2/5/20','1','3','6',3,NULL,NULL,NULL,'0',NULL,NULL,NULL,NULL,'0',NULL,NULL,'PRODUCTS',NULL,NULL,NULL,NULL,'1','1','1',NULL,NULL,NULL,NULL,NULL,NULL,NULL,NULL,NULL,NULL,NULL,NULL,'Babydolls & Slips',NULL,NULL,NULL,'babydolls-slips','lingerie/babydolls-slips'),('21',3,'5','2017-11-25 19:42:04','2017-12-26 15:36:39','1/2/5/21','2','3','3',3,NULL,NULL,NULL,'0',NULL,NULL,NULL,NULL,'0',NULL,NULL,'PRODUCTS',NULL,'0',NULL,NULL,'1','1','1',NULL,NULL,NULL,NULL,NULL,NULL,NULL,NULL,NULL,'1','0','static','Teddies & Bodysuits',NULL,NULL,NULL,'teddies-bodysuits','lingerie/teddies-bodysuits'),('22',3,'21','2017-11-25 19:42:11','2017-12-26 14:59:13','1/2/5/21/22','1','4','0',3,NULL,NULL,NULL,'0',NULL,NULL,NULL,NULL,'0',NULL,NULL,'PRODUCTS',NULL,NULL,NULL,NULL,'1','1','1',NULL,NULL,NULL,NULL,NULL,NULL,NULL,NULL,NULL,NULL,NULL,NULL,'Corsets & Bustiers',NULL,NULL,NULL,'corsets-bustiers','lingerie/teddies-bodysuits/corsets-bustiers'),('23',3,'4','2017-11-25 19:42:59','2017-11-25 19:42:59','1/2/4/23','1','3','0',3,NULL,NULL,NULL,'0',NULL,NULL,NULL,NULL,'0',NULL,NULL,'PRODUCTS',NULL,NULL,NULL,NULL,'1','1','1',NULL,NULL,NULL,NULL,NULL,NULL,NULL,NULL,NULL,NULL,NULL,NULL,'Cheekies & Cheekinis',NULL,NULL,NULL,'cheekies-cheekinis','panties/cheekies-cheekinis'),('24',3,'4','2017-11-25 19:43:03','2017-11-25 19:43:03','1/2/4/24','2','3','0',3,NULL,NULL,NULL,'0',NULL,NULL,NULL,NULL,'0',NULL,NULL,'PRODUCTS',NULL,NULL,NULL,NULL,'1','1','1',NULL,NULL,NULL,NULL,NULL,NULL,NULL,NULL,NULL,NULL,NULL,NULL,'Thongs & V-Strings',NULL,NULL,NULL,'thongs-v-strings','panties/thongs-v-strings'),('25',3,'4','2017-11-25 19:43:13','2017-11-25 19:43:13','1/2/4/25','3','3','0',3,NULL,NULL,NULL,'0',NULL,NULL,NULL,NULL,'0',NULL,NULL,'PRODUCTS',NULL,NULL,NULL,NULL,'1','1','1',NULL,NULL,NULL,NULL,NULL,NULL,NULL,NULL,NULL,NULL,NULL,NULL,'Shorties & Boyshorts',NULL,NULL,NULL,'shorties-boyshorts','panties/shorties-boyshorts'),('26',3,'4','2017-11-25 19:43:22','2017-11-25 19:43:22','1/2/4/26','4','3','0',3,NULL,NULL,NULL,'0',NULL,NULL,NULL,NULL,'0',NULL,NULL,'PRODUCTS',NULL,NULL,NULL,NULL,'1','1','1',NULL,NULL,NULL,NULL,NULL,NULL,NULL,NULL,NULL,NULL,NULL,NULL,'Bikinis',NULL,NULL,NULL,'bikinis','panties/bikinis'),('27',3,'4','2017-11-25 19:43:30','2017-11-25 19:43:30','1/2/4/27','5','3','0',3,NULL,NULL,NULL,'0',NULL,NULL,NULL,NULL,'0',NULL,NULL,'PRODUCTS',NULL,NULL,NULL,NULL,'1','1','1',NULL,NULL,NULL,NULL,NULL,NULL,NULL,NULL,NULL,NULL,NULL,NULL,'No-Show & Seamless',NULL,NULL,NULL,'no-show-seamless','panties/no-show-seamless'),('28',3,'3','2017-11-25 19:44:00','2017-11-25 19:44:00','1/2/3/28','1','3','0',3,NULL,NULL,NULL,'0',NULL,NULL,NULL,NULL,'0',NULL,NULL,'PRODUCTS',NULL,NULL,NULL,NULL,'1','1','1',NULL,NULL,NULL,NULL,NULL,NULL,NULL,NULL,NULL,NULL,NULL,NULL,'Bralettes',NULL,NULL,NULL,'bralettes','bras-bralettes/bralettes'),('29',3,'3','2017-11-25 19:44:07','2017-11-25 19:44:07','1/2/3/29','2','3','0',3,NULL,NULL,NULL,'0',NULL,NULL,NULL,NULL,'0',NULL,NULL,'PRODUCTS',NULL,NULL,NULL,NULL,'1','1','1',NULL,NULL,NULL,NULL,NULL,NULL,NULL,NULL,NULL,NULL,NULL,NULL,'Unlined',NULL,NULL,NULL,'unlined','bras-bralettes/unlined'),('30',3,'3','2017-11-25 19:44:14','2017-11-25 19:44:14','1/2/3/30','3','3','0',3,NULL,NULL,NULL,'0',NULL,NULL,NULL,NULL,'0',NULL,NULL,'PRODUCTS',NULL,NULL,NULL,NULL,'1','1','1',NULL,NULL,NULL,NULL,NULL,NULL,NULL,NULL,NULL,NULL,NULL,NULL,'Perfect Coverage',NULL,NULL,NULL,'perfect-coverage','bras-bralettes/perfect-coverage'),('31',3,'3','2017-11-25 19:44:30','2017-11-25 19:44:31','1/2/3/31','4','3','0',3,NULL,NULL,NULL,'0',NULL,NULL,NULL,NULL,'0',NULL,NULL,'PRODUCTS',NULL,NULL,NULL,NULL,'1','1','1',NULL,NULL,NULL,NULL,NULL,NULL,NULL,NULL,NULL,NULL,NULL,NULL,'Push-Up',NULL,NULL,NULL,'push-up','bras-bralettes/push-up'),('32',3,'3','2017-11-25 19:44:47','2017-11-25 19:44:47','1/2/3/32','5','3','0',3,NULL,NULL,NULL,'0',NULL,NULL,NULL,NULL,'0',NULL,NULL,'PRODUCTS',NULL,NULL,NULL,NULL,'1','1','1',NULL,NULL,NULL,NULL,NULL,NULL,NULL,NULL,NULL,NULL,NULL,NULL,'Sports Bras',NULL,NULL,NULL,'sports-bras','bras-bralettes/sports-bras'),('33',3,'20','2017-12-26 15:00:01','2017-12-26 15:00:01','1/2/5/20/33','1','4','0',3,NULL,NULL,NULL,'0',NULL,NULL,NULL,NULL,'0',NULL,NULL,'PRODUCTS',NULL,'0',NULL,NULL,'1','1','1',NULL,NULL,NULL,NULL,NULL,NULL,NULL,NULL,NULL,'1','0','static','Bralettes',NULL,NULL,NULL,'bralettes','lingerie/babydolls-slips/bralettes'),('34',3,'20','2017-12-26 15:31:19','2017-12-26 15:31:19','1/2/5/20/34','2','4','0',3,NULL,NULL,NULL,'0',NULL,NULL,NULL,NULL,'0',NULL,NULL,'PRODUCTS',NULL,'0',NULL,NULL,'0','1','1',NULL,NULL,NULL,NULL,NULL,NULL,NULL,NULL,NULL,'1','0','static','Unlined',NULL,NULL,NULL,'unlined','lingerie/babydolls-slips/unlined'),('35',3,'20','2017-12-26 15:32:00','2017-12-26 15:32:00','1/2/5/20/35','3','4','0',3,NULL,NULL,NULL,'0',NULL,NULL,NULL,NULL,'0',NULL,NULL,'PRODUCTS',NULL,'0',NULL,NULL,'1','1','1',NULL,NULL,NULL,NULL,NULL,NULL,NULL,NULL,NULL,'1','0','static','Lightly Lined',NULL,NULL,NULL,'lightly-lined','lingerie/babydolls-slips/lightly-lined'),('36',3,'20','2017-12-26 15:32:57','2017-12-26 15:32:57','1/2/5/20/36','4','4','0',3,NULL,NULL,NULL,'0',NULL,NULL,NULL,NULL,'0',NULL,NULL,'PRODUCTS',NULL,'0',NULL,NULL,'0','1','1',NULL,NULL,NULL,NULL,NULL,NULL,NULL,NULL,NULL,'1','0','static','Perfect Coverage',NULL,NULL,NULL,'perfect-coverage','lingerie/babydolls-slips/perfect-coverage'),('37',3,'20','2017-12-26 15:33:37','2017-12-26 15:33:38','1/2/5/20/37','5','4','0',3,NULL,NULL,NULL,'0',NULL,NULL,NULL,NULL,'0',NULL,NULL,'PRODUCTS',NULL,'0',NULL,NULL,'1','1','1',NULL,NULL,NULL,NULL,NULL,NULL,NULL,NULL,NULL,'1','0','static','Push-Up',NULL,NULL,NULL,'push-up','lingerie/babydolls-slips/push-up'),('38',3,'20','2017-12-26 15:34:25','2017-12-26 15:34:25','1/2/5/20/38','6','4','0',3,NULL,NULL,NULL,'0',NULL,NULL,NULL,NULL,'0',NULL,NULL,'PRODUCTS',NULL,'0',NULL,NULL,'1','1','1',NULL,NULL,NULL,NULL,NULL,NULL,NULL,NULL,NULL,'1','0','static','Lounge & Wireless',NULL,NULL,NULL,'lounge-wireless','lingerie/babydolls-slips/lounge-wireless'),('39',3,'21','2017-12-26 15:35:33','2017-12-26 15:35:33','1/2/5/21/39','2','4','0',3,NULL,NULL,NULL,'0',NULL,NULL,NULL,NULL,'0',NULL,NULL,'PRODUCTS',NULL,'0',NULL,NULL,'1','1','1',NULL,NULL,NULL,NULL,NULL,NULL,NULL,NULL,NULL,'1','0','static','Strapless',NULL,NULL,NULL,'strapless','lingerie/teddies-bodysuits/strapless'),('40',3,'21','2017-12-26 15:36:39','2017-12-26 15:36:39','1/2/5/21/40','3','4','0',3,NULL,NULL,NULL,'0',NULL,NULL,NULL,NULL,'0',NULL,NULL,'PRODUCTS',NULL,'0',NULL,NULL,'1','1','1',NULL,NULL,NULL,NULL,NULL,NULL,NULL,NULL,NULL,'1','0','static','Sport Bras',NULL,NULL,NULL,'sport-bras','lingerie/teddies-bodysuits/sport-bras');

--
-- Table structure for table `catalog_category_product`
--

CREATE TABLE `catalog_category_product` (
  `entity_id` int(11) NOT NULL AUTO_INCREMENT COMMENT 'Entity ID',
  `category_id` int(10) unsigned NOT NULL DEFAULT '0' COMMENT 'Category ID',
  `product_id` int(10) unsigned NOT NULL DEFAULT '0' COMMENT 'Product ID',
  `position` int(11) NOT NULL DEFAULT '0' COMMENT 'Position',
  PRIMARY KEY (`entity_id`,`category_id`,`product_id`),
  UNIQUE KEY `CATALOG_CATEGORY_PRODUCT_CATEGORY_ID_PRODUCT_ID` (`category_id`,`product_id`),
  KEY `CATALOG_CATEGORY_PRODUCT_PRODUCT_ID` (`product_id`)
) ENGINE=InnoDB AUTO_INCREMENT=1076 DEFAULT CHARSET=utf8 COMMENT='Catalog Product To Category Linkage Table';

--
-- Dumping data for table `catalog_category_product`
--

INSERT INTO `catalog_category_product` VALUES ('1','3','1','0'),('2','4','1','0'),('3','5','1','0'),('4','6','1','0'),('5','7','1','0'),('6','11','1','0'),('7','8','1','0'),('8','10','1','0'),('9','12','1','0'),('10','13','1','0'),('11','14','1','0'),('12','15','1','0'),('13','16','1','0'),('14','18','1','0'),('15','19','1','0'),('16','20','1','0'),('17','21','1','0'),('18','22','1','0'),('19','24','1','0'),('20','25','1','0'),('21','26','1','0'),('22','27','1','0'),('23','29','1','0'),('24','30','1','0'),('25','31','1','0'),('26','32','1','0'),('27','3','2','0'),('28','4','2','0'),('29','5','2','0'),('30','6','2','0'),('31','7','2','0'),('32','11','2','0'),('33','8','2','0'),('34','10','2','0'),('35','12','2','0'),('36','13','2','0'),('37','14','2','0'),('38','15','2','0'),('39','17','2','0'),('40','19','2','0'),('41','20','2','0'),('42','21','2','0'),('43','22','2','0'),('44','23','2','0'),('45','24','2','0'),('46','25','2','0'),('47','28','2','0'),('48','29','2','0'),('49','30','2','0'),('50','31','2','0'),('51','32','2','0'),('52','3','3','0'),('53','4','3','0'),('54','5','3','0'),('55','6','3','0'),('56','7','3','0'),('57','11','3','0'),('58','8','3','0'),('59','10','3','0'),('60','12','3','0'),('61','13','3','0'),('62','14','3','0'),('63','15','3','0'),('64','17','3','0'),('65','19','3','0'),('66','20','3','0'),('67','21','3','0'),('68','22','3','0'),('69','23','3','0'),('70','24','3','0'),('71','25','3','0'),('72','28','3','0'),('73','29','3','0'),('74','30','3','0'),('75','31','3','0'),('76','32','3','0'),('77','3','4','0'),('78','4','4','0'),('79','5','4','0'),('80','6','4','0'),('81','7','4','0'),('82','11','4','0'),('83','8','4','0'),('84','10','4','0'),('85','12','4','0'),('86','13','4','0'),('87','14','4','0'),('88','15','4','0'),('89','17','4','0'),('90','19','4','0'),('91','20','4','0'),('92','21','4','0'),('93','22','4','0'),('94','23','4','0'),('95','24','4','0'),('96','25','4','0'),('97','28','4','0'),('98','29','4','0'),('99','30','4','0'),('100','31','4','0'),('101','32','4','0'),('102','3','5','0'),('103','4','5','0'),('104','5','5','0'),('105','6','5','0'),('106','7','5','0'),('107','11','5','0'),('108','8','5','0'),('109','10','5','0'),('110','12','5','0'),('111','13','5','0'),('112','14','5','0'),('113','15','5','0'),('114','17','5','0'),('115','19','5','0'),('116','20','5','0'),('117','21','5','0'),('118','22','5','0'),('119','23','5','0'),('120','24','5','0'),('121','25','5','0'),('122','28','5','0'),('123','29','5','0'),('124','30','5','0'),('125','31','5','0'),('126','32','5','0'),('127','3','6','0'),('128','4','6','0'),('129','5','6','0'),('130','6','6','0'),('131','7','6','0'),('132','11','6','0'),('133','8','6','0'),('134','12','6','0'),('135','13','6','0'),('136','15','6','0'),('137','17','6','0'),('138','19','6','0'),('139','20','6','0'),('140','22','6','0'),('141','23','6','0'),('142','25','6','0'),('143','26','6','0'),('144','28','6','0'),('145','29','6','0'),('146','30','6','0'),('147','31','6','0'),('148','32','6','0'),('149','3','7','0'),('150','4','7','0'),('151','5','7','0'),('152','6','7','0'),('153','7','7','0'),('154','11','7','0'),('155','8','7','0'),('156','12','7','0'),('157','13','7','0'),('158','15','7','0'),('159','17','7','0'),('160','19','7','0'),('161','20','7','0'),('162','22','7','0'),('163','23','7','0'),('164','25','7','0'),('165','26','7','0'),('166','28','7','0'),('167','29','7','0'),('168','30','7','0'),('169','31','7','0'),('170','32','7','0'),('171','3','8','0'),('172','4','8','0'),('173','5','8','0'),('174','6','8','0'),('175','7','8','0'),('176','11','8','0'),('177','8','8','0'),('178','12','8','0'),('179','13','8','0'),('180','15','8','0'),('181','17','8','0'),('182','19','8','0'),('183','20','8','0'),('184','22','8','0'),('185','23','8','0'),('186','25','8','0'),('187','26','8','0'),('188','28','8','0'),('189','29','8','0'),('190','30','8','0'),('191','31','8','0'),('192','32','8','0'),('303','3','14','0'),('304','4','14','0'),('305','5','14','0'),('306','6','14','0'),('307','7','14','0'),('308','11','14','0'),('309','8','14','0'),('310','9','14','0'),('311','12','14','0'),('312','13','14','0'),('313','16','14','0'),('314','17','14','0'),('315','18','14','0'),('316','19','14','0'),('317','20','14','0'),('318','21','14','0'),('319','22','14','0'),('320','24','14','0'),('321','25','14','0'),('322','26','14','0'),('323','27','14','0'),('324','29','14','0'),('325','31','14','0'),('326','32','14','0'),('327','3','15','0'),('328','4','15','0'),('329','5','15','0'),('330','6','15','0'),('331','7','15','0'),('332','11','15','0'),('333','8','15','0'),('334','9','15','0'),('335','12','15','0'),('336','13','15','0'),('337','16','15','0'),('338','17','15','0'),('339','18','15','0'),('340','19','15','0'),('341','20','15','0'),('342','21','15','0'),('343','22','15','0'),('344','24','15','0'),('345','25','15','0'),('346','26','15','0'),('347','27','15','0'),('348','29','15','0'),('349','31','15','0'),('350','32','15','0'),('351','3','16','0'),('352','4','16','0'),('353','5','16','0'),('354','6','16','0'),('355','7','16','0'),('356','11','16','0'),('357','9','16','0'),('358','10','16','0'),('359','13','16','0'),('360','14','16','0'),('361','15','16','0'),('362','17','16','0'),('363','18','16','0'),('364','19','16','0'),('365','21','16','0'),('366','22','16','0'),('367','23','16','0'),('368','24','16','0'),('369','25','16','0'),('370','27','16','0'),('371','29','16','0'),('372','31','16','0'),('373','32','16','0'),('374','3','17','0'),('375','4','17','0'),('376','5','17','0'),('377','6','17','0'),('378','7','17','0'),('379','11','17','0'),('380','9','17','0'),('381','10','17','0'),('382','13','17','0'),('383','14','17','0'),('384','15','17','0'),('385','17','17','0'),('386','18','17','0'),('387','19','17','0'),('388','21','17','0'),('389','22','17','0'),('390','23','17','0'),('391','24','17','0'),('392','25','17','0'),('393','27','17','0'),('394','29','17','0'),('395','31','17','0'),('396','32','17','0'),('397','3','18','0'),('398','4','18','0'),('399','5','18','0'),('400','6','18','0'),('401','7','18','0'),('402','11','18','0'),('403','9','18','0'),('404','10','18','0'),('405','13','18','0'),('406','14','18','0'),('407','15','18','0'),('408','17','18','0'),('409','18','18','0'),('410','19','18','0'),('411','21','18','0'),('412','22','18','0'),('413','23','18','0'),('414','24','18','0'),('415','25','18','0'),('416','27','18','0'),('417','29','18','0'),('418','31','18','0'),('419','32','18','0'),('420','3','19','0'),('421','4','19','0'),('422','5','19','0'),('423','6','19','0'),('424','7','19','0'),('425','11','19','0'),('426','9','19','0'),('427','10','19','0'),('428','13','19','0'),('429','14','19','0'),('430','15','19','0'),('431','17','19','0'),('432','18','19','0'),('433','19','19','0'),('434','21','19','0'),('435','22','19','0'),('436','23','19','0'),('437','24','19','0'),('438','25','19','0'),('439','27','19','0'),('440','29','19','0'),('441','31','19','0'),('442','32','19','0'),('443','3','20','0'),('444','4','20','0'),('445','5','20','0'),('446','6','20','0'),('447','7','20','0'),('448','11','20','0'),('449','9','20','0'),('450','10','20','0'),('451','13','20','0'),('452','14','20','0'),('453','15','20','0'),('454','17','20','0'),('455','18','20','0'),('456','19','20','0'),('457','21','20','0'),('458','22','20','0'),('459','23','20','0'),('460','24','20','0'),('461','25','20','0'),('462','27','20','0'),('463','29','20','0'),('464','31','20','0'),('465','32','20','0'),('466','3','21','0'),('467','4','21','0'),('468','5','21','0'),('469','6','21','0'),('470','7','21','0'),('471','11','21','0'),('472','9','21','0'),('473','10','21','0'),('474','13','21','0'),('475','14','21','0'),('476','15','21','0'),('477','17','21','0'),('478','18','21','0'),('479','19','21','0'),('480','21','21','0'),('481','22','21','0'),('482','23','21','0'),('483','24','21','0'),('484','25','21','0'),('485','27','21','0'),('486','29','21','0'),('487','31','21','0'),('488','32','21','0'),('489','3','22','0'),('490','4','22','0'),('491','5','22','0'),('492','6','22','0'),('493','7','22','0'),('494','11','22','0'),('495','9','22','0'),('496','10','22','0'),('497','13','22','0'),('498','14','22','0'),('499','15','22','0'),('500','17','22','0'),('501','18','22','0'),('502','19','22','0'),('503','21','22','0'),('504','22','22','0'),('505','23','22','0'),('506','24','22','0'),('507','25','22','0'),('508','27','22','0'),('509','29','22','0'),('510','31','22','0'),('511','32','22','0'),('512','3','23','0'),('513','4','23','0'),('514','5','23','0'),('515','6','23','0'),('516','7','23','0'),('517','11','23','0'),('518','9','23','0'),('519','10','23','0'),('520','13','23','0'),('521','14','23','0'),('522','15','23','0'),('523','17','23','0'),('524','18','23','0'),('525','19','23','0'),('526','21','23','0'),('527','22','23','0'),('528','23','23','0'),('529','24','23','0'),('530','25','23','0'),('531','27','23','0'),('532','29','23','0'),('533','31','23','0'),('534','32','23','0'),('535','3','24','0'),('536','4','24','0'),('537','5','24','0'),('538','6','24','0'),('539','7','24','0'),('540','11','24','0'),('541','9','24','0'),('542','10','24','0'),('543','13','24','0'),('544','14','24','0'),('545','15','24','0'),('546','17','24','0'),('547','18','24','0'),('548','19','24','0'),('549','21','24','0'),('550','22','24','0'),('551','23','24','0'),('552','24','24','0'),('553','25','24','0'),('554','27','24','0'),('555','29','24','0'),('556','31','24','0'),('557','32','24','0'),('558','3','25','0'),('559','4','25','0'),('560','5','25','0'),('561','6','25','0'),('562','7','25','0'),('563','11','25','0'),('564','9','25','0'),('565','10','25','0'),('566','13','25','0'),('567','14','25','0'),('568','15','25','0'),('569','17','25','0'),('570','18','25','0'),('571','19','25','0'),('572','21','25','0'),('573','22','25','0'),('574','23','25','0'),('575','24','25','0'),('576','25','25','0'),('577','27','25','0'),('578','29','25','0'),('579','31','25','0'),('580','32','25','0'),('581','3','26','0'),('582','4','26','0'),('583','5','26','0'),('584','6','26','0'),('585','7','26','0'),('586','11','26','0'),('587','9','26','0'),('588','10','26','0'),('589','13','26','0'),('590','14','26','0'),('591','15','26','0'),('592','17','26','0'),('593','18','26','0'),('594','19','26','0'),('595','21','26','0'),('596','22','26','0'),('597','23','26','0'),('598','24','26','0'),('599','25','26','0'),('600','27','26','0'),('601','29','26','0'),('602','31','26','0'),('603','32','26','0'),('604','3','27','0'),('605','4','27','0'),('606','5','27','0'),('607','6','27','0'),('608','7','27','0'),('609','11','27','0'),('610','9','27','0'),('611','10','27','0'),('612','13','27','0'),('613','14','27','0'),('614','15','27','0'),('615','17','27','0'),('616','18','27','0'),('617','19','27','0'),('618','21','27','0'),('619','22','27','0'),('620','23','27','0'),('621','24','27','0'),('622','25','27','0'),('623','27','27','0'),('624','29','27','0'),('625','31','27','0'),('626','32','27','0'),('627','3','28','0'),('628','4','28','0'),('629','5','28','0'),('630','6','28','0'),('631','7','28','0'),('632','11','28','0'),('633','9','28','0'),('634','10','28','0'),('635','13','28','0'),('636','14','28','0'),('637','15','28','0'),('638','17','28','0'),('639','18','28','0'),('640','19','28','0'),('641','21','28','0'),('642','22','28','0'),('643','23','28','0'),('644','24','28','0'),('645','25','28','0'),('646','27','28','0'),('647','29','28','0'),('648','31','28','0'),('649','32','28','0'),('650','3','29','0'),('651','4','29','0'),('652','5','29','0'),('653','6','29','0'),('654','7','29','0'),('655','11','29','0'),('656','9','29','0'),('657','10','29','0'),('658','13','29','0'),('659','14','29','0'),('660','15','29','0'),('661','17','29','0'),('662','18','29','0'),('663','19','29','0'),('664','21','29','0'),('665','22','29','0'),('666','23','29','0'),('667','24','29','0'),('668','25','29','0'),('669','27','29','0'),('670','29','29','0'),('671','31','29','0'),('672','32','29','0'),('673','3','30','0'),('674','4','30','0'),('675','5','30','0'),('676','6','30','0'),('677','7','30','0'),('678','11','30','0'),('679','9','30','0'),('680','10','30','0'),('681','13','30','0'),('682','14','30','0'),('683','15','30','0'),('684','17','30','0'),('685','18','30','0'),('686','19','30','0'),('687','21','30','0'),('688','22','30','0'),('689','23','30','0'),('690','24','30','0'),('691','25','30','0'),('692','27','30','0'),('693','29','30','0'),('694','31','30','0'),('695','32','30','0'),('696','3','31','0'),('697','4','31','0'),('698','5','31','0'),('699','6','31','0'),('700','7','31','0'),('701','11','31','0'),('702','9','31','0'),('703','10','31','0'),('704','13','31','0'),('705','14','31','0'),('706','15','31','0'),('707','17','31','0'),('708','18','31','0'),('709','19','31','0'),('710','21','31','0'),('711','22','31','0'),('712','23','31','0'),('713','24','31','0'),('714','25','31','0'),('715','27','31','0'),('716','29','31','0'),('717','31','31','0'),('718','32','31','0'),('719','3','32','0'),('720','4','32','0'),('721','5','32','0'),('722','6','32','0'),('723','7','32','0'),('724','11','32','0'),('725','8','32','0'),('726','10','32','0'),('727','12','32','0'),('728','13','32','0'),('729','14','32','0'),('730','16','32','0'),('731','18','32','0'),('732','19','32','0'),('733','21','32','0'),('734','23','32','0'),('735','25','32','0'),('736','26','32','0'),('737','29','32','0'),('738','30','32','0'),('739','32','32','0'),('740','3','33','0'),('741','4','33','0'),('742','5','33','0'),('743','6','33','0'),('744','7','33','0'),('745','11','33','0'),('746','8','33','0'),('747','10','33','0'),('748','12','33','0'),('749','13','33','0'),('750','14','33','0'),('751','16','33','0'),('752','18','33','0'),('753','19','33','0'),('754','21','33','0'),('755','23','33','0'),('756','25','33','0'),('757','26','33','0'),('758','29','33','0'),('759','30','33','0'),('760','32','33','0'),('761','3','34','0'),('762','4','34','0'),('763','5','34','0'),('764','6','34','0'),('765','7','34','0'),('766','11','34','0'),('767','8','34','0'),('768','10','34','0'),('769','12','34','0'),('770','13','34','0'),('771','14','34','0'),('772','16','34','0'),('773','18','34','0'),('774','19','34','0'),('775','21','34','0'),('776','23','34','0'),('777','25','34','0'),('778','26','34','0'),('779','29','34','0'),('780','30','34','0'),('781','32','34','0'),('782','3','35','0'),('783','4','35','0'),('784','5','35','0'),('785','6','35','0'),('786','7','35','0'),('787','11','35','0'),('788','8','35','0'),('789','10','35','0'),('790','12','35','0'),('791','13','35','0'),('792','14','35','0'),('793','16','35','0'),('794','18','35','0'),('795','19','35','0'),('796','21','35','0'),('797','23','35','0'),('798','25','35','0'),('799','26','35','0'),('800','29','35','0'),('801','30','35','0'),('802','32','35','0'),('803','3','36','0'),('804','4','36','0'),('805','5','36','0'),('806','6','36','0'),('807','7','36','0'),('808','11','36','0'),('809','8','36','0'),('810','10','36','0'),('811','12','36','0'),('812','13','36','0'),('813','14','36','0'),('814','16','36','0'),('815','18','36','0'),('816','19','36','0'),('817','21','36','0'),('818','23','36','0'),('819','25','36','0'),('820','26','36','0'),('821','29','36','0'),('822','30','36','0'),('823','32','36','0'),('824','3','37','0'),('825','4','37','0'),('826','5','37','0'),('827','6','37','0'),('828','7','37','0'),('829','11','37','0'),('830','8','37','0'),('831','10','37','0'),('832','12','37','0'),('833','13','37','0'),('834','14','37','0'),('835','16','37','0'),('836','18','37','0'),('837','19','37','0'),('838','21','37','0'),('839','23','37','0'),('840','25','37','0'),('841','26','37','0'),('842','29','37','0'),('843','30','37','0'),('844','32','37','0'),('845','3','38','0'),('846','4','38','0'),('847','5','38','0'),('848','6','38','0'),('849','7','38','0'),('850','11','38','0'),('851','8','38','0'),('852','10','38','0'),('853','12','38','0'),('854','13','38','0'),('855','14','38','0'),('856','16','38','0'),('857','18','38','0'),('858','19','38','0'),('859','21','38','0'),('860','23','38','0'),('861','25','38','0'),('862','26','38','0'),('863','29','38','0'),('864','30','38','0'),('865','32','38','0'),('866','3','39','0'),('867','4','39','0'),('868','5','39','0'),('869','6','39','0'),('870','7','39','0'),('871','11','39','0'),('872','8','39','0'),('873','10','39','0'),('874','12','39','0'),('875','13','39','0'),('876','14','39','0'),('877','16','39','0'),('878','18','39','0'),('879','19','39','0'),('880','21','39','0'),('881','23','39','0'),('882','25','39','0'),('883','26','39','0'),('884','29','39','0'),('885','30','39','0'),('886','32','39','0'),('887','3','40','0'),('888','4','40','0'),('889','5','40','0'),('890','6','40','0'),('891','7','40','0'),('892','11','40','0'),('893','8','40','0'),('894','10','40','0'),('895','12','40','0'),('896','13','40','0'),('897','14','40','0'),('898','16','40','0'),('899','18','40','0'),('900','19','40','0'),('901','21','40','0'),('902','23','40','0'),('903','25','40','0'),('904','26','40','0'),('905','29','40','0'),('906','30','40','0'),('907','32','40','0'),('908','3','41','0'),('909','4','41','0'),('910','5','41','0'),('911','6','41','0'),('912','7','41','0'),('913','11','41','0'),('914','8','41','0'),('915','10','41','0'),('916','12','41','0'),('917','13','41','0'),('918','14','41','0'),('919','16','41','0'),('920','18','41','0'),('921','19','41','0'),('922','21','41','0'),('923','23','41','0'),('924','25','41','0'),('925','26','41','0'),('926','29','41','0'),('927','30','41','0'),('928','32','41','0'),('929','3','42','0'),('930','4','42','0'),('931','5','42','0'),('932','6','42','0'),('933','7','42','0'),('934','11','42','0'),('935','8','42','0'),('936','10','42','0'),('937','12','42','0'),('938','13','42','0'),('939','14','42','0'),('940','16','42','0'),('941','18','42','0'),('942','19','42','0'),('943','21','42','0'),('944','23','42','0'),('945','25','42','0'),('946','26','42','0'),('947','29','42','0'),('948','30','42','0'),('949','32','42','0'),('950','3','43','0'),('951','4','43','0'),('952','5','43','0'),('953','6','43','0'),('954','7','43','0'),('955','11','43','0'),('956','8','43','0'),('957','10','43','0'),('958','12','43','0'),('959','13','43','0'),('960','14','43','0'),('961','16','43','0'),('962','18','43','0'),('963','19','43','0'),('964','21','43','0'),('965','23','43','0'),('966','25','43','0'),('967','26','43','0'),('968','29','43','0'),('969','30','43','0'),('970','32','43','0'),('971','3','44','0'),('972','4','44','0'),('973','5','44','0'),('974','6','44','0'),('975','7','44','0'),('976','11','44','0'),('977','8','44','0'),('978','10','44','0'),('979','12','44','0'),('980','13','44','0'),('981','14','44','0'),('982','16','44','0'),('983','18','44','0'),('984','19','44','0'),('985','21','44','0'),('986','23','44','0'),('987','25','44','0'),('988','26','44','0'),('989','29','44','0'),('990','30','44','0'),('991','32','44','0'),('992','3','45','0'),('993','4','45','0'),('994','5','45','0'),('995','6','45','0'),('996','7','45','0'),('997','11','45','0'),('998','8','45','0'),('999','10','45','0'),('1000','12','45','0'),('1001','13','45','0'),('1002','14','45','0'),('1003','16','45','0'),('1004','18','45','0'),('1005','19','45','0'),('1006','21','45','0'),('1007','23','45','0'),('1008','25','45','0'),('1009','26','45','0'),('1010','29','45','0'),('1011','30','45','0'),('1012','32','45','0'),('1013','3','46','0'),('1014','4','46','0'),('1015','5','46','0'),('1016','6','46','0'),('1017','7','46','0'),('1018','11','46','0'),('1019','8','46','0'),('1020','10','46','0'),('1021','12','46','0'),('1022','13','46','0'),('1023','14','46','0'),('1024','16','46','0'),('1025','18','46','0'),('1026','19','46','0'),('1027','21','46','0'),('1028','23','46','0'),('1029','25','46','0'),('1030','26','46','0'),('1031','29','46','0'),('1032','30','46','0'),('1033','32','46','0'),('1034','3','47','0'),('1035','4','47','0'),('1036','5','47','0'),('1037','6','47','0'),('1038','7','47','0'),('1039','11','47','0'),('1040','8','47','0'),('1041','10','47','0'),('1042','12','47','0'),('1043','13','47','0'),('1044','14','47','0'),('1045','16','47','0'),('1046','18','47','0'),('1047','19','47','0'),('1048','21','47','0'),('1049','23','47','0'),('1050','25','47','0'),('1051','26','47','0'),('1052','29','47','0'),('1053','30','47','0'),('1054','32','47','0'),('1055','3','48','0'),('1056','4','48','0'),('1057','5','48','0'),('1058','6','48','0'),('1059','7','48','0'),('1060','11','48','0'),('1061','8','48','0'),('1062','10','48','0'),('1063','12','48','0'),('1064','13','48','0'),('1065','14','48','0'),('1066','16','48','0'),('1067','18','48','0'),('1068','19','48','0'),('1069','21','48','0'),('1070','23','48','0'),('1071','25','48','0'),('1072','26','48','0'),('1073','29','48','0'),('1074','30','48','0'),('1075','32','48','0');

--
-- Table structure for table `catalog_category_product_index`
--

CREATE TABLE `catalog_category_product_index` (
  `category_id` int(10) unsigned NOT NULL DEFAULT '0' COMMENT 'Category ID',
  `product_id` int(10) unsigned NOT NULL DEFAULT '0' COMMENT 'Product ID',
  `position` int(11) DEFAULT NULL COMMENT 'Position',
  `is_parent` smallint(5) unsigned NOT NULL DEFAULT '0' COMMENT 'Is Parent',
  `store_id` smallint(5) unsigned NOT NULL DEFAULT '0' COMMENT 'Store ID',
  `visibility` smallint(5) unsigned NOT NULL COMMENT 'Visibility',
  PRIMARY KEY (`category_id`,`product_id`,`store_id`),
  KEY `CAT_CTGR_PRD_IDX_PRD_ID_STORE_ID_CTGR_ID_VISIBILITY` (`product_id`,`store_id`,`category_id`,`visibility`),
  KEY `CAT_CTGR_PRD_IDX_STORE_ID_CTGR_ID_VISIBILITY_IS_PARENT_POSITION` (`store_id`,`category_id`,`visibility`,`is_parent`,`position`)
) ENGINE=InnoDB DEFAULT CHARSET=utf8 COMMENT='Catalog Category Product Index';

--
-- Dumping data for table `catalog_category_product_index`
--

INSERT INTO `catalog_category_product_index` VALUES ('2','1','0',1,1,4),('2','2','0',1,1,4),('2','3','0',1,1,4),('2','4','0',1,1,4),('2','5','0',1,1,4),('2','6','0',1,1,4),('2','7','0',1,1,4),('2','8','0',1,1,4),('2','14','0',1,1,4),('2','15','0',1,1,4),('2','16','0',1,1,4),('2','17','0',1,1,4),('2','18','0',1,1,4),('2','19','0',1,1,4),('2','20','0',1,1,4),('2','32','0',1,1,4),('2','33','0',1,1,4),('2','34','0',1,1,4),('2','35','0',1,1,4),('2','36','0',1,1,4),('3','1','0',1,1,4),('3','2','0',1,1,4),('3','3','0',1,1,4),('3','4','0',1,1,4),('3','5','0',1,1,4),('3','6','0',1,1,4),('3','7','0',1,1,4),('3','8','0',1,1,4),('3','14','0',1,1,4),('3','15','0',1,1,4),('3','16','0',1,1,4),('3','17','0',1,1,4),('3','18','0',1,1,4),('3','19','0',1,1,4),('3','20','0',1,1,4),('3','32','0',1,1,4),('3','33','0',1,1,4),('3','34','0',1,1,4),('3','35','0',1,1,4),('3','36','0',1,1,4),('4','1','0',1,1,4),('4','2','0',1,1,4),('4','3','0',1,1,4),('4','4','0',1,1,4),('4','5','0',1,1,4),('4','6','0',1,1,4),('4','7','0',1,1,4),('4','8','0',1,1,4),('4','14','0',1,1,4),('4','15','0',1,1,4),('4','16','0',1,1,4),('4','17','0',1,1,4),('4','18','0',1,1,4),('4','19','0',1,1,4),('4','20','0',1,1,4),('4','32','0',1,1,4),('4','33','0',1,1,4),('4','34','0',1,1,4),('4','35','0',1,1,4),('4','36','0',1,1,4),('5','1','0',1,1,4),('5','2','0',1,1,4),('5','3','0',1,1,4),('5','4','0',1,1,4),('5','5','0',1,1,4),('5','6','0',1,1,4),('5','7','0',1,1,4),('5','8','0',1,1,4),('5','14','0',1,1,4),('5','15','0',1,1,4),('5','16','0',1,1,4),('5','17','0',1,1,4),('5','18','0',1,1,4),('5','19','0',1,1,4),('5','20','0',1,1,4),('5','32','0',1,1,4),('5','33','0',1,1,4),('5','34','0',1,1,4),('5','35','0',1,1,4),('5','36','0',1,1,4),('6','1','0',1,1,4),('6','2','0',1,1,4),('6','3','0',1,1,4),('6','4','0',1,1,4),('6','5','0',1,1,4),('6','6','0',1,1,4),('6','7','0',1,1,4),('6','8','0',1,1,4),('6','14','0',1,1,4),('6','15','0',1,1,4),('6','16','0',1,1,4),('6','17','0',1,1,4),('6','18','0',1,1,4),('6','19','0',1,1,4),('6','20','0',1,1,4),('6','32','0',1,1,4),('6','33','0',1,1,4),('6','34','0',1,1,4),('6','35','0',1,1,4),('6','36','0',1,1,4),('7','1','0',1,1,4),('7','2','0',1,1,4),('7','3','0',1,1,4),('7','4','0',1,1,4),('7','5','0',1,1,4),('7','6','0',1,1,4),('7','7','0',1,1,4),('7','8','0',1,1,4),('7','14','0',1,1,4),('7','15','0',1,1,4),('7','16','0',1,1,4),('7','17','0',1,1,4),('7','18','0',1,1,4),('7','19','0',1,1,4),('7','20','0',1,1,4),('7','32','0',1,1,4),('7','33','0',1,1,4),('7','34','0',1,1,4),('7','35','0',1,1,4),('7','36','0',1,1,4),('8','1','0',1,1,4),('8','2','0',1,1,4),('8','3','0',1,1,4),('8','4','0',1,1,4),('8','5','0',1,1,4),('8','6','0',1,1,4),('8','7','0',1,1,4),('8','8','0',1,1,4),('8','14','0',1,1,4),('8','15','0',1,1,4),('8','32','0',1,1,4),('8','33','0',1,1,4),('8','34','0',1,1,4),('8','35','0',1,1,4),('8','36','0',1,1,4),('9','14','0',1,1,4),('9','15','0',1,1,4),('9','16','0',1,1,4),('9','17','0',1,1,4),('9','18','0',1,1,4),('9','19','0',1,1,4),('9','20','0',1,1,4),('10','1','0',1,1,4),('10','2','0',1,1,4),('10','3','0',1,1,4),('10','4','0',1,1,4),('10','5','0',1,1,4),('10','16','0',1,1,4),('10','17','0',1,1,4),('10','18','0',1,1,4),('10','19','0',1,1,4),('10','20','0',1,1,4),('10','32','0',1,1,4),('10','33','0',1,1,4),('10','34','0',1,1,4),('10','35','0',1,1,4),('10','36','0',1,1,4),('11','1','0',1,1,4),('11','2','0',1,1,4),('11','3','0',1,1,4),('11','4','0',1,1,4),('11','5','0',1,1,4),('11','6','0',1,1,4),('11','7','0',1,1,4),('11','8','0',1,1,4),('11','14','0',1,1,4),('11','15','0',1,1,4),('11','16','0',1,1,4),('11','17','0',1,1,4),('11','18','0',1,1,4),('11','19','0',1,1,4),('11','20','0',1,1,4),('11','32','0',1,1,4),('11','33','0',1,1,4),('11','34','0',1,1,4),('11','35','0',1,1,4),('11','36','0',1,1,4),('12','1','0',1,1,4),('12','2','0',1,1,4),('12','3','0',1,1,4),('12','4','0',1,1,4),('12','5','0',1,1,4),('12','6','0',1,1,4),('12','7','0',1,1,4),('12','8','0',1,1,4),('12','14','0',1,1,4),('12','15','0',1,1,4),('12','32','0',1,1,4),('12','33','0',1,1,4),('12','34','0',1,1,4),('12','35','0',1,1,4),('12','36','0',1,1,4),('13','1','0',1,1,4),('13','2','0',1,1,4),('13','3','0',1,1,4),('13','4','0',1,1,4),('13','5','0',1,1,4),('13','6','0',1,1,4),('13','7','0',1,1,4),('13','8','0',1,1,4),('13','14','0',1,1,4),('13','15','0',1,1,4),('13','16','0',1,1,4),('13','17','0',1,1,4),('13','18','0',1,1,4),('13','19','0',1,1,4),('13','20','0',1,1,4),('13','32','0',1,1,4),('13','33','0',1,1,4),('13','34','0',1,1,4),('13','35','0',1,1,4),('13','36','0',1,1,4),('14','1','0',1,1,4),('14','2','0',1,1,4),('14','3','0',1,1,4),('14','4','0',1,1,4),('14','5','0',1,1,4),('14','16','0',1,1,4),('14','17','0',1,1,4),('14','18','0',1,1,4),('14','19','0',1,1,4),('14','20','0',1,1,4),('14','32','0',1,1,4),('14','33','0',1,1,4),('14','34','0',1,1,4),('14','35','0',1,1,4),('14','36','0',1,1,4),('15','1','0',1,1,4),('15','2','0',1,1,4),('15','3','0',1,1,4),('15','4','0',1,1,4),('15','5','0',1,1,4),('15','6','0',1,1,4),('15','7','0',1,1,4),('15','8','0',1,1,4),('15','16','0',1,1,4),('15','17','0',1,1,4),('15','18','0',1,1,4),('15','19','0',1,1,4),('15','20','0',1,1,4),('16','1','0',1,1,4),('16','14','0',1,1,4),('16','15','0',1,1,4),('16','32','0',1,1,4),('16','33','0',1,1,4),('16','34','0',1,1,4),('16','35','0',1,1,4),('16','36','0',1,1,4),('17','2','0',1,1,4),('17','3','0',1,1,4),('17','4','0',1,1,4),('17','5','0',1,1,4),('17','6','0',1,1,4),('17','7','0',1,1,4),('17','8','0',1,1,4),('17','14','0',1,1,4),('17','15','0',1,1,4),('17','16','0',1,1,4),('17','17','0',1,1,4),('17','18','0',1,1,4),('17','19','0',1,1,4),('17','20','0',1,1,4),('18','1','0',1,1,4),('18','14','0',1,1,4),('18','15','0',1,1,4),('18','16','0',1,1,4),('18','17','0',1,1,4),('18','18','0',1,1,4),('18','19','0',1,1,4),('18','20','0',1,1,4),('18','32','0',1,1,4),('18','33','0',1,1,4),('18','34','0',1,1,4),('18','35','0',1,1,4),('18','36','0',1,1,4),('19','1','0',1,1,4),('19','2','0',1,1,4),('19','3','0',1,1,4),('19','4','0',1,1,4),('19','5','0',1,1,4),('19','6','0',1,1,4),('19','7','0',1,1,4),('19','8','0',1,1,4),('19','14','0',1,1,4),('19','15','0',1,1,4),('19','16','0',1,1,4),('19','17','0',1,1,4),('19','18','0',1,1,4),('19','19','0',1,1,4),('19','20','0',1,1,4),('19','32','0',1,1,4),('19','33','0',1,1,4),('19','34','0',1,1,4),('19','35','0',1,1,4),('19','36','0',1,1,4),('20','1','0',1,1,4),('20','2','0',1,1,4),('20','3','0',1,1,4),('20','4','0',1,1,4),('20','5','0',1,1,4),('20','6','0',1,1,4),('20','7','0',1,1,4),('20','8','0',1,1,4),('20','14','0',1,1,4),('20','15','0',1,1,4),('21','6','10000',0,1,4),('21','7','10000',0,1,4),('21','8','10000',0,1,4),('21','1','0',1,1,4),('21','2','0',1,1,4),('21','3','0',1,1,4),('21','4','0',1,1,4),('21','5','0',1,1,4),('21','14','0',1,1,4),('21','15','0',1,1,4),('21','16','0',1,1,4),('21','17','0',1,1,4),('21','18','0',1,1,4),('21','19','0',1,1,4),('21','20','0',1,1,4),('21','32','0',1,1,4),('21','33','0',1,1,4),('21','34','0',1,1,4),('21','35','0',1,1,4),('21','36','0',1,1,4),('22','1','0',1,1,4),('22','2','0',1,1,4),('22','3','0',1,1,4),('22','4','0',1,1,4),('22','5','0',1,1,4),('22','6','0',1,1,4),('22','7','0',1,1,4),('22','8','0',1,1,4),('22','14','0',1,1,4),('22','15','0',1,1,4),('22','16','0',1,1,4),('22','17','0',1,1,4),('22','18','0',1,1,4),('22','19','0',1,1,4),('22','20','0',1,1,4),('23','2','0',1,1,4),('23','3','0',1,1,4),('23','4','0',1,1,4),('23','5','0',1,1,4),('23','6','0',1,1,4),('23','7','0',1,1,4),('23','8','0',1,1,4),('23','16','0',1,1,4),('23','17','0',1,1,4),('23','18','0',1,1,4),('23','19','0',1,1,4),('23','20','0',1,1,4),('23','32','0',1,1,4),('23','33','0',1,1,4),('23','34','0',1,1,4),('23','35','0',1,1,4),('23','36','0',1,1,4),('24','1','0',1,1,4),('24','2','0',1,1,4),('24','3','0',1,1,4),('24','4','0',1,1,4),('24','5','0',1,1,4),('24','14','0',1,1,4),('24','15','0',1,1,4),('24','16','0',1,1,4),('24','17','0',1,1,4),('24','18','0',1,1,4),('24','19','0',1,1,4),('24','20','0',1,1,4),('25','1','0',1,1,4),('25','2','0',1,1,4),('25','3','0',1,1,4),('25','4','0',1,1,4),('25','5','0',1,1,4),('25','6','0',1,1,4),('25','7','0',1,1,4),('25','8','0',1,1,4),('25','14','0',1,1,4),('25','15','0',1,1,4),('25','16','0',1,1,4),('25','17','0',1,1,4),('25','18','0',1,1,4),('25','19','0',1,1,4),('25','20','0',1,1,4),('25','32','0',1,1,4),('25','33','0',1,1,4),('25','34','0',1,1,4),('25','35','0',1,1,4),('25','36','0',1,1,4),('26','1','0',1,1,4),('26','6','0',1,1,4),('26','7','0',1,1,4),('26','8','0',1,1,4),('26','14','0',1,1,4),('26','15','0',1,1,4),('26','32','0',1,1,4),('26','33','0',1,1,4),('26','34','0',1,1,4),('26','35','0',1,1,4),('26','36','0',1,1,4),('27','1','0',1,1,4),('27','14','0',1,1,4),('27','15','0',1,1,4),('27','16','0',1,1,4),('27','17','0',1,1,4),('27','18','0',1,1,4),('27','19','0',1,1,4),('27','20','0',1,1,4),('28','2','0',1,1,4),('28','3','0',1,1,4),('28','4','0',1,1,4),('28','5','0',1,1,4),('28','6','0',1,1,4),('28','7','0',1,1,4),('28','8','0',1,1,4),('29','1','0',1,1,4),('29','2','0',1,1,4),('29','3','0',1,1,4),('29','4','0',1,1,4),('29','5','0',1,1,4),('29','6','0',1,1,4),('29','7','0',1,1,4),('29','8','0',1,1,4),('29','14','0',1,1,4),('29','15','0',1,1,4),('29','16','0',1,1,4),('29','17','0',1,1,4),('29','18','0',1,1,4),('29','19','0',1,1,4),('29','20','0',1,1,4),('29','32','0',1,1,4),('29','33','0',1,1,4),('29','34','0',1,1,4),('29','35','0',1,1,4),('29','36','0',1,1,4),('30','1','0',1,1,4),('30','2','0',1,1,4),('30','3','0',1,1,4),('30','4','0',1,1,4),('30','5','0',1,1,4),('30','6','0',1,1,4),('30','7','0',1,1,4),('30','8','0',1,1,4),('30','32','0',1,1,4),('30','33','0',1,1,4),('30','34','0',1,1,4),('30','35','0',1,1,4),('30','36','0',1,1,4),('31','1','0',1,1,4),('31','2','0',1,1,4),('31','3','0',1,1,4),('31','4','0',1,1,4),('31','5','0',1,1,4),('31','6','0',1,1,4),('31','7','0',1,1,4),('31','8','0',1,1,4),('31','14','0',1,1,4),('31','15','0',1,1,4),('31','16','0',1,1,4),('31','17','0',1,1,4),('31','18','0',1,1,4),('31','19','0',1,1,4),('31','20','0',1,1,4),('32','1','0',1,1,4),('32','2','0',1,1,4),('32','3','0',1,1,4),('32','4','0',1,1,4),('32','5','0',1,1,4),('32','6','0',1,1,4),('32','7','0',1,1,4),('32','8','0',1,1,4),('32','14','0',1,1,4),('32','15','0',1,1,4),('32','16','0',1,1,4),('32','17','0',1,1,4),('32','18','0',1,1,4),('32','19','0',1,1,4),('32','20','0',1,1,4),('32','32','0',1,1,4),('32','33','0',1,1,4),('32','34','0',1,1,4),('32','35','0',1,1,4),('32','36','0',1,1,4),('2','1','0',1,2,4),('2','2','0',1,2,4),('2','3','0',1,2,4),('2','4','0',1,2,4),('2','5','0',1,2,4),('2','6','0',1,2,4),('2','7','0',1,2,4),('2','8','0',1,2,4),('2','14','0',1,2,4),('2','15','0',1,2,4),('2','16','0',1,2,4),('2','17','0',1,2,4),('2','18','0',1,2,4),('2','19','0',1,2,4),('2','20','0',1,2,4),('2','32','0',1,2,4),('2','33','0',1,2,4),('2','34','0',1,2,4),('2','35','0',1,2,4),('2','36','0',1,2,4),('3','1','0',1,2,4),('3','2','0',1,2,4),('3','3','0',1,2,4),('3','4','0',1,2,4),('3','5','0',1,2,4),('3','6','0',1,2,4),('3','7','0',1,2,4),('3','8','0',1,2,4),('3','14','0',1,2,4),('3','15','0',1,2,4),('3','16','0',1,2,4),('3','17','0',1,2,4),('3','18','0',1,2,4),('3','19','0',1,2,4),('3','20','0',1,2,4),('3','32','0',1,2,4),('3','33','0',1,2,4),('3','34','0',1,2,4),('3','35','0',1,2,4),('3','36','0',1,2,4),('4','1','0',1,2,4),('4','2','0',1,2,4),('4','3','0',1,2,4),('4','4','0',1,2,4),('4','5','0',1,2,4),('4','6','0',1,2,4),('4','7','0',1,2,4),('4','8','0',1,2,4),('4','14','0',1,2,4),('4','15','0',1,2,4),('4','16','0',1,2,4),('4','17','0',1,2,4),('4','18','0',1,2,4),('4','19','0',1,2,4),('4','20','0',1,2,4),('4','32','0',1,2,4),('4','33','0',1,2,4),('4','34','0',1,2,4),('4','35','0',1,2,4),('4','36','0',1,2,4),('5','1','0',1,2,4),('5','2','0',1,2,4),('5','3','0',1,2,4),('5','4','0',1,2,4),('5','5','0',1,2,4),('5','6','0',1,2,4),('5','7','0',1,2,4),('5','8','0',1,2,4),('5','14','0',1,2,4),('5','15','0',1,2,4),('5','16','0',1,2,4),('5','17','0',1,2,4),('5','18','0',1,2,4),('5','19','0',1,2,4),('5','20','0',1,2,4),('5','32','0',1,2,4),('5','33','0',1,2,4),('5','34','0',1,2,4),('5','35','0',1,2,4),('5','36','0',1,2,4),('6','1','0',1,2,4),('6','2','0',1,2,4),('6','3','0',1,2,4),('6','4','0',1,2,4),('6','5','0',1,2,4),('6','6','0',1,2,4),('6','7','0',1,2,4),('6','8','0',1,2,4),('6','14','0',1,2,4),('6','15','0',1,2,4),('6','16','0',1,2,4),('6','17','0',1,2,4),('6','18','0',1,2,4),('6','19','0',1,2,4),('6','20','0',1,2,4),('6','32','0',1,2,4),('6','33','0',1,2,4),('6','34','0',1,2,4),('6','35','0',1,2,4),('6','36','0',1,2,4),('7','1','0',1,2,4),('7','2','0',1,2,4),('7','3','0',1,2,4),('7','4','0',1,2,4),('7','5','0',1,2,4),('7','6','0',1,2,4),('7','7','0',1,2,4),('7','8','0',1,2,4),('7','14','0',1,2,4),('7','15','0',1,2,4),('7','16','0',1,2,4),('7','17','0',1,2,4),('7','18','0',1,2,4),('7','19','0',1,2,4),('7','20','0',1,2,4),('7','32','0',1,2,4),('7','33','0',1,2,4),('7','34','0',1,2,4),('7','35','0',1,2,4),('7','36','0',1,2,4),('8','1','0',1,2,4),('8','2','0',1,2,4),('8','3','0',1,2,4),('8','4','0',1,2,4),('8','5','0',1,2,4),('8','6','0',1,2,4),('8','7','0',1,2,4),('8','8','0',1,2,4),('8','14','0',1,2,4),('8','15','0',1,2,4),('8','32','0',1,2,4),('8','33','0',1,2,4),('8','34','0',1,2,4),('8','35','0',1,2,4),('8','36','0',1,2,4),('9','14','0',1,2,4),('9','15','0',1,2,4),('9','16','0',1,2,4),('9','17','0',1,2,4),('9','18','0',1,2,4),('9','19','0',1,2,4),('9','20','0',1,2,4),('10','1','0',1,2,4),('10','2','0',1,2,4),('10','3','0',1,2,4),('10','4','0',1,2,4),('10','5','0',1,2,4),('10','16','0',1,2,4),('10','17','0',1,2,4),('10','18','0',1,2,4),('10','19','0',1,2,4),('10','20','0',1,2,4),('10','32','0',1,2,4),('10','33','0',1,2,4),('10','34','0',1,2,4),('10','35','0',1,2,4),('10','36','0',1,2,4),('11','1','0',1,2,4),('11','2','0',1,2,4),('11','3','0',1,2,4),('11','4','0',1,2,4),('11','5','0',1,2,4),('11','6','0',1,2,4),('11','7','0',1,2,4),('11','8','0',1,2,4),('11','14','0',1,2,4),('11','15','0',1,2,4),('11','16','0',1,2,4),('11','17','0',1,2,4),('11','18','0',1,2,4),('11','19','0',1,2,4),('11','20','0',1,2,4),('11','32','0',1,2,4),('11','33','0',1,2,4),('11','34','0',1,2,4),('11','35','0',1,2,4),('11','36','0',1,2,4),('12','1','0',1,2,4),('12','2','0',1,2,4),('12','3','0',1,2,4),('12','4','0',1,2,4),('12','5','0',1,2,4),('12','6','0',1,2,4),('12','7','0',1,2,4),('12','8','0',1,2,4),('12','14','0',1,2,4),('12','15','0',1,2,4),('12','32','0',1,2,4),('12','33','0',1,2,4),('12','34','0',1,2,4),('12','35','0',1,2,4),('12','36','0',1,2,4),('13','1','0',1,2,4),('13','2','0',1,2,4),('13','3','0',1,2,4),('13','4','0',1,2,4),('13','5','0',1,2,4),('13','6','0',1,2,4),('13','7','0',1,2,4),('13','8','0',1,2,4),('13','14','0',1,2,4),('13','15','0',1,2,4),('13','16','0',1,2,4),('13','17','0',1,2,4),('13','18','0',1,2,4),('13','19','0',1,2,4),('13','20','0',1,2,4),('13','32','0',1,2,4),('13','33','0',1,2,4),('13','34','0',1,2,4),('13','35','0',1,2,4),('13','36','0',1,2,4),('14','1','0',1,2,4),('14','2','0',1,2,4),('14','3','0',1,2,4),('14','4','0',1,2,4),('14','5','0',1,2,4),('14','16','0',1,2,4),('14','17','0',1,2,4),('14','18','0',1,2,4),('14','19','0',1,2,4),('14','20','0',1,2,4),('14','32','0',1,2,4),('14','33','0',1,2,4),('14','34','0',1,2,4),('14','35','0',1,2,4),('14','36','0',1,2,4),('15','1','0',1,2,4),('15','2','0',1,2,4),('15','3','0',1,2,4),('15','4','0',1,2,4),('15','5','0',1,2,4),('15','6','0',1,2,4),('15','7','0',1,2,4),('15','8','0',1,2,4),('15','16','0',1,2,4),('15','17','0',1,2,4),('15','18','0',1,2,4),('15','19','0',1,2,4),('15','20','0',1,2,4),('16','1','0',1,2,4),('16','14','0',1,2,4),('16','15','0',1,2,4),('16','32','0',1,2,4),('16','33','0',1,2,4),('16','34','0',1,2,4),('16','35','0',1,2,4),('16','36','0',1,2,4),('17','2','0',1,2,4),('17','3','0',1,2,4),('17','4','0',1,2,4),('17','5','0',1,2,4),('17','6','0',1,2,4),('17','7','0',1,2,4),('17','8','0',1,2,4),('17','14','0',1,2,4),('17','15','0',1,2,4),('17','16','0',1,2,4),('17','17','0',1,2,4),('17','18','0',1,2,4),('17','19','0',1,2,4),('17','20','0',1,2,4),('18','1','0',1,2,4),('18','14','0',1,2,4),('18','15','0',1,2,4),('18','16','0',1,2,4),('18','17','0',1,2,4),('18','18','0',1,2,4),('18','19','0',1,2,4),('18','20','0',1,2,4),('18','32','0',1,2,4),('18','33','0',1,2,4),('18','34','0',1,2,4),('18','35','0',1,2,4),('18','36','0',1,2,4),('19','1','0',1,2,4),('19','2','0',1,2,4),('19','3','0',1,2,4),('19','4','0',1,2,4),('19','5','0',1,2,4),('19','6','0',1,2,4),('19','7','0',1,2,4),('19','8','0',1,2,4),('19','14','0',1,2,4),('19','15','0',1,2,4),('19','16','0',1,2,4),('19','17','0',1,2,4),('19','18','0',1,2,4),('19','19','0',1,2,4),('19','20','0',1,2,4),('19','32','0',1,2,4),('19','33','0',1,2,4),('19','34','0',1,2,4),('19','35','0',1,2,4),('19','36','0',1,2,4),('20','1','0',1,2,4),('20','2','0',1,2,4),('20','3','0',1,2,4),('20','4','0',1,2,4),('20','5','0',1,2,4),('20','6','0',1,2,4),('20','7','0',1,2,4),('20','8','0',1,2,4),('20','14','0',1,2,4),('20','15','0',1,2,4),('21','6','10000',0,2,4),('21','7','10000',0,2,4),('21','8','10000',0,2,4),('21','1','0',1,2,4),('21','2','0',1,2,4),('21','3','0',1,2,4),('21','4','0',1,2,4),('21','5','0',1,2,4),('21','14','0',1,2,4),('21','15','0',1,2,4),('21','16','0',1,2,4),('21','17','0',1,2,4),('21','18','0',1,2,4),('21','19','0',1,2,4),('21','20','0',1,2,4),('21','32','0',1,2,4),('21','33','0',1,2,4),('21','34','0',1,2,4),('21','35','0',1,2,4),('21','36','0',1,2,4),('22','1','0',1,2,4),('22','2','0',1,2,4),('22','3','0',1,2,4),('22','4','0',1,2,4),('22','5','0',1,2,4),('22','6','0',1,2,4),('22','7','0',1,2,4),('22','8','0',1,2,4),('22','14','0',1,2,4),('22','15','0',1,2,4),('22','16','0',1,2,4),('22','17','0',1,2,4),('22','18','0',1,2,4),('22','19','0',1,2,4),('22','20','0',1,2,4),('23','2','0',1,2,4),('23','3','0',1,2,4),('23','4','0',1,2,4),('23','5','0',1,2,4),('23','6','0',1,2,4),('23','7','0',1,2,4),('23','8','0',1,2,4),('23','16','0',1,2,4),('23','17','0',1,2,4),('23','18','0',1,2,4),('23','19','0',1,2,4),('23','20','0',1,2,4),('23','32','0',1,2,4),('23','33','0',1,2,4),('23','34','0',1,2,4),('23','35','0',1,2,4),('23','36','0',1,2,4),('24','1','0',1,2,4),('24','2','0',1,2,4),('24','3','0',1,2,4),('24','4','0',1,2,4),('24','5','0',1,2,4),('24','14','0',1,2,4),('24','15','0',1,2,4),('24','16','0',1,2,4),('24','17','0',1,2,4),('24','18','0',1,2,4),('24','19','0',1,2,4),('24','20','0',1,2,4),('25','1','0',1,2,4),('25','2','0',1,2,4),('25','3','0',1,2,4),('25','4','0',1,2,4),('25','5','0',1,2,4),('25','6','0',1,2,4),('25','7','0',1,2,4),('25','8','0',1,2,4),('25','14','0',1,2,4),('25','15','0',1,2,4),('25','16','0',1,2,4),('25','17','0',1,2,4),('25','18','0',1,2,4),('25','19','0',1,2,4),('25','20','0',1,2,4),('25','32','0',1,2,4),('25','33','0',1,2,4),('25','34','0',1,2,4),('25','35','0',1,2,4),('25','36','0',1,2,4),('26','1','0',1,2,4),('26','6','0',1,2,4),('26','7','0',1,2,4),('26','8','0',1,2,4),('26','14','0',1,2,4),('26','15','0',1,2,4),('26','32','0',1,2,4),('26','33','0',1,2,4),('26','34','0',1,2,4),('26','35','0',1,2,4),('26','36','0',1,2,4),('27','1','0',1,2,4),('27','14','0',1,2,4),('27','15','0',1,2,4),('27','16','0',1,2,4),('27','17','0',1,2,4),('27','18','0',1,2,4),('27','19','0',1,2,4),('27','20','0',1,2,4),('28','2','0',1,2,4),('28','3','0',1,2,4),('28','4','0',1,2,4),('28','5','0',1,2,4),('28','6','0',1,2,4),('28','7','0',1,2,4),('28','8','0',1,2,4),('29','1','0',1,2,4),('29','2','0',1,2,4),('29','3','0',1,2,4),('29','4','0',1,2,4),('29','5','0',1,2,4),('29','6','0',1,2,4),('29','7','0',1,2,4),('29','8','0',1,2,4),('29','14','0',1,2,4),('29','15','0',1,2,4),('29','16','0',1,2,4),('29','17','0',1,2,4),('29','18','0',1,2,4),('29','19','0',1,2,4),('29','20','0',1,2,4),('29','32','0',1,2,4),('29','33','0',1,2,4),('29','34','0',1,2,4),('29','35','0',1,2,4),('29','36','0',1,2,4),('30','1','0',1,2,4),('30','2','0',1,2,4),('30','3','0',1,2,4),('30','4','0',1,2,4),('30','5','0',1,2,4),('30','6','0',1,2,4),('30','7','0',1,2,4),('30','8','0',1,2,4),('30','32','0',1,2,4),('30','33','0',1,2,4),('30','34','0',1,2,4),('30','35','0',1,2,4),('30','36','0',1,2,4),('31','1','0',1,2,4),('31','2','0',1,2,4),('31','3','0',1,2,4),('31','4','0',1,2,4),('31','5','0',1,2,4),('31','6','0',1,2,4),('31','7','0',1,2,4),('31','8','0',1,2,4),('31','14','0',1,2,4),('31','15','0',1,2,4),('31','16','0',1,2,4),('31','17','0',1,2,4),('31','18','0',1,2,4),('31','19','0',1,2,4),('31','20','0',1,2,4),('32','1','0',1,2,4),('32','2','0',1,2,4),('32','3','0',1,2,4),('32','4','0',1,2,4),('32','5','0',1,2,4),('32','6','0',1,2,4),('32','7','0',1,2,4),('32','8','0',1,2,4),('32','14','0',1,2,4),('32','15','0',1,2,4),('32','16','0',1,2,4),('32','17','0',1,2,4),('32','18','0',1,2,4),('32','19','0',1,2,4),('32','20','0',1,2,4),('32','32','0',1,2,4),('32','33','0',1,2,4),('32','34','0',1,2,4),('32','35','0',1,2,4),('32','36','0',1,2,4),('2','1','0',1,3,4),('2','2','0',1,3,4),('2','3','0',1,3,4),('2','4','0',1,3,4),('2','5','0',1,3,4),('2','6','0',1,3,4),('2','7','0',1,3,4),('2','8','0',1,3,4),('2','14','0',1,3,4),('2','15','0',1,3,4),('2','16','0',1,3,4),('2','17','0',1,3,4),('2','18','0',1,3,4),('2','19','0',1,3,4),('2','20','0',1,3,4),('2','32','0',1,3,4),('2','33','0',1,3,4),('2','34','0',1,3,4),('2','35','0',1,3,4),('2','36','0',1,3,4),('3','1','0',1,3,4),('3','2','0',1,3,4),('3','3','0',1,3,4),('3','4','0',1,3,4),('3','5','0',1,3,4),('3','6','0',1,3,4),('3','7','0',1,3,4),('3','8','0',1,3,4),('3','14','0',1,3,4),('3','15','0',1,3,4),('3','16','0',1,3,4),('3','17','0',1,3,4),('3','18','0',1,3,4),('3','19','0',1,3,4),('3','20','0',1,3,4),('3','32','0',1,3,4),('3','33','0',1,3,4),('3','34','0',1,3,4),('3','35','0',1,3,4),('3','36','0',1,3,4),('4','1','0',1,3,4),('4','2','0',1,3,4),('4','3','0',1,3,4),('4','4','0',1,3,4),('4','5','0',1,3,4),('4','6','0',1,3,4),('4','7','0',1,3,4),('4','8','0',1,3,4),('4','14','0',1,3,4),('4','15','0',1,3,4),('4','16','0',1,3,4),('4','17','0',1,3,4),('4','18','0',1,3,4),('4','19','0',1,3,4),('4','20','0',1,3,4),('4','32','0',1,3,4),('4','33','0',1,3,4),('4','34','0',1,3,4),('4','35','0',1,3,4),('4','36','0',1,3,4),('5','1','0',1,3,4),('5','2','0',1,3,4),('5','3','0',1,3,4),('5','4','0',1,3,4),('5','5','0',1,3,4),('5','6','0',1,3,4),('5','7','0',1,3,4),('5','8','0',1,3,4),('5','14','0',1,3,4),('5','15','0',1,3,4),('5','16','0',1,3,4),('5','17','0',1,3,4),('5','18','0',1,3,4),('5','19','0',1,3,4),('5','20','0',1,3,4),('5','32','0',1,3,4),('5','33','0',1,3,4),('5','34','0',1,3,4),('5','35','0',1,3,4),('5','36','0',1,3,4),('6','1','0',1,3,4),('6','2','0',1,3,4),('6','3','0',1,3,4),('6','4','0',1,3,4),('6','5','0',1,3,4),('6','6','0',1,3,4),('6','7','0',1,3,4),('6','8','0',1,3,4),('6','14','0',1,3,4),('6','15','0',1,3,4),('6','16','0',1,3,4),('6','17','0',1,3,4),('6','18','0',1,3,4),('6','19','0',1,3,4),('6','20','0',1,3,4),('6','32','0',1,3,4),('6','33','0',1,3,4),('6','34','0',1,3,4),('6','35','0',1,3,4),('6','36','0',1,3,4),('7','1','0',1,3,4),('7','2','0',1,3,4),('7','3','0',1,3,4),('7','4','0',1,3,4),('7','5','0',1,3,4),('7','6','0',1,3,4),('7','7','0',1,3,4),('7','8','0',1,3,4),('7','14','0',1,3,4),('7','15','0',1,3,4),('7','16','0',1,3,4),('7','17','0',1,3,4),('7','18','0',1,3,4),('7','19','0',1,3,4),('7','20','0',1,3,4),('7','32','0',1,3,4),('7','33','0',1,3,4),('7','34','0',1,3,4),('7','35','0',1,3,4),('7','36','0',1,3,4),('8','1','0',1,3,4),('8','2','0',1,3,4),('8','3','0',1,3,4),('8','4','0',1,3,4),('8','5','0',1,3,4),('8','6','0',1,3,4),('8','7','0',1,3,4),('8','8','0',1,3,4),('8','14','0',1,3,4),('8','15','0',1,3,4),('8','32','0',1,3,4),('8','33','0',1,3,4),('8','34','0',1,3,4),('8','35','0',1,3,4),('8','36','0',1,3,4),('9','14','0',1,3,4),('9','15','0',1,3,4),('9','16','0',1,3,4),('9','17','0',1,3,4),('9','18','0',1,3,4),('9','19','0',1,3,4),('9','20','0',1,3,4),('10','1','0',1,3,4),('10','2','0',1,3,4),('10','3','0',1,3,4),('10','4','0',1,3,4),('10','5','0',1,3,4),('10','16','0',1,3,4),('10','17','0',1,3,4),('10','18','0',1,3,4),('10','19','0',1,3,4),('10','20','0',1,3,4),('10','32','0',1,3,4),('10','33','0',1,3,4),('10','34','0',1,3,4),('10','35','0',1,3,4),('10','36','0',1,3,4),('11','1','0',1,3,4),('11','2','0',1,3,4),('11','3','0',1,3,4),('11','4','0',1,3,4),('11','5','0',1,3,4),('11','6','0',1,3,4),('11','7','0',1,3,4),('11','8','0',1,3,4),('11','14','0',1,3,4),('11','15','0',1,3,4),('11','16','0',1,3,4),('11','17','0',1,3,4),('11','18','0',1,3,4),('11','19','0',1,3,4),('11','20','0',1,3,4),('11','32','0',1,3,4),('11','33','0',1,3,4),('11','34','0',1,3,4),('11','35','0',1,3,4),('11','36','0',1,3,4),('12','1','0',1,3,4),('12','2','0',1,3,4),('12','3','0',1,3,4),('12','4','0',1,3,4),('12','5','0',1,3,4),('12','6','0',1,3,4),('12','7','0',1,3,4),('12','8','0',1,3,4),('12','14','0',1,3,4),('12','15','0',1,3,4),('12','32','0',1,3,4),('12','33','0',1,3,4),('12','34','0',1,3,4),('12','35','0',1,3,4),('12','36','0',1,3,4),('13','1','0',1,3,4),('13','2','0',1,3,4),('13','3','0',1,3,4),('13','4','0',1,3,4),('13','5','0',1,3,4),('13','6','0',1,3,4),('13','7','0',1,3,4),('13','8','0',1,3,4),('13','14','0',1,3,4),('13','15','0',1,3,4),('13','16','0',1,3,4),('13','17','0',1,3,4),('13','18','0',1,3,4),('13','19','0',1,3,4),('13','20','0',1,3,4),('13','32','0',1,3,4),('13','33','0',1,3,4),('13','34','0',1,3,4),('13','35','0',1,3,4),('13','36','0',1,3,4),('14','1','0',1,3,4),('14','2','0',1,3,4),('14','3','0',1,3,4),('14','4','0',1,3,4),('14','5','0',1,3,4),('14','16','0',1,3,4),('14','17','0',1,3,4),('14','18','0',1,3,4),('14','19','0',1,3,4),('14','20','0',1,3,4),('14','32','0',1,3,4),('14','33','0',1,3,4),('14','34','0',1,3,4),('14','35','0',1,3,4),('14','36','0',1,3,4),('15','1','0',1,3,4),('15','2','0',1,3,4),('15','3','0',1,3,4),('15','4','0',1,3,4),('15','5','0',1,3,4),('15','6','0',1,3,4),('15','7','0',1,3,4),('15','8','0',1,3,4),('15','16','0',1,3,4),('15','17','0',1,3,4),('15','18','0',1,3,4),('15','19','0',1,3,4),('15','20','0',1,3,4),('16','1','0',1,3,4),('16','14','0',1,3,4),('16','15','0',1,3,4),('16','32','0',1,3,4),('16','33','0',1,3,4),('16','34','0',1,3,4),('16','35','0',1,3,4),('16','36','0',1,3,4),('17','2','0',1,3,4),('17','3','0',1,3,4),('17','4','0',1,3,4),('17','5','0',1,3,4),('17','6','0',1,3,4),('17','7','0',1,3,4),('17','8','0',1,3,4),('17','14','0',1,3,4),('17','15','0',1,3,4),('17','16','0',1,3,4),('17','17','0',1,3,4),('17','18','0',1,3,4),('17','19','0',1,3,4),('17','20','0',1,3,4),('18','1','0',1,3,4),('18','14','0',1,3,4),('18','15','0',1,3,4),('18','16','0',1,3,4),('18','17','0',1,3,4),('18','18','0',1,3,4),('18','19','0',1,3,4),('18','20','0',1,3,4),('18','32','0',1,3,4),('18','33','0',1,3,4),('18','34','0',1,3,4),('18','35','0',1,3,4),('18','36','0',1,3,4),('19','1','0',1,3,4),('19','2','0',1,3,4),('19','3','0',1,3,4),('19','4','0',1,3,4),('19','5','0',1,3,4),('19','6','0',1,3,4),('19','7','0',1,3,4),('19','8','0',1,3,4),('19','14','0',1,3,4),('19','15','0',1,3,4),('19','16','0',1,3,4),('19','17','0',1,3,4),('19','18','0',1,3,4),('19','19','0',1,3,4),('19','20','0',1,3,4),('19','32','0',1,3,4),('19','33','0',1,3,4),('19','34','0',1,3,4),('19','35','0',1,3,4),('19','36','0',1,3,4),('20','1','0',1,3,4),('20','2','0',1,3,4),('20','3','0',1,3,4),('20','4','0',1,3,4),('20','5','0',1,3,4),('20','6','0',1,3,4),('20','7','0',1,3,4),('20','8','0',1,3,4),('20','14','0',1,3,4),('20','15','0',1,3,4),('21','6','10000',0,3,4),('21','7','10000',0,3,4),('21','8','10000',0,3,4),('21','1','0',1,3,4),('21','2','0',1,3,4),('21','3','0',1,3,4),('21','4','0',1,3,4),('21','5','0',1,3,4),('21','14','0',1,3,4),('21','15','0',1,3,4),('21','16','0',1,3,4),('21','17','0',1,3,4),('21','18','0',1,3,4),('21','19','0',1,3,4),('21','20','0',1,3,4),('21','32','0',1,3,4),('21','33','0',1,3,4),('21','34','0',1,3,4),('21','35','0',1,3,4),('21','36','0',1,3,4),('22','1','0',1,3,4),('22','2','0',1,3,4),('22','3','0',1,3,4),('22','4','0',1,3,4),('22','5','0',1,3,4),('22','6','0',1,3,4),('22','7','0',1,3,4),('22','8','0',1,3,4),('22','14','0',1,3,4),('22','15','0',1,3,4),('22','16','0',1,3,4),('22','17','0',1,3,4),('22','18','0',1,3,4),('22','19','0',1,3,4),('22','20','0',1,3,4),('23','2','0',1,3,4),('23','3','0',1,3,4),('23','4','0',1,3,4),('23','5','0',1,3,4),('23','6','0',1,3,4),('23','7','0',1,3,4),('23','8','0',1,3,4),('23','16','0',1,3,4),('23','17','0',1,3,4),('23','18','0',1,3,4),('23','19','0',1,3,4),('23','20','0',1,3,4),('23','32','0',1,3,4),('23','33','0',1,3,4),('23','34','0',1,3,4),('23','35','0',1,3,4),('23','36','0',1,3,4),('24','1','0',1,3,4),('24','2','0',1,3,4),('24','3','0',1,3,4),('24','4','0',1,3,4),('24','5','0',1,3,4),('24','14','0',1,3,4),('24','15','0',1,3,4),('24','16','0',1,3,4),('24','17','0',1,3,4),('24','18','0',1,3,4),('24','19','0',1,3,4),('24','20','0',1,3,4),('25','1','0',1,3,4),('25','2','0',1,3,4),('25','3','0',1,3,4),('25','4','0',1,3,4),('25','5','0',1,3,4),('25','6','0',1,3,4),('25','7','0',1,3,4),('25','8','0',1,3,4),('25','14','0',1,3,4),('25','15','0',1,3,4),('25','16','0',1,3,4),('25','17','0',1,3,4),('25','18','0',1,3,4),('25','19','0',1,3,4),('25','20','0',1,3,4),('25','32','0',1,3,4),('25','33','0',1,3,4),('25','34','0',1,3,4),('25','35','0',1,3,4),('25','36','0',1,3,4),('26','1','0',1,3,4),('26','6','0',1,3,4),('26','7','0',1,3,4),('26','8','0',1,3,4),('26','14','0',1,3,4),('26','15','0',1,3,4),('26','32','0',1,3,4),('26','33','0',1,3,4),('26','34','0',1,3,4),('26','35','0',1,3,4),('26','36','0',1,3,4),('27','1','0',1,3,4),('27','14','0',1,3,4),('27','15','0',1,3,4),('27','16','0',1,3,4),('27','17','0',1,3,4),('27','18','0',1,3,4),('27','19','0',1,3,4),('27','20','0',1,3,4),('28','2','0',1,3,4),('28','3','0',1,3,4),('28','4','0',1,3,4),('28','5','0',1,3,4),('28','6','0',1,3,4),('28','7','0',1,3,4),('28','8','0',1,3,4),('29','1','0',1,3,4),('29','2','0',1,3,4),('29','3','0',1,3,4),('29','4','0',1,3,4),('29','5','0',1,3,4),('29','6','0',1,3,4),('29','7','0',1,3,4),('29','8','0',1,3,4),('29','14','0',1,3,4),('29','15','0',1,3,4),('29','16','0',1,3,4),('29','17','0',1,3,4),('29','18','0',1,3,4),('29','19','0',1,3,4),('29','20','0',1,3,4),('29','32','0',1,3,4),('29','33','0',1,3,4),('29','34','0',1,3,4),('29','35','0',1,3,4),('29','36','0',1,3,4),('30','1','0',1,3,4),('30','2','0',1,3,4),('30','3','0',1,3,4),('30','4','0',1,3,4),('30','5','0',1,3,4),('30','6','0',1,3,4),('30','7','0',1,3,4),('30','8','0',1,3,4),('30','32','0',1,3,4),('30','33','0',1,3,4),('30','34','0',1,3,4),('30','35','0',1,3,4),('30','36','0',1,3,4),('31','1','0',1,3,4),('31','2','0',1,3,4),('31','3','0',1,3,4),('31','4','0',1,3,4),('31','5','0',1,3,4),('31','6','0',1,3,4),('31','7','0',1,3,4),('31','8','0',1,3,4),('31','14','0',1,3,4),('31','15','0',1,3,4),('31','16','0',1,3,4),('31','17','0',1,3,4),('31','18','0',1,3,4),('31','19','0',1,3,4),('31','20','0',1,3,4),('32','1','0',1,3,4),('32','2','0',1,3,4),('32','3','0',1,3,4),('32','4','0',1,3,4),('32','5','0',1,3,4),('32','6','0',1,3,4),('32','7','0',1,3,4),('32','8','0',1,3,4),('32','14','0',1,3,4),('32','15','0',1,3,4),('32','16','0',1,3,4),('32','17','0',1,3,4),('32','18','0',1,3,4),('32','19','0',1,3,4),('32','20','0',1,3,4),('32','32','0',1,3,4),('32','33','0',1,3,4),('32','34','0',1,3,4),('32','35','0',1,3,4),('32','36','0',1,3,4);

--
-- Table structure for table `catalog_category_product_index_replica`
--

CREATE TABLE `catalog_category_product_index_replica` (
  `category_id` int(10) unsigned NOT NULL DEFAULT '0' COMMENT 'Category ID',
  `product_id` int(10) unsigned NOT NULL DEFAULT '0' COMMENT 'Product ID',
  `position` int(11) DEFAULT NULL COMMENT 'Position',
  `is_parent` smallint(5) unsigned NOT NULL DEFAULT '0' COMMENT 'Is Parent',
  `store_id` smallint(5) unsigned NOT NULL DEFAULT '0' COMMENT 'Store ID',
  `visibility` smallint(5) unsigned NOT NULL COMMENT 'Visibility',
  PRIMARY KEY (`category_id`,`product_id`,`store_id`),
  KEY `CAT_CTGR_PRD_IDX_PRD_ID_STORE_ID_CTGR_ID_VISIBILITY` (`product_id`,`store_id`,`category_id`,`visibility`),
  KEY `CAT_CTGR_PRD_IDX_STORE_ID_CTGR_ID_VISIBILITY_IS_PARENT_POSITION` (`store_id`,`category_id`,`visibility`,`is_parent`,`position`)
) ENGINE=InnoDB DEFAULT CHARSET=utf8 COMMENT='Catalog Category Product Index';

--
-- Dumping data for table `catalog_category_product_index_replica`
--

INSERT INTO `catalog_category_product_index_replica` VALUES ('2','1','0',1,1,4),('2','2','0',1,1,4),('2','3','0',1,1,4),('2','4','0',1,1,4),('2','5','0',1,1,4),('2','6','0',1,1,4),('2','7','0',1,1,4),('2','8','0',1,1,4),('2','14','0',1,1,4),('2','15','0',1,1,4),('2','16','0',1,1,4),('2','17','0',1,1,4),('2','18','0',1,1,4),('2','19','0',1,1,4),('2','20','0',1,1,4),('2','32','0',1,1,4),('2','33','0',1,1,4),('2','34','0',1,1,4),('2','35','0',1,1,4),('2','36','0',1,1,4),('3','1','0',1,1,4),('3','2','0',1,1,4),('3','3','0',1,1,4),('3','4','0',1,1,4),('3','5','0',1,1,4),('3','6','0',1,1,4),('3','7','0',1,1,4),('3','8','0',1,1,4),('3','14','0',1,1,4),('3','15','0',1,1,4),('3','16','0',1,1,4),('3','17','0',1,1,4),('3','18','0',1,1,4),('3','19','0',1,1,4),('3','20','0',1,1,4),('3','32','0',1,1,4),('3','33','0',1,1,4),('3','34','0',1,1,4),('3','35','0',1,1,4),('3','36','0',1,1,4),('4','1','0',1,1,4),('4','2','0',1,1,4),('4','3','0',1,1,4),('4','4','0',1,1,4),('4','5','0',1,1,4),('4','6','0',1,1,4),('4','7','0',1,1,4),('4','8','0',1,1,4),('4','14','0',1,1,4),('4','15','0',1,1,4),('4','16','0',1,1,4),('4','17','0',1,1,4),('4','18','0',1,1,4),('4','19','0',1,1,4),('4','20','0',1,1,4),('4','32','0',1,1,4),('4','33','0',1,1,4),('4','34','0',1,1,4),('4','35','0',1,1,4),('4','36','0',1,1,4),('5','1','0',1,1,4),('5','2','0',1,1,4),('5','3','0',1,1,4),('5','4','0',1,1,4),('5','5','0',1,1,4),('5','6','0',1,1,4),('5','7','0',1,1,4),('5','8','0',1,1,4),('5','14','0',1,1,4),('5','15','0',1,1,4),('5','16','0',1,1,4),('5','17','0',1,1,4),('5','18','0',1,1,4),('5','19','0',1,1,4),('5','20','0',1,1,4),('5','32','0',1,1,4),('5','33','0',1,1,4),('5','34','0',1,1,4),('5','35','0',1,1,4),('5','36','0',1,1,4),('6','1','0',1,1,4),('6','2','0',1,1,4),('6','3','0',1,1,4),('6','4','0',1,1,4),('6','5','0',1,1,4),('6','6','0',1,1,4),('6','7','0',1,1,4),('6','8','0',1,1,4),('6','14','0',1,1,4),('6','15','0',1,1,4),('6','16','0',1,1,4),('6','17','0',1,1,4),('6','18','0',1,1,4),('6','19','0',1,1,4),('6','20','0',1,1,4),('6','32','0',1,1,4),('6','33','0',1,1,4),('6','34','0',1,1,4),('6','35','0',1,1,4),('6','36','0',1,1,4),('7','1','0',1,1,4),('7','2','0',1,1,4),('7','3','0',1,1,4),('7','4','0',1,1,4),('7','5','0',1,1,4),('7','6','0',1,1,4),('7','7','0',1,1,4),('7','8','0',1,1,4),('7','14','0',1,1,4),('7','15','0',1,1,4),('7','16','0',1,1,4),('7','17','0',1,1,4),('7','18','0',1,1,4),('7','19','0',1,1,4),('7','20','0',1,1,4),('7','32','0',1,1,4),('7','33','0',1,1,4),('7','34','0',1,1,4),('7','35','0',1,1,4),('7','36','0',1,1,4),('8','1','0',1,1,4),('8','2','0',1,1,4),('8','3','0',1,1,4),('8','4','0',1,1,4),('8','5','0',1,1,4),('8','6','0',1,1,4),('8','7','0',1,1,4),('8','8','0',1,1,4),('8','14','0',1,1,4),('8','15','0',1,1,4),('8','32','0',1,1,4),('8','33','0',1,1,4),('8','34','0',1,1,4),('8','35','0',1,1,4),('8','36','0',1,1,4),('9','14','0',1,1,4),('9','15','0',1,1,4),('9','16','0',1,1,4),('9','17','0',1,1,4),('9','18','0',1,1,4),('9','19','0',1,1,4),('9','20','0',1,1,4),('10','1','0',1,1,4),('10','2','0',1,1,4),('10','3','0',1,1,4),('10','4','0',1,1,4),('10','5','0',1,1,4),('10','16','0',1,1,4),('10','17','0',1,1,4),('10','18','0',1,1,4),('10','19','0',1,1,4),('10','20','0',1,1,4),('10','32','0',1,1,4),('10','33','0',1,1,4),('10','34','0',1,1,4),('10','35','0',1,1,4),('10','36','0',1,1,4),('11','1','0',1,1,4),('11','2','0',1,1,4),('11','3','0',1,1,4),('11','4','0',1,1,4),('11','5','0',1,1,4),('11','6','0',1,1,4),('11','7','0',1,1,4),('11','8','0',1,1,4),('11','14','0',1,1,4),('11','15','0',1,1,4),('11','16','0',1,1,4),('11','17','0',1,1,4),('11','18','0',1,1,4),('11','19','0',1,1,4),('11','20','0',1,1,4),('11','32','0',1,1,4),('11','33','0',1,1,4),('11','34','0',1,1,4),('11','35','0',1,1,4),('11','36','0',1,1,4),('12','1','0',1,1,4),('12','2','0',1,1,4),('12','3','0',1,1,4),('12','4','0',1,1,4),('12','5','0',1,1,4),('12','6','0',1,1,4),('12','7','0',1,1,4),('12','8','0',1,1,4),('12','14','0',1,1,4),('12','15','0',1,1,4),('12','32','0',1,1,4),('12','33','0',1,1,4),('12','34','0',1,1,4),('12','35','0',1,1,4),('12','36','0',1,1,4),('13','1','0',1,1,4),('13','2','0',1,1,4),('13','3','0',1,1,4),('13','4','0',1,1,4),('13','5','0',1,1,4),('13','6','0',1,1,4),('13','7','0',1,1,4),('13','8','0',1,1,4),('13','14','0',1,1,4),('13','15','0',1,1,4),('13','16','0',1,1,4),('13','17','0',1,1,4),('13','18','0',1,1,4),('13','19','0',1,1,4),('13','20','0',1,1,4),('13','32','0',1,1,4),('13','33','0',1,1,4),('13','34','0',1,1,4),('13','35','0',1,1,4),('13','36','0',1,1,4),('14','1','0',1,1,4),('14','2','0',1,1,4),('14','3','0',1,1,4),('14','4','0',1,1,4),('14','5','0',1,1,4),('14','16','0',1,1,4),('14','17','0',1,1,4),('14','18','0',1,1,4),('14','19','0',1,1,4),('14','20','0',1,1,4),('14','32','0',1,1,4),('14','33','0',1,1,4),('14','34','0',1,1,4),('14','35','0',1,1,4),('14','36','0',1,1,4),('15','1','0',1,1,4),('15','2','0',1,1,4),('15','3','0',1,1,4),('15','4','0',1,1,4),('15','5','0',1,1,4),('15','6','0',1,1,4),('15','7','0',1,1,4),('15','8','0',1,1,4),('15','16','0',1,1,4),('15','17','0',1,1,4),('15','18','0',1,1,4),('15','19','0',1,1,4),('15','20','0',1,1,4),('16','1','0',1,1,4),('16','14','0',1,1,4),('16','15','0',1,1,4),('16','32','0',1,1,4),('16','33','0',1,1,4),('16','34','0',1,1,4),('16','35','0',1,1,4),('16','36','0',1,1,4),('17','2','0',1,1,4),('17','3','0',1,1,4),('17','4','0',1,1,4),('17','5','0',1,1,4),('17','6','0',1,1,4),('17','7','0',1,1,4),('17','8','0',1,1,4),('17','14','0',1,1,4),('17','15','0',1,1,4),('17','16','0',1,1,4),('17','17','0',1,1,4),('17','18','0',1,1,4),('17','19','0',1,1,4),('17','20','0',1,1,4),('18','1','0',1,1,4),('18','14','0',1,1,4),('18','15','0',1,1,4),('18','16','0',1,1,4),('18','17','0',1,1,4),('18','18','0',1,1,4),('18','19','0',1,1,4),('18','20','0',1,1,4),('18','32','0',1,1,4),('18','33','0',1,1,4),('18','34','0',1,1,4),('18','35','0',1,1,4),('18','36','0',1,1,4),('19','1','0',1,1,4),('19','2','0',1,1,4),('19','3','0',1,1,4),('19','4','0',1,1,4),('19','5','0',1,1,4),('19','6','0',1,1,4),('19','7','0',1,1,4),('19','8','0',1,1,4),('19','14','0',1,1,4),('19','15','0',1,1,4),('19','16','0',1,1,4),('19','17','0',1,1,4),('19','18','0',1,1,4),('19','19','0',1,1,4),('19','20','0',1,1,4),('19','32','0',1,1,4),('19','33','0',1,1,4),('19','34','0',1,1,4),('19','35','0',1,1,4),('19','36','0',1,1,4),('20','1','0',1,1,4),('20','2','0',1,1,4),('20','3','0',1,1,4),('20','4','0',1,1,4),('20','5','0',1,1,4),('20','6','0',1,1,4),('20','7','0',1,1,4),('20','8','0',1,1,4),('20','14','0',1,1,4),('20','15','0',1,1,4),('21','6','10000',0,1,4),('21','7','10000',0,1,4),('21','8','10000',0,1,4),('21','1','0',1,1,4),('21','2','0',1,1,4),('21','3','0',1,1,4),('21','4','0',1,1,4),('21','5','0',1,1,4),('21','14','0',1,1,4),('21','15','0',1,1,4),('21','16','0',1,1,4),('21','17','0',1,1,4),('21','18','0',1,1,4),('21','19','0',1,1,4),('21','20','0',1,1,4),('21','32','0',1,1,4),('21','33','0',1,1,4),('21','34','0',1,1,4),('21','35','0',1,1,4),('21','36','0',1,1,4),('22','1','0',1,1,4),('22','2','0',1,1,4),('22','3','0',1,1,4),('22','4','0',1,1,4),('22','5','0',1,1,4),('22','6','0',1,1,4),('22','7','0',1,1,4),('22','8','0',1,1,4),('22','14','0',1,1,4),('22','15','0',1,1,4),('22','16','0',1,1,4),('22','17','0',1,1,4),('22','18','0',1,1,4),('22','19','0',1,1,4),('22','20','0',1,1,4),('23','2','0',1,1,4),('23','3','0',1,1,4),('23','4','0',1,1,4),('23','5','0',1,1,4),('23','6','0',1,1,4),('23','7','0',1,1,4),('23','8','0',1,1,4),('23','16','0',1,1,4),('23','17','0',1,1,4),('23','18','0',1,1,4),('23','19','0',1,1,4),('23','20','0',1,1,4),('23','32','0',1,1,4),('23','33','0',1,1,4),('23','34','0',1,1,4),('23','35','0',1,1,4),('23','36','0',1,1,4),('24','1','0',1,1,4),('24','2','0',1,1,4),('24','3','0',1,1,4),('24','4','0',1,1,4),('24','5','0',1,1,4),('24','14','0',1,1,4),('24','15','0',1,1,4),('24','16','0',1,1,4),('24','17','0',1,1,4),('24','18','0',1,1,4),('24','19','0',1,1,4),('24','20','0',1,1,4),('25','1','0',1,1,4),('25','2','0',1,1,4),('25','3','0',1,1,4),('25','4','0',1,1,4),('25','5','0',1,1,4),('25','6','0',1,1,4),('25','7','0',1,1,4),('25','8','0',1,1,4),('25','14','0',1,1,4),('25','15','0',1,1,4),('25','16','0',1,1,4),('25','17','0',1,1,4),('25','18','0',1,1,4),('25','19','0',1,1,4),('25','20','0',1,1,4),('25','32','0',1,1,4),('25','33','0',1,1,4),('25','34','0',1,1,4),('25','35','0',1,1,4),('25','36','0',1,1,4),('26','1','0',1,1,4),('26','6','0',1,1,4),('26','7','0',1,1,4),('26','8','0',1,1,4),('26','14','0',1,1,4),('26','15','0',1,1,4),('26','32','0',1,1,4),('26','33','0',1,1,4),('26','34','0',1,1,4),('26','35','0',1,1,4),('26','36','0',1,1,4),('27','1','0',1,1,4),('27','14','0',1,1,4),('27','15','0',1,1,4),('27','16','0',1,1,4),('27','17','0',1,1,4),('27','18','0',1,1,4),('27','19','0',1,1,4),('27','20','0',1,1,4),('28','2','0',1,1,4),('28','3','0',1,1,4),('28','4','0',1,1,4),('28','5','0',1,1,4),('28','6','0',1,1,4),('28','7','0',1,1,4),('28','8','0',1,1,4),('29','1','0',1,1,4),('29','2','0',1,1,4),('29','3','0',1,1,4),('29','4','0',1,1,4),('29','5','0',1,1,4),('29','6','0',1,1,4),('29','7','0',1,1,4),('29','8','0',1,1,4),('29','14','0',1,1,4),('29','15','0',1,1,4),('29','16','0',1,1,4),('29','17','0',1,1,4),('29','18','0',1,1,4),('29','19','0',1,1,4),('29','20','0',1,1,4),('29','32','0',1,1,4),('29','33','0',1,1,4),('29','34','0',1,1,4),('29','35','0',1,1,4),('29','36','0',1,1,4),('30','1','0',1,1,4),('30','2','0',1,1,4),('30','3','0',1,1,4),('30','4','0',1,1,4),('30','5','0',1,1,4),('30','6','0',1,1,4),('30','7','0',1,1,4),('30','8','0',1,1,4),('30','32','0',1,1,4),('30','33','0',1,1,4),('30','34','0',1,1,4),('30','35','0',1,1,4),('30','36','0',1,1,4),('31','1','0',1,1,4),('31','2','0',1,1,4),('31','3','0',1,1,4),('31','4','0',1,1,4),('31','5','0',1,1,4),('31','6','0',1,1,4),('31','7','0',1,1,4),('31','8','0',1,1,4),('31','14','0',1,1,4),('31','15','0',1,1,4),('31','16','0',1,1,4),('31','17','0',1,1,4),('31','18','0',1,1,4),('31','19','0',1,1,4),('31','20','0',1,1,4),('32','1','0',1,1,4),('32','2','0',1,1,4),('32','3','0',1,1,4),('32','4','0',1,1,4),('32','5','0',1,1,4),('32','6','0',1,1,4),('32','7','0',1,1,4),('32','8','0',1,1,4),('32','14','0',1,1,4),('32','15','0',1,1,4),('32','16','0',1,1,4),('32','17','0',1,1,4),('32','18','0',1,1,4),('32','19','0',1,1,4),('32','20','0',1,1,4),('32','32','0',1,1,4),('32','33','0',1,1,4),('32','34','0',1,1,4),('32','35','0',1,1,4),('32','36','0',1,1,4),('2','1','0',1,2,4),('2','2','0',1,2,4),('2','3','0',1,2,4),('2','4','0',1,2,4),('2','5','0',1,2,4),('2','6','0',1,2,4),('2','7','0',1,2,4),('2','8','0',1,2,4),('2','14','0',1,2,4),('2','15','0',1,2,4),('2','16','0',1,2,4),('2','17','0',1,2,4),('2','18','0',1,2,4),('2','19','0',1,2,4),('2','20','0',1,2,4),('2','32','0',1,2,4),('2','33','0',1,2,4),('2','34','0',1,2,4),('2','35','0',1,2,4),('2','36','0',1,2,4),('3','1','0',1,2,4),('3','2','0',1,2,4),('3','3','0',1,2,4),('3','4','0',1,2,4),('3','5','0',1,2,4),('3','6','0',1,2,4),('3','7','0',1,2,4),('3','8','0',1,2,4),('3','14','0',1,2,4),('3','15','0',1,2,4),('3','16','0',1,2,4),('3','17','0',1,2,4),('3','18','0',1,2,4),('3','19','0',1,2,4),('3','20','0',1,2,4),('3','32','0',1,2,4),('3','33','0',1,2,4),('3','34','0',1,2,4),('3','35','0',1,2,4),('3','36','0',1,2,4),('4','1','0',1,2,4),('4','2','0',1,2,4),('4','3','0',1,2,4),('4','4','0',1,2,4),('4','5','0',1,2,4),('4','6','0',1,2,4),('4','7','0',1,2,4),('4','8','0',1,2,4),('4','14','0',1,2,4),('4','15','0',1,2,4),('4','16','0',1,2,4),('4','17','0',1,2,4),('4','18','0',1,2,4),('4','19','0',1,2,4),('4','20','0',1,2,4),('4','32','0',1,2,4),('4','33','0',1,2,4),('4','34','0',1,2,4),('4','35','0',1,2,4),('4','36','0',1,2,4),('5','1','0',1,2,4),('5','2','0',1,2,4),('5','3','0',1,2,4),('5','4','0',1,2,4),('5','5','0',1,2,4),('5','6','0',1,2,4),('5','7','0',1,2,4),('5','8','0',1,2,4),('5','14','0',1,2,4),('5','15','0',1,2,4),('5','16','0',1,2,4),('5','17','0',1,2,4),('5','18','0',1,2,4),('5','19','0',1,2,4),('5','20','0',1,2,4),('5','32','0',1,2,4),('5','33','0',1,2,4),('5','34','0',1,2,4),('5','35','0',1,2,4),('5','36','0',1,2,4),('6','1','0',1,2,4),('6','2','0',1,2,4),('6','3','0',1,2,4),('6','4','0',1,2,4),('6','5','0',1,2,4),('6','6','0',1,2,4),('6','7','0',1,2,4),('6','8','0',1,2,4),('6','14','0',1,2,4),('6','15','0',1,2,4),('6','16','0',1,2,4),('6','17','0',1,2,4),('6','18','0',1,2,4),('6','19','0',1,2,4),('6','20','0',1,2,4),('6','32','0',1,2,4),('6','33','0',1,2,4),('6','34','0',1,2,4),('6','35','0',1,2,4),('6','36','0',1,2,4),('7','1','0',1,2,4),('7','2','0',1,2,4),('7','3','0',1,2,4),('7','4','0',1,2,4),('7','5','0',1,2,4),('7','6','0',1,2,4),('7','7','0',1,2,4),('7','8','0',1,2,4),('7','14','0',1,2,4),('7','15','0',1,2,4),('7','16','0',1,2,4),('7','17','0',1,2,4),('7','18','0',1,2,4),('7','19','0',1,2,4),('7','20','0',1,2,4),('7','32','0',1,2,4),('7','33','0',1,2,4),('7','34','0',1,2,4),('7','35','0',1,2,4),('7','36','0',1,2,4),('8','1','0',1,2,4),('8','2','0',1,2,4),('8','3','0',1,2,4),('8','4','0',1,2,4),('8','5','0',1,2,4),('8','6','0',1,2,4),('8','7','0',1,2,4),('8','8','0',1,2,4),('8','14','0',1,2,4),('8','15','0',1,2,4),('8','32','0',1,2,4),('8','33','0',1,2,4),('8','34','0',1,2,4),('8','35','0',1,2,4),('8','36','0',1,2,4),('9','14','0',1,2,4),('9','15','0',1,2,4),('9','16','0',1,2,4),('9','17','0',1,2,4),('9','18','0',1,2,4),('9','19','0',1,2,4),('9','20','0',1,2,4),('10','1','0',1,2,4),('10','2','0',1,2,4),('10','3','0',1,2,4),('10','4','0',1,2,4),('10','5','0',1,2,4),('10','16','0',1,2,4),('10','17','0',1,2,4),('10','18','0',1,2,4),('10','19','0',1,2,4),('10','20','0',1,2,4),('10','32','0',1,2,4),('10','33','0',1,2,4),('10','34','0',1,2,4),('10','35','0',1,2,4),('10','36','0',1,2,4),('11','1','0',1,2,4),('11','2','0',1,2,4),('11','3','0',1,2,4),('11','4','0',1,2,4),('11','5','0',1,2,4),('11','6','0',1,2,4),('11','7','0',1,2,4),('11','8','0',1,2,4),('11','14','0',1,2,4),('11','15','0',1,2,4),('11','16','0',1,2,4),('11','17','0',1,2,4),('11','18','0',1,2,4),('11','19','0',1,2,4),('11','20','0',1,2,4),('11','32','0',1,2,4),('11','33','0',1,2,4),('11','34','0',1,2,4),('11','35','0',1,2,4),('11','36','0',1,2,4),('12','1','0',1,2,4),('12','2','0',1,2,4),('12','3','0',1,2,4),('12','4','0',1,2,4),('12','5','0',1,2,4),('12','6','0',1,2,4),('12','7','0',1,2,4),('12','8','0',1,2,4),('12','14','0',1,2,4),('12','15','0',1,2,4),('12','32','0',1,2,4),('12','33','0',1,2,4),('12','34','0',1,2,4),('12','35','0',1,2,4),('12','36','0',1,2,4),('13','1','0',1,2,4),('13','2','0',1,2,4),('13','3','0',1,2,4),('13','4','0',1,2,4),('13','5','0',1,2,4),('13','6','0',1,2,4),('13','7','0',1,2,4),('13','8','0',1,2,4),('13','14','0',1,2,4),('13','15','0',1,2,4),('13','16','0',1,2,4),('13','17','0',1,2,4),('13','18','0',1,2,4),('13','19','0',1,2,4),('13','20','0',1,2,4),('13','32','0',1,2,4),('13','33','0',1,2,4),('13','34','0',1,2,4),('13','35','0',1,2,4),('13','36','0',1,2,4),('14','1','0',1,2,4),('14','2','0',1,2,4),('14','3','0',1,2,4),('14','4','0',1,2,4),('14','5','0',1,2,4),('14','16','0',1,2,4),('14','17','0',1,2,4),('14','18','0',1,2,4),('14','19','0',1,2,4),('14','20','0',1,2,4),('14','32','0',1,2,4),('14','33','0',1,2,4),('14','34','0',1,2,4),('14','35','0',1,2,4),('14','36','0',1,2,4),('15','1','0',1,2,4),('15','2','0',1,2,4),('15','3','0',1,2,4),('15','4','0',1,2,4),('15','5','0',1,2,4),('15','6','0',1,2,4),('15','7','0',1,2,4),('15','8','0',1,2,4),('15','16','0',1,2,4),('15','17','0',1,2,4),('15','18','0',1,2,4),('15','19','0',1,2,4),('15','20','0',1,2,4),('16','1','0',1,2,4),('16','14','0',1,2,4),('16','15','0',1,2,4),('16','32','0',1,2,4),('16','33','0',1,2,4),('16','34','0',1,2,4),('16','35','0',1,2,4),('16','36','0',1,2,4),('17','2','0',1,2,4),('17','3','0',1,2,4),('17','4','0',1,2,4),('17','5','0',1,2,4),('17','6','0',1,2,4),('17','7','0',1,2,4),('17','8','0',1,2,4),('17','14','0',1,2,4),('17','15','0',1,2,4),('17','16','0',1,2,4),('17','17','0',1,2,4),('17','18','0',1,2,4),('17','19','0',1,2,4),('17','20','0',1,2,4),('18','1','0',1,2,4),('18','14','0',1,2,4),('18','15','0',1,2,4),('18','16','0',1,2,4),('18','17','0',1,2,4),('18','18','0',1,2,4),('18','19','0',1,2,4),('18','20','0',1,2,4),('18','32','0',1,2,4),('18','33','0',1,2,4),('18','34','0',1,2,4),('18','35','0',1,2,4),('18','36','0',1,2,4),('19','1','0',1,2,4),('19','2','0',1,2,4),('19','3','0',1,2,4),('19','4','0',1,2,4),('19','5','0',1,2,4),('19','6','0',1,2,4),('19','7','0',1,2,4),('19','8','0',1,2,4),('19','14','0',1,2,4),('19','15','0',1,2,4),('19','16','0',1,2,4),('19','17','0',1,2,4),('19','18','0',1,2,4),('19','19','0',1,2,4),('19','20','0',1,2,4),('19','32','0',1,2,4),('19','33','0',1,2,4),('19','34','0',1,2,4),('19','35','0',1,2,4),('19','36','0',1,2,4),('20','1','0',1,2,4),('20','2','0',1,2,4),('20','3','0',1,2,4),('20','4','0',1,2,4),('20','5','0',1,2,4),('20','6','0',1,2,4),('20','7','0',1,2,4),('20','8','0',1,2,4),('20','14','0',1,2,4),('20','15','0',1,2,4),('21','6','10000',0,2,4),('21','7','10000',0,2,4),('21','8','10000',0,2,4),('21','1','0',1,2,4),('21','2','0',1,2,4),('21','3','0',1,2,4),('21','4','0',1,2,4),('21','5','0',1,2,4),('21','14','0',1,2,4),('21','15','0',1,2,4),('21','16','0',1,2,4),('21','17','0',1,2,4),('21','18','0',1,2,4),('21','19','0',1,2,4),('21','20','0',1,2,4),('21','32','0',1,2,4),('21','33','0',1,2,4),('21','34','0',1,2,4),('21','35','0',1,2,4),('21','36','0',1,2,4),('22','1','0',1,2,4),('22','2','0',1,2,4),('22','3','0',1,2,4),('22','4','0',1,2,4),('22','5','0',1,2,4),('22','6','0',1,2,4),('22','7','0',1,2,4),('22','8','0',1,2,4),('22','14','0',1,2,4),('22','15','0',1,2,4),('22','16','0',1,2,4),('22','17','0',1,2,4),('22','18','0',1,2,4),('22','19','0',1,2,4),('22','20','0',1,2,4),('23','2','0',1,2,4),('23','3','0',1,2,4),('23','4','0',1,2,4),('23','5','0',1,2,4),('23','6','0',1,2,4),('23','7','0',1,2,4),('23','8','0',1,2,4),('23','16','0',1,2,4),('23','17','0',1,2,4),('23','18','0',1,2,4),('23','19','0',1,2,4),('23','20','0',1,2,4),('23','32','0',1,2,4),('23','33','0',1,2,4),('23','34','0',1,2,4),('23','35','0',1,2,4),('23','36','0',1,2,4),('24','1','0',1,2,4),('24','2','0',1,2,4),('24','3','0',1,2,4),('24','4','0',1,2,4),('24','5','0',1,2,4),('24','14','0',1,2,4),('24','15','0',1,2,4),('24','16','0',1,2,4),('24','17','0',1,2,4),('24','18','0',1,2,4),('24','19','0',1,2,4),('24','20','0',1,2,4),('25','1','0',1,2,4),('25','2','0',1,2,4),('25','3','0',1,2,4),('25','4','0',1,2,4),('25','5','0',1,2,4),('25','6','0',1,2,4),('25','7','0',1,2,4),('25','8','0',1,2,4),('25','14','0',1,2,4),('25','15','0',1,2,4),('25','16','0',1,2,4),('25','17','0',1,2,4),('25','18','0',1,2,4),('25','19','0',1,2,4),('25','20','0',1,2,4),('25','32','0',1,2,4),('25','33','0',1,2,4),('25','34','0',1,2,4),('25','35','0',1,2,4),('25','36','0',1,2,4),('26','1','0',1,2,4),('26','6','0',1,2,4),('26','7','0',1,2,4),('26','8','0',1,2,4),('26','14','0',1,2,4),('26','15','0',1,2,4),('26','32','0',1,2,4),('26','33','0',1,2,4),('26','34','0',1,2,4),('26','35','0',1,2,4),('26','36','0',1,2,4),('27','1','0',1,2,4),('27','14','0',1,2,4),('27','15','0',1,2,4),('27','16','0',1,2,4),('27','17','0',1,2,4),('27','18','0',1,2,4),('27','19','0',1,2,4),('27','20','0',1,2,4),('28','2','0',1,2,4),('28','3','0',1,2,4),('28','4','0',1,2,4),('28','5','0',1,2,4),('28','6','0',1,2,4),('28','7','0',1,2,4),('28','8','0',1,2,4),('29','1','0',1,2,4),('29','2','0',1,2,4),('29','3','0',1,2,4),('29','4','0',1,2,4),('29','5','0',1,2,4),('29','6','0',1,2,4),('29','7','0',1,2,4),('29','8','0',1,2,4),('29','14','0',1,2,4),('29','15','0',1,2,4),('29','16','0',1,2,4),('29','17','0',1,2,4),('29','18','0',1,2,4),('29','19','0',1,2,4),('29','20','0',1,2,4),('29','32','0',1,2,4),('29','33','0',1,2,4),('29','34','0',1,2,4),('29','35','0',1,2,4),('29','36','0',1,2,4),('30','1','0',1,2,4),('30','2','0',1,2,4),('30','3','0',1,2,4),('30','4','0',1,2,4),('30','5','0',1,2,4),('30','6','0',1,2,4),('30','7','0',1,2,4),('30','8','0',1,2,4),('30','32','0',1,2,4),('30','33','0',1,2,4),('30','34','0',1,2,4),('30','35','0',1,2,4),('30','36','0',1,2,4),('31','1','0',1,2,4),('31','2','0',1,2,4),('31','3','0',1,2,4),('31','4','0',1,2,4),('31','5','0',1,2,4),('31','6','0',1,2,4),('31','7','0',1,2,4),('31','8','0',1,2,4),('31','14','0',1,2,4),('31','15','0',1,2,4),('31','16','0',1,2,4),('31','17','0',1,2,4),('31','18','0',1,2,4),('31','19','0',1,2,4),('31','20','0',1,2,4),('32','1','0',1,2,4),('32','2','0',1,2,4),('32','3','0',1,2,4),('32','4','0',1,2,4),('32','5','0',1,2,4),('32','6','0',1,2,4),('32','7','0',1,2,4),('32','8','0',1,2,4),('32','14','0',1,2,4),('32','15','0',1,2,4),('32','16','0',1,2,4),('32','17','0',1,2,4),('32','18','0',1,2,4),('32','19','0',1,2,4),('32','20','0',1,2,4),('32','32','0',1,2,4),('32','33','0',1,2,4),('32','34','0',1,2,4),('32','35','0',1,2,4),('32','36','0',1,2,4),('2','1','0',1,3,4),('2','2','0',1,3,4),('2','3','0',1,3,4),('2','4','0',1,3,4),('2','5','0',1,3,4),('2','6','0',1,3,4),('2','7','0',1,3,4),('2','8','0',1,3,4),('2','14','0',1,3,4),('2','15','0',1,3,4),('2','16','0',1,3,4),('2','17','0',1,3,4),('2','18','0',1,3,4),('2','19','0',1,3,4),('2','20','0',1,3,4),('2','32','0',1,3,4),('2','33','0',1,3,4),('2','34','0',1,3,4),('2','35','0',1,3,4),('2','36','0',1,3,4),('3','1','0',1,3,4),('3','2','0',1,3,4),('3','3','0',1,3,4),('3','4','0',1,3,4),('3','5','0',1,3,4),('3','6','0',1,3,4),('3','7','0',1,3,4),('3','8','0',1,3,4),('3','14','0',1,3,4),('3','15','0',1,3,4),('3','16','0',1,3,4),('3','17','0',1,3,4),('3','18','0',1,3,4),('3','19','0',1,3,4),('3','20','0',1,3,4),('3','32','0',1,3,4),('3','33','0',1,3,4),('3','34','0',1,3,4),('3','35','0',1,3,4),('3','36','0',1,3,4),('4','1','0',1,3,4),('4','2','0',1,3,4),('4','3','0',1,3,4),('4','4','0',1,3,4),('4','5','0',1,3,4),('4','6','0',1,3,4),('4','7','0',1,3,4),('4','8','0',1,3,4),('4','14','0',1,3,4),('4','15','0',1,3,4),('4','16','0',1,3,4),('4','17','0',1,3,4),('4','18','0',1,3,4),('4','19','0',1,3,4),('4','20','0',1,3,4),('4','32','0',1,3,4),('4','33','0',1,3,4),('4','34','0',1,3,4),('4','35','0',1,3,4),('4','36','0',1,3,4),('5','1','0',1,3,4),('5','2','0',1,3,4),('5','3','0',1,3,4),('5','4','0',1,3,4),('5','5','0',1,3,4),('5','6','0',1,3,4),('5','7','0',1,3,4),('5','8','0',1,3,4),('5','14','0',1,3,4),('5','15','0',1,3,4),('5','16','0',1,3,4),('5','17','0',1,3,4),('5','18','0',1,3,4),('5','19','0',1,3,4),('5','20','0',1,3,4),('5','32','0',1,3,4),('5','33','0',1,3,4),('5','34','0',1,3,4),('5','35','0',1,3,4),('5','36','0',1,3,4),('6','1','0',1,3,4),('6','2','0',1,3,4),('6','3','0',1,3,4),('6','4','0',1,3,4),('6','5','0',1,3,4),('6','6','0',1,3,4),('6','7','0',1,3,4),('6','8','0',1,3,4),('6','14','0',1,3,4),('6','15','0',1,3,4),('6','16','0',1,3,4),('6','17','0',1,3,4),('6','18','0',1,3,4),('6','19','0',1,3,4),('6','20','0',1,3,4),('6','32','0',1,3,4),('6','33','0',1,3,4),('6','34','0',1,3,4),('6','35','0',1,3,4),('6','36','0',1,3,4),('7','1','0',1,3,4),('7','2','0',1,3,4),('7','3','0',1,3,4),('7','4','0',1,3,4),('7','5','0',1,3,4),('7','6','0',1,3,4),('7','7','0',1,3,4),('7','8','0',1,3,4),('7','14','0',1,3,4),('7','15','0',1,3,4),('7','16','0',1,3,4),('7','17','0',1,3,4),('7','18','0',1,3,4),('7','19','0',1,3,4),('7','20','0',1,3,4),('7','32','0',1,3,4),('7','33','0',1,3,4),('7','34','0',1,3,4),('7','35','0',1,3,4),('7','36','0',1,3,4),('8','1','0',1,3,4),('8','2','0',1,3,4),('8','3','0',1,3,4),('8','4','0',1,3,4),('8','5','0',1,3,4),('8','6','0',1,3,4),('8','7','0',1,3,4),('8','8','0',1,3,4),('8','14','0',1,3,4),('8','15','0',1,3,4),('8','32','0',1,3,4),('8','33','0',1,3,4),('8','34','0',1,3,4),('8','35','0',1,3,4),('8','36','0',1,3,4),('9','14','0',1,3,4),('9','15','0',1,3,4),('9','16','0',1,3,4),('9','17','0',1,3,4),('9','18','0',1,3,4),('9','19','0',1,3,4),('9','20','0',1,3,4),('10','1','0',1,3,4),('10','2','0',1,3,4),('10','3','0',1,3,4),('10','4','0',1,3,4),('10','5','0',1,3,4),('10','16','0',1,3,4),('10','17','0',1,3,4),('10','18','0',1,3,4),('10','19','0',1,3,4),('10','20','0',1,3,4),('10','32','0',1,3,4),('10','33','0',1,3,4),('10','34','0',1,3,4),('10','35','0',1,3,4),('10','36','0',1,3,4),('11','1','0',1,3,4),('11','2','0',1,3,4),('11','3','0',1,3,4),('11','4','0',1,3,4),('11','5','0',1,3,4),('11','6','0',1,3,4),('11','7','0',1,3,4),('11','8','0',1,3,4),('11','14','0',1,3,4),('11','15','0',1,3,4),('11','16','0',1,3,4),('11','17','0',1,3,4),('11','18','0',1,3,4),('11','19','0',1,3,4),('11','20','0',1,3,4),('11','32','0',1,3,4),('11','33','0',1,3,4),('11','34','0',1,3,4),('11','35','0',1,3,4),('11','36','0',1,3,4),('12','1','0',1,3,4),('12','2','0',1,3,4),('12','3','0',1,3,4),('12','4','0',1,3,4),('12','5','0',1,3,4),('12','6','0',1,3,4),('12','7','0',1,3,4),('12','8','0',1,3,4),('12','14','0',1,3,4),('12','15','0',1,3,4),('12','32','0',1,3,4),('12','33','0',1,3,4),('12','34','0',1,3,4),('12','35','0',1,3,4),('12','36','0',1,3,4),('13','1','0',1,3,4),('13','2','0',1,3,4),('13','3','0',1,3,4),('13','4','0',1,3,4),('13','5','0',1,3,4),('13','6','0',1,3,4),('13','7','0',1,3,4),('13','8','0',1,3,4),('13','14','0',1,3,4),('13','15','0',1,3,4),('13','16','0',1,3,4),('13','17','0',1,3,4),('13','18','0',1,3,4),('13','19','0',1,3,4),('13','20','0',1,3,4),('13','32','0',1,3,4),('13','33','0',1,3,4),('13','34','0',1,3,4),('13','35','0',1,3,4),('13','36','0',1,3,4),('14','1','0',1,3,4),('14','2','0',1,3,4),('14','3','0',1,3,4),('14','4','0',1,3,4),('14','5','0',1,3,4),('14','16','0',1,3,4),('14','17','0',1,3,4),('14','18','0',1,3,4),('14','19','0',1,3,4),('14','20','0',1,3,4),('14','32','0',1,3,4),('14','33','0',1,3,4),('14','34','0',1,3,4),('14','35','0',1,3,4),('14','36','0',1,3,4),('15','1','0',1,3,4),('15','2','0',1,3,4),('15','3','0',1,3,4),('15','4','0',1,3,4),('15','5','0',1,3,4),('15','6','0',1,3,4),('15','7','0',1,3,4),('15','8','0',1,3,4),('15','16','0',1,3,4),('15','17','0',1,3,4),('15','18','0',1,3,4),('15','19','0',1,3,4),('15','20','0',1,3,4),('16','1','0',1,3,4),('16','14','0',1,3,4),('16','15','0',1,3,4),('16','32','0',1,3,4),('16','33','0',1,3,4),('16','34','0',1,3,4),('16','35','0',1,3,4),('16','36','0',1,3,4),('17','2','0',1,3,4),('17','3','0',1,3,4),('17','4','0',1,3,4),('17','5','0',1,3,4),('17','6','0',1,3,4),('17','7','0',1,3,4),('17','8','0',1,3,4),('17','14','0',1,3,4),('17','15','0',1,3,4),('17','16','0',1,3,4),('17','17','0',1,3,4),('17','18','0',1,3,4),('17','19','0',1,3,4),('17','20','0',1,3,4),('18','1','0',1,3,4),('18','14','0',1,3,4),('18','15','0',1,3,4),('18','16','0',1,3,4),('18','17','0',1,3,4),('18','18','0',1,3,4),('18','19','0',1,3,4),('18','20','0',1,3,4),('18','32','0',1,3,4),('18','33','0',1,3,4),('18','34','0',1,3,4),('18','35','0',1,3,4),('18','36','0',1,3,4),('19','1','0',1,3,4),('19','2','0',1,3,4),('19','3','0',1,3,4),('19','4','0',1,3,4),('19','5','0',1,3,4),('19','6','0',1,3,4),('19','7','0',1,3,4),('19','8','0',1,3,4),('19','14','0',1,3,4),('19','15','0',1,3,4),('19','16','0',1,3,4),('19','17','0',1,3,4),('19','18','0',1,3,4),('19','19','0',1,3,4),('19','20','0',1,3,4),('19','32','0',1,3,4),('19','33','0',1,3,4),('19','34','0',1,3,4),('19','35','0',1,3,4),('19','36','0',1,3,4),('20','1','0',1,3,4),('20','2','0',1,3,4),('20','3','0',1,3,4),('20','4','0',1,3,4),('20','5','0',1,3,4),('20','6','0',1,3,4),('20','7','0',1,3,4),('20','8','0',1,3,4),('20','14','0',1,3,4),('20','15','0',1,3,4),('21','6','10000',0,3,4),('21','7','10000',0,3,4),('21','8','10000',0,3,4),('21','1','0',1,3,4),('21','2','0',1,3,4),('21','3','0',1,3,4),('21','4','0',1,3,4),('21','5','0',1,3,4),('21','14','0',1,3,4),('21','15','0',1,3,4),('21','16','0',1,3,4),('21','17','0',1,3,4),('21','18','0',1,3,4),('21','19','0',1,3,4),('21','20','0',1,3,4),('21','32','0',1,3,4),('21','33','0',1,3,4),('21','34','0',1,3,4),('21','35','0',1,3,4),('21','36','0',1,3,4),('22','1','0',1,3,4),('22','2','0',1,3,4),('22','3','0',1,3,4),('22','4','0',1,3,4),('22','5','0',1,3,4),('22','6','0',1,3,4),('22','7','0',1,3,4),('22','8','0',1,3,4),('22','14','0',1,3,4),('22','15','0',1,3,4),('22','16','0',1,3,4),('22','17','0',1,3,4),('22','18','0',1,3,4),('22','19','0',1,3,4),('22','20','0',1,3,4),('23','2','0',1,3,4),('23','3','0',1,3,4),('23','4','0',1,3,4),('23','5','0',1,3,4),('23','6','0',1,3,4),('23','7','0',1,3,4),('23','8','0',1,3,4),('23','16','0',1,3,4),('23','17','0',1,3,4),('23','18','0',1,3,4),('23','19','0',1,3,4),('23','20','0',1,3,4),('23','32','0',1,3,4),('23','33','0',1,3,4),('23','34','0',1,3,4),('23','35','0',1,3,4),('23','36','0',1,3,4),('24','1','0',1,3,4),('24','2','0',1,3,4),('24','3','0',1,3,4),('24','4','0',1,3,4),('24','5','0',1,3,4),('24','14','0',1,3,4),('24','15','0',1,3,4),('24','16','0',1,3,4),('24','17','0',1,3,4),('24','18','0',1,3,4),('24','19','0',1,3,4),('24','20','0',1,3,4),('25','1','0',1,3,4),('25','2','0',1,3,4),('25','3','0',1,3,4),('25','4','0',1,3,4),('25','5','0',1,3,4),('25','6','0',1,3,4),('25','7','0',1,3,4),('25','8','0',1,3,4),('25','14','0',1,3,4),('25','15','0',1,3,4),('25','16','0',1,3,4),('25','17','0',1,3,4),('25','18','0',1,3,4),('25','19','0',1,3,4),('25','20','0',1,3,4),('25','32','0',1,3,4),('25','33','0',1,3,4),('25','34','0',1,3,4),('25','35','0',1,3,4),('25','36','0',1,3,4),('26','1','0',1,3,4),('26','6','0',1,3,4),('26','7','0',1,3,4),('26','8','0',1,3,4),('26','14','0',1,3,4),('26','15','0',1,3,4),('26','32','0',1,3,4),('26','33','0',1,3,4),('26','34','0',1,3,4),('26','35','0',1,3,4),('26','36','0',1,3,4),('27','1','0',1,3,4),('27','14','0',1,3,4),('27','15','0',1,3,4),('27','16','0',1,3,4),('27','17','0',1,3,4),('27','18','0',1,3,4),('27','19','0',1,3,4),('27','20','0',1,3,4),('28','2','0',1,3,4),('28','3','0',1,3,4),('28','4','0',1,3,4),('28','5','0',1,3,4),('28','6','0',1,3,4),('28','7','0',1,3,4),('28','8','0',1,3,4),('29','1','0',1,3,4),('29','2','0',1,3,4),('29','3','0',1,3,4),('29','4','0',1,3,4),('29','5','0',1,3,4),('29','6','0',1,3,4),('29','7','0',1,3,4),('29','8','0',1,3,4),('29','14','0',1,3,4),('29','15','0',1,3,4),('29','16','0',1,3,4),('29','17','0',1,3,4),('29','18','0',1,3,4),('29','19','0',1,3,4),('29','20','0',1,3,4),('29','32','0',1,3,4),('29','33','0',1,3,4),('29','34','0',1,3,4),('29','35','0',1,3,4),('29','36','0',1,3,4),('30','1','0',1,3,4),('30','2','0',1,3,4),('30','3','0',1,3,4),('30','4','0',1,3,4),('30','5','0',1,3,4),('30','6','0',1,3,4),('30','7','0',1,3,4),('30','8','0',1,3,4),('30','32','0',1,3,4),('30','33','0',1,3,4),('30','34','0',1,3,4),('30','35','0',1,3,4),('30','36','0',1,3,4),('31','1','0',1,3,4),('31','2','0',1,3,4),('31','3','0',1,3,4),('31','4','0',1,3,4),('31','5','0',1,3,4),('31','6','0',1,3,4),('31','7','0',1,3,4),('31','8','0',1,3,4),('31','14','0',1,3,4),('31','15','0',1,3,4),('31','16','0',1,3,4),('31','17','0',1,3,4),('31','18','0',1,3,4),('31','19','0',1,3,4),('31','20','0',1,3,4),('32','1','0',1,3,4),('32','2','0',1,3,4),('32','3','0',1,3,4),('32','4','0',1,3,4),('32','5','0',1,3,4),('32','6','0',1,3,4),('32','7','0',1,3,4),('32','8','0',1,3,4),('32','14','0',1,3,4),('32','15','0',1,3,4),('32','16','0',1,3,4),('32','17','0',1,3,4),('32','18','0',1,3,4),('32','19','0',1,3,4),('32','20','0',1,3,4),('32','32','0',1,3,4),('32','33','0',1,3,4),('32','34','0',1,3,4),('32','35','0',1,3,4),('32','36','0',1,3,4);

--
-- Table structure for table `catalog_category_product_index_tmp`
--

CREATE TABLE `catalog_category_product_index_tmp` (
  `category_id` int(10) unsigned NOT NULL DEFAULT '0' COMMENT 'Category ID',
  `product_id` int(10) unsigned NOT NULL DEFAULT '0' COMMENT 'Product ID',
  `position` int(11) NOT NULL DEFAULT '0' COMMENT 'Position',
  `is_parent` smallint(5) unsigned NOT NULL DEFAULT '0' COMMENT 'Is Parent',
  `store_id` smallint(5) unsigned NOT NULL DEFAULT '0' COMMENT 'Store ID',
  `visibility` smallint(5) unsigned NOT NULL COMMENT 'Visibility',
  PRIMARY KEY (`category_id`,`product_id`,`store_id`)
) ENGINE=MEMORY DEFAULT CHARSET=utf8 COMMENT='Catalog Category Product Indexer temporary table';

--
-- Table structure for table `catalog_compare_item`
--

CREATE TABLE `catalog_compare_item` (
  `catalog_compare_item_id` int(10) unsigned NOT NULL AUTO_INCREMENT COMMENT 'Compare Item ID',
  `visitor_id` int(10) unsigned NOT NULL DEFAULT '0' COMMENT 'Visitor ID',
  `customer_id` int(10) unsigned DEFAULT NULL COMMENT 'Customer ID',
  `product_id` int(10) unsigned NOT NULL DEFAULT '0' COMMENT 'Product ID',
  `store_id` smallint(5) unsigned DEFAULT NULL COMMENT 'Store ID',
  PRIMARY KEY (`catalog_compare_item_id`),
  KEY `CATALOG_COMPARE_ITEM_PRODUCT_ID` (`product_id`),
  KEY `CATALOG_COMPARE_ITEM_VISITOR_ID_PRODUCT_ID` (`visitor_id`,`product_id`),
  KEY `CATALOG_COMPARE_ITEM_CUSTOMER_ID_PRODUCT_ID` (`customer_id`,`product_id`),
  KEY `CATALOG_COMPARE_ITEM_STORE_ID` (`store_id`)
) ENGINE=InnoDB DEFAULT CHARSET=utf8 COMMENT='Catalog Compare Table';

--
-- Table structure for table `catalog_eav_attribute`
--

CREATE TABLE `catalog_eav_attribute` (
  `attribute_id` smallint(5) unsigned NOT NULL COMMENT 'Attribute ID',
  `frontend_input_renderer` varchar(255) DEFAULT NULL COMMENT 'Frontend Input Renderer',
  `is_global` smallint(5) unsigned NOT NULL DEFAULT '1' COMMENT 'Is Global',
  `is_visible` smallint(5) unsigned NOT NULL DEFAULT '1' COMMENT 'Is Visible',
  `is_searchable` smallint(5) unsigned NOT NULL DEFAULT '0' COMMENT 'Is Searchable',
  `is_filterable` smallint(5) unsigned NOT NULL DEFAULT '0' COMMENT 'Is Filterable',
  `is_comparable` smallint(5) unsigned NOT NULL DEFAULT '0' COMMENT 'Is Comparable',
  `is_visible_on_front` smallint(5) unsigned NOT NULL DEFAULT '0' COMMENT 'Is Visible On Front',
  `is_html_allowed_on_front` smallint(5) unsigned NOT NULL DEFAULT '0' COMMENT 'Is HTML Allowed On Front',
  `is_used_for_price_rules` smallint(5) unsigned NOT NULL DEFAULT '0' COMMENT 'Is Used For Price Rules',
  `is_filterable_in_search` smallint(5) unsigned NOT NULL DEFAULT '0' COMMENT 'Is Filterable In Search',
  `used_in_product_listing` smallint(5) unsigned NOT NULL DEFAULT '0' COMMENT 'Is Used In Product Listing',
  `used_for_sort_by` smallint(5) unsigned NOT NULL DEFAULT '0' COMMENT 'Is Used For Sorting',
  `apply_to` varchar(255) DEFAULT NULL COMMENT 'Apply To',
  `is_visible_in_advanced_search` smallint(5) unsigned NOT NULL DEFAULT '0' COMMENT 'Is Visible In Advanced Search',
  `position` int(11) NOT NULL DEFAULT '0' COMMENT 'Position',
  `is_wysiwyg_enabled` smallint(5) unsigned NOT NULL DEFAULT '0' COMMENT 'Is WYSIWYG Enabled',
  `is_used_for_promo_rules` smallint(5) unsigned NOT NULL DEFAULT '0' COMMENT 'Is Used For Promo Rules',
  `is_required_in_admin_store` smallint(5) unsigned NOT NULL DEFAULT '0' COMMENT 'Is Required In Admin Store',
  `is_used_in_grid` smallint(5) unsigned NOT NULL DEFAULT '0' COMMENT 'Is Used in Grid',
  `is_visible_in_grid` smallint(5) unsigned NOT NULL DEFAULT '0' COMMENT 'Is Visible in Grid',
  `is_filterable_in_grid` smallint(5) unsigned NOT NULL DEFAULT '0' COMMENT 'Is Filterable in Grid',
  `search_weight` float NOT NULL DEFAULT '1' COMMENT 'Search Weight',
  `additional_data` text COMMENT 'Additional swatch attributes data',
  PRIMARY KEY (`attribute_id`),
  KEY `CATALOG_EAV_ATTRIBUTE_USED_FOR_SORT_BY` (`used_for_sort_by`),
  KEY `CATALOG_EAV_ATTRIBUTE_USED_IN_PRODUCT_LISTING` (`used_in_product_listing`)
) ENGINE=InnoDB DEFAULT CHARSET=utf8 COMMENT='Catalog EAV Attribute Table';

--
-- Dumping data for table `catalog_eav_attribute`
--

INSERT INTO `catalog_eav_attribute` VALUES (45,NULL,0,1,0,0,0,0,0,0,0,0,0,NULL,0,'0',0,0,0,0,0,0,'1',NULL),(46,NULL,0,1,0,0,0,0,0,0,0,0,0,NULL,0,'0',0,0,0,0,0,0,'1',NULL),(47,NULL,0,1,0,0,0,0,1,0,0,0,0,NULL,0,'0',1,0,0,0,0,0,'1',NULL),(48,NULL,0,1,0,0,0,0,0,0,0,0,0,NULL,0,'0',0,0,0,0,0,0,'1',NULL),(49,NULL,0,1,0,0,0,0,0,0,0,0,0,NULL,0,'0',0,0,0,0,0,0,'1',NULL),(50,NULL,0,1,0,0,0,0,0,0,0,0,0,NULL,0,'0',0,0,0,0,0,0,'1',NULL),(51,NULL,0,1,0,0,0,0,0,0,0,0,0,NULL,0,'0',0,0,0,0,0,0,'1',NULL),(52,NULL,0,1,0,0,0,0,0,0,0,0,0,NULL,0,'0',0,0,0,0,0,0,'1',NULL),(53,NULL,0,1,0,0,0,0,0,0,0,0,0,NULL,0,'0',0,0,0,0,0,0,'1',NULL),(54,NULL,1,1,0,0,0,0,0,0,0,0,0,NULL,0,'0',0,0,0,0,0,0,'1',NULL),(55,NULL,1,0,0,0,0,0,0,0,0,0,0,NULL,0,'0',0,0,0,0,0,0,'1',NULL),(56,NULL,1,0,0,0,0,0,0,0,0,0,0,NULL,0,'0',0,0,0,0,0,0,'1',NULL),(57,NULL,1,0,0,0,0,0,0,0,0,0,0,NULL,0,'0',0,0,0,0,0,0,'1',NULL),(58,NULL,1,0,0,0,0,0,0,0,0,0,0,NULL,0,'0',0,0,0,0,0,0,'1',NULL),(59,NULL,1,0,0,0,0,0,0,0,0,0,0,NULL,0,'0',0,0,0,0,0,0,'1',NULL),(60,NULL,0,1,0,0,0,0,0,0,0,0,0,NULL,0,'0',0,0,0,0,0,0,'1',NULL),(61,NULL,0,1,0,0,0,0,0,0,0,0,0,NULL,0,'0',0,0,0,0,0,0,'1',NULL),(62,NULL,0,1,0,0,0,0,0,0,0,0,0,NULL,0,'0',0,0,0,0,0,0,'1',NULL),(63,NULL,0,1,0,0,0,0,0,0,0,0,0,NULL,0,'0',0,0,0,0,0,0,'1',NULL),(64,NULL,0,1,0,0,0,0,0,0,0,0,0,NULL,0,'0',0,0,0,0,0,0,'1',NULL),(65,NULL,1,0,0,0,0,0,0,0,0,0,0,NULL,0,'0',0,0,0,0,0,0,'1',NULL),(66,NULL,1,0,0,0,0,0,0,0,0,0,0,NULL,0,'0',0,0,0,0,0,0,'1',NULL),(67,'Magento\\Catalog\\Block\\Adminhtml\\Category\\Helper\\Sortby\\Available',0,1,0,0,0,0,0,0,0,0,0,NULL,0,'0',0,0,0,0,0,0,'1',NULL),(68,'Magento\\Catalog\\Block\\Adminhtml\\Category\\Helper\\Sortby\\DefaultSortby',0,1,0,0,0,0,0,0,0,0,0,NULL,0,'0',0,0,0,0,0,0,'1',NULL),(69,NULL,0,1,0,0,0,0,0,0,0,0,0,NULL,0,'0',0,0,0,0,0,0,'1',NULL),(70,NULL,0,1,0,0,0,0,0,0,0,0,0,NULL,0,'0',0,0,0,0,0,0,'1',NULL),(71,NULL,0,1,0,0,0,0,0,0,0,0,0,NULL,0,'0',0,0,0,0,0,0,'1',NULL),(72,'Magento\\Catalog\\Block\\Adminhtml\\Category\\Helper\\Pricestep',0,1,0,0,0,0,0,0,0,0,0,NULL,0,'0',0,0,0,0,0,0,'1',NULL),(73,NULL,0,1,1,0,0,0,0,0,0,1,1,NULL,1,'0',0,0,0,0,0,0,'5',NULL),(74,NULL,1,1,1,0,1,0,0,0,0,0,0,NULL,1,'0',0,0,0,0,0,0,'6',NULL),(75,NULL,0,1,1,0,1,0,1,0,0,0,0,NULL,1,'0',1,0,0,0,0,0,'1',NULL),(76,NULL,0,1,1,0,1,0,1,0,0,1,0,NULL,1,'0',1,0,0,1,0,0,'1',NULL),(77,NULL,1,1,1,1,0,0,0,0,0,1,1,'simple,virtual,bundle,downloadable,configurable',1,'0',0,0,0,0,0,0,'1',NULL),(78,NULL,1,1,0,0,0,0,0,0,0,1,0,'simple,virtual,bundle,downloadable,configurable',0,'0',0,0,0,1,0,1,'1',NULL),(79,NULL,2,1,0,0,0,0,0,0,0,1,0,'simple,virtual,bundle,downloadable,configurable',0,'0',0,0,0,1,0,0,'1',NULL),(80,NULL,2,1,0,0,0,0,0,0,0,1,0,'simple,virtual,bundle,downloadable,configurable',0,'0',0,0,0,1,0,0,'1',NULL),(81,NULL,1,1,0,0,0,0,0,0,0,0,0,'simple,virtual,downloadable',0,'0',0,0,0,1,0,1,'1',NULL),(82,'Magento\\Catalog\\Block\\Adminhtml\\Product\\Helper\\Form\\Weight',1,1,0,0,0,0,0,0,0,0,0,'simple,virtual,bundle,downloadable,configurable',0,'0',0,0,0,1,0,1,'1',NULL),(84,NULL,0,1,0,0,0,0,0,0,0,0,0,NULL,0,'0',0,0,0,1,0,1,'1',NULL),(85,NULL,0,1,0,0,0,0,0,0,0,0,0,NULL,0,'0',0,0,0,1,0,1,'1',NULL),(86,NULL,0,1,0,0,0,0,0,0,0,0,0,NULL,0,'0',0,0,0,1,0,1,'1',NULL),(87,NULL,0,1,0,0,0,0,0,0,0,1,0,NULL,0,'0',0,0,0,0,0,0,'1',NULL),(88,NULL,0,1,0,0,0,0,0,0,0,1,0,NULL,0,'0',0,0,0,0,0,0,'1',NULL),(89,NULL,0,1,0,0,0,0,0,0,0,1,0,NULL,0,'0',0,0,0,0,0,0,'1',NULL),(90,NULL,1,1,0,0,0,0,0,0,0,0,0,NULL,0,'0',0,0,0,0,0,0,'1',NULL),(91,NULL,1,0,0,0,0,0,0,0,0,0,0,NULL,0,'0',0,0,0,0,0,0,'1',NULL),(92,NULL,2,1,0,0,0,0,0,0,0,0,0,'simple,virtual,bundle,downloadable',0,'0',0,0,0,0,0,0,'1',NULL),(94,NULL,2,1,0,0,0,0,0,0,0,1,0,NULL,0,'0',0,0,0,1,0,0,'1',NULL),(95,NULL,2,1,0,0,0,0,0,0,0,1,0,NULL,0,'0',0,0,0,1,0,0,'1',NULL),(96,NULL,1,1,0,0,0,0,0,0,0,0,0,NULL,0,'0',0,0,0,0,0,0,'1',NULL),(97,'Magento\\Framework\\Data\\Form\\Element\\Hidden',2,1,1,0,0,0,0,0,0,1,0,NULL,0,'0',0,0,1,0,0,0,'1',NULL),(98,NULL,1,0,0,0,0,0,0,0,0,0,0,'simple,virtual,bundle,downloadable,configurable',0,'0',0,0,0,0,0,0,'1',NULL),(99,NULL,0,1,0,0,0,0,0,0,0,0,0,NULL,0,'0',0,0,1,0,0,0,'1',NULL),(100,NULL,0,1,0,0,0,0,0,0,0,0,0,NULL,0,'0',0,0,0,1,0,1,'1',NULL),(101,NULL,0,1,0,0,0,0,0,0,0,0,0,NULL,0,'0',0,0,0,1,0,0,'1',NULL),(102,NULL,0,1,0,0,0,0,0,0,0,0,0,NULL,0,'0',0,0,0,1,0,0,'1',NULL),(103,NULL,0,1,0,0,0,0,0,0,0,0,0,NULL,0,'0',0,0,0,0,0,0,'1',NULL),(104,NULL,0,1,0,0,0,0,0,0,0,0,0,NULL,0,'0',0,0,0,1,0,0,'1',NULL),(105,'Magento\\Catalog\\Block\\Adminhtml\\Product\\Helper\\Form\\Category',1,1,0,0,0,0,0,0,0,0,0,NULL,0,'0',0,0,0,0,0,0,'1',NULL),(106,NULL,0,1,0,0,0,0,0,0,0,0,0,NULL,0,'0',0,0,0,0,0,0,'1',NULL),(107,NULL,1,0,0,0,0,0,0,0,0,1,0,NULL,0,'0',0,0,0,0,0,0,'1',NULL),(108,NULL,1,0,0,0,0,0,0,0,0,0,0,NULL,0,'0',0,0,0,0,0,0,'1',NULL),(109,NULL,0,0,0,0,0,0,0,0,0,1,0,NULL,0,'0',0,0,0,0,0,0,'1',NULL),(110,NULL,0,0,0,0,0,0,0,0,0,1,0,NULL,0,'0',0,0,0,0,0,0,'1',NULL),(111,NULL,0,0,0,0,0,0,0,0,0,1,0,NULL,0,'0',0,0,0,0,0,0,'1',NULL),(112,NULL,1,0,0,0,0,0,0,0,0,0,0,NULL,0,'0',0,0,0,0,0,0,'1',NULL),(113,NULL,1,0,0,0,0,0,0,0,0,0,0,NULL,0,'0',0,0,0,0,0,0,'1',NULL),(114,NULL,2,1,0,0,0,0,0,0,0,0,0,'simple,bundle,grouped,configurable',0,'0',0,0,0,1,0,1,'1',NULL),(115,'Magento\\CatalogInventory\\Block\\Adminhtml\\Form\\Field\\Stock',1,1,0,0,0,0,0,0,0,0,0,NULL,0,'0',0,0,0,0,0,0,'1',NULL),(116,NULL,0,1,0,0,0,0,0,0,0,0,0,NULL,0,'0',0,0,0,1,0,0,'1',NULL),(117,NULL,0,1,0,0,0,0,0,0,0,0,0,NULL,0,'0',0,0,0,0,0,0,'1',NULL),(118,NULL,0,0,0,0,0,0,0,0,0,0,0,NULL,0,'0',0,0,0,0,0,0,'1',NULL),(119,NULL,0,1,0,0,0,0,0,0,0,1,0,NULL,0,'0',0,0,0,1,0,1,'1',NULL),(120,NULL,0,0,0,0,0,0,0,0,0,0,0,NULL,0,'0',0,0,0,0,0,0,'1',NULL),(121,'Magento\\Msrp\\Block\\Adminhtml\\Product\\Helper\\Form\\Type',1,1,0,0,0,0,0,0,0,1,0,'simple,virtual,downloadable,bundle,configurable',0,'0',0,0,0,1,0,1,'1',NULL),(122,'Magento\\Msrp\\Block\\Adminhtml\\Product\\Helper\\Form\\Type\\Price',2,1,0,0,0,0,0,0,0,1,0,'simple,virtual,downloadable,bundle,configurable',0,'0',0,0,0,0,0,0,'1',NULL),(123,NULL,1,1,0,0,0,0,0,0,0,1,0,'bundle',0,'0',0,0,0,0,0,0,'1',NULL),(124,NULL,1,1,0,0,0,0,0,0,0,0,0,'bundle',0,'0',0,0,0,0,0,0,'1',NULL),(125,NULL,1,1,0,0,0,0,0,0,0,1,0,'bundle',0,'0',0,0,0,0,0,0,'1',NULL),(126,NULL,1,1,0,0,0,0,0,0,0,1,0,'bundle',0,'0',0,0,0,0,0,0,'1',NULL),(127,NULL,1,1,0,0,0,0,0,0,0,1,0,'bundle',0,'0',0,0,0,0,0,0,'1',NULL),(128,NULL,1,0,0,0,0,0,0,0,0,1,0,'downloadable',0,'0',0,0,0,0,0,0,'1',NULL),(129,NULL,0,0,0,0,0,0,0,0,0,0,0,'downloadable',0,'0',0,0,0,0,0,0,'1',NULL),(130,NULL,0,0,0,0,0,0,0,0,0,0,0,'downloadable',0,'0',0,0,0,0,0,0,'1',NULL),(131,NULL,1,0,0,0,0,0,0,0,0,1,0,'downloadable',0,'0',0,0,0,0,0,0,'1',NULL),(132,'Magento\\GiftMessage\\Block\\Adminhtml\\Product\\Helper\\Form\\Config',1,1,0,0,0,0,0,0,0,0,0,NULL,0,'0',0,0,0,1,0,0,'1',NULL),(133,NULL,0,1,0,0,0,0,0,0,0,1,0,NULL,0,'0',0,0,0,0,0,0,'1',NULL),(134,NULL,2,1,1,0,0,0,0,0,0,1,0,'simple,virtual,bundle,downloadable,configurable',0,'0',0,0,0,1,0,1,'1',NULL),(135,NULL,0,1,1,1,0,1,1,0,1,0,0,NULL,0,'0',0,0,0,0,1,0,'1',NULL),(136,NULL,0,1,1,1,0,1,1,0,1,0,0,NULL,0,'0',0,0,0,0,1,0,'1',NULL),(137,NULL,0,1,1,1,0,1,1,0,1,0,0,NULL,0,'0',0,0,0,0,1,0,'1',NULL),(138,NULL,0,1,1,0,0,1,1,0,0,0,0,NULL,0,'0',0,0,0,0,1,0,'1',NULL),(139,NULL,0,1,1,0,0,1,1,0,0,0,0,NULL,0,'0',0,0,0,0,1,0,'1',NULL),(140,NULL,0,1,1,0,0,1,1,0,0,0,0,NULL,0,'0',0,0,0,0,1,0,'1',NULL),(141,NULL,0,1,1,1,0,1,1,0,1,0,0,NULL,0,'0',0,0,0,0,1,0,'1',NULL),(142,NULL,0,1,1,0,0,1,1,0,0,0,0,NULL,0,'0',0,0,0,0,1,0,'1',NULL),(143,NULL,1,1,1,1,0,1,1,0,1,1,0,NULL,0,'0',0,0,0,0,1,0,'1','{\"swatch_input_type\":\"visual\",\"update_product_preview_image\":\"0\",\"use_product_image_for_swatch\":\"0\"}'),(144,NULL,0,1,0,0,0,0,0,0,0,0,0,NULL,0,'0',0,0,0,0,0,0,'1',NULL),(145,NULL,0,1,0,0,0,0,0,0,0,0,0,NULL,0,'0',0,0,0,0,0,0,'1',NULL),(146,NULL,0,1,0,0,0,0,0,0,0,0,0,NULL,0,'0',0,0,0,0,0,0,'1',NULL),(147,NULL,0,1,0,0,0,0,0,0,0,1,0,NULL,0,'0',0,0,0,0,0,0,'1',NULL),(148,NULL,0,1,0,0,0,0,0,0,0,1,0,NULL,0,'0',0,0,0,0,0,0,'1',NULL),(149,NULL,0,1,0,0,0,0,0,0,0,0,0,NULL,0,'0',0,0,0,0,0,0,'1',NULL),(150,NULL,0,1,0,0,0,0,0,0,0,0,0,NULL,0,'0',0,0,0,0,0,0,'1',NULL),(151,NULL,0,1,0,0,0,0,0,0,0,0,0,NULL,0,'0',0,0,0,0,0,0,'1',NULL),(152,NULL,0,1,0,0,0,0,0,0,0,0,0,NULL,0,'0',0,0,0,0,0,0,'1',NULL),(153,NULL,0,1,0,0,0,0,0,0,0,0,0,NULL,0,'0',0,0,0,0,0,0,'1',NULL),(154,NULL,0,1,0,0,0,0,0,0,0,0,0,NULL,0,'0',0,0,0,0,0,0,'1',NULL),(155,NULL,0,1,0,0,0,0,0,0,0,0,0,NULL,0,'0',0,0,0,0,0,0,'1',NULL),(156,NULL,0,1,0,0,0,0,0,0,0,0,0,NULL,0,'0',0,0,0,0,0,0,'1',NULL),(157,NULL,0,1,1,1,1,0,0,0,0,1,0,NULL,1,'0',0,0,0,0,0,0,'1',NULL);

--
-- Table structure for table `catalog_product_bundle_option`
--

CREATE TABLE `catalog_product_bundle_option` (
  `option_id` int(10) unsigned NOT NULL AUTO_INCREMENT COMMENT 'Option Id',
  `parent_id` int(10) unsigned NOT NULL COMMENT 'Parent Id',
  `required` smallint(5) unsigned NOT NULL DEFAULT '0' COMMENT 'Required',
  `position` int(10) unsigned NOT NULL DEFAULT '0' COMMENT 'Position',
  `type` varchar(255) DEFAULT NULL COMMENT 'Type',
  PRIMARY KEY (`option_id`),
  KEY `CATALOG_PRODUCT_BUNDLE_OPTION_PARENT_ID` (`parent_id`)
) ENGINE=InnoDB DEFAULT CHARSET=utf8 COMMENT='Catalog Product Bundle Option';

--
-- Table structure for table `catalog_product_bundle_option_value`
--

CREATE TABLE `catalog_product_bundle_option_value` (
  `value_id` int(10) unsigned NOT NULL AUTO_INCREMENT COMMENT 'Value Id',
  `option_id` int(10) unsigned NOT NULL COMMENT 'Option Id',
  `parent_product_id` int(10) unsigned NOT NULL COMMENT 'Parent Product Id',
  `store_id` smallint(5) unsigned NOT NULL COMMENT 'Store Id',
  `title` varchar(255) DEFAULT NULL COMMENT 'Title',
  PRIMARY KEY (`value_id`),
  UNIQUE KEY `CAT_PRD_BNDL_OPT_VAL_OPT_ID_PARENT_PRD_ID_STORE_ID` (`option_id`,`parent_product_id`,`store_id`)
) ENGINE=InnoDB DEFAULT CHARSET=utf8 COMMENT='Catalog Product Bundle Option Value';

--
-- Table structure for table `catalog_product_bundle_price_index`
--

CREATE TABLE `catalog_product_bundle_price_index` (
  `entity_id` int(10) unsigned NOT NULL COMMENT 'Entity Id',
  `website_id` smallint(5) unsigned NOT NULL COMMENT 'Website Id',
  `customer_group_id` int(10) unsigned NOT NULL COMMENT 'Customer Group Id',
  `min_price` decimal(12,4) NOT NULL COMMENT 'Min Price',
  `max_price` decimal(12,4) NOT NULL COMMENT 'Max Price',
  PRIMARY KEY (`entity_id`,`website_id`,`customer_group_id`),
  KEY `CATALOG_PRODUCT_BUNDLE_PRICE_INDEX_WEBSITE_ID` (`website_id`),
  KEY `CATALOG_PRODUCT_BUNDLE_PRICE_INDEX_CUSTOMER_GROUP_ID` (`customer_group_id`)
) ENGINE=InnoDB DEFAULT CHARSET=utf8 COMMENT='Catalog Product Bundle Price Index';

--
-- Table structure for table `catalog_product_bundle_selection`
--

CREATE TABLE `catalog_product_bundle_selection` (
  `selection_id` int(10) unsigned NOT NULL AUTO_INCREMENT COMMENT 'Selection Id',
  `option_id` int(10) unsigned NOT NULL COMMENT 'Option Id',
  `parent_product_id` int(10) unsigned NOT NULL COMMENT 'Parent Product Id',
  `product_id` int(10) unsigned NOT NULL COMMENT 'Product Id',
  `position` int(10) unsigned NOT NULL DEFAULT '0' COMMENT 'Position',
  `is_default` smallint(5) unsigned NOT NULL DEFAULT '0' COMMENT 'Is Default',
  `selection_price_type` smallint(5) unsigned NOT NULL DEFAULT '0' COMMENT 'Selection Price Type',
  `selection_price_value` decimal(12,4) NOT NULL DEFAULT '0.0000' COMMENT 'Selection Price Value',
  `selection_qty` decimal(12,4) DEFAULT NULL COMMENT 'Selection Qty',
  `selection_can_change_qty` smallint(6) NOT NULL DEFAULT '0' COMMENT 'Selection Can Change Qty',
  PRIMARY KEY (`selection_id`),
  KEY `CATALOG_PRODUCT_BUNDLE_SELECTION_OPTION_ID` (`option_id`),
  KEY `CATALOG_PRODUCT_BUNDLE_SELECTION_PRODUCT_ID` (`product_id`)
) ENGINE=InnoDB DEFAULT CHARSET=utf8 COMMENT='Catalog Product Bundle Selection';

--
-- Table structure for table `catalog_product_bundle_selection_price`
--

CREATE TABLE `catalog_product_bundle_selection_price` (
  `selection_id` int(10) unsigned NOT NULL COMMENT 'Selection Id',
  `parent_product_id` int(10) unsigned NOT NULL COMMENT 'Parent Product Id',
  `website_id` smallint(5) unsigned NOT NULL COMMENT 'Website Id',
  `selection_price_type` smallint(5) unsigned NOT NULL DEFAULT '0' COMMENT 'Selection Price Type',
  `selection_price_value` decimal(12,4) NOT NULL DEFAULT '0.0000' COMMENT 'Selection Price Value',
  PRIMARY KEY (`selection_id`,`parent_product_id`,`website_id`),
  KEY `CATALOG_PRODUCT_BUNDLE_SELECTION_PRICE_WEBSITE_ID` (`website_id`)
) ENGINE=InnoDB DEFAULT CHARSET=utf8 COMMENT='Catalog Product Bundle Selection Price';

--
-- Table structure for table `catalog_product_bundle_stock_index`
--

CREATE TABLE `catalog_product_bundle_stock_index` (
  `entity_id` int(10) unsigned NOT NULL COMMENT 'Entity Id',
  `website_id` smallint(5) unsigned NOT NULL COMMENT 'Website Id',
  `stock_id` smallint(5) unsigned NOT NULL COMMENT 'Stock Id',
  `option_id` int(10) unsigned NOT NULL DEFAULT '0' COMMENT 'Option Id',
  `stock_status` smallint(6) DEFAULT '0' COMMENT 'Stock Status',
  PRIMARY KEY (`entity_id`,`website_id`,`stock_id`,`option_id`)
) ENGINE=InnoDB DEFAULT CHARSET=utf8 COMMENT='Catalog Product Bundle Stock Index';

--
-- Table structure for table `catalog_product_entity`
--

CREATE TABLE `catalog_product_entity` (
  `entity_id` int(10) unsigned NOT NULL AUTO_INCREMENT COMMENT 'Entity ID',
  `attribute_set_id` smallint(5) unsigned NOT NULL DEFAULT '0' COMMENT 'Attribute Set ID',
  `type_id` varchar(32) NOT NULL DEFAULT 'simple' COMMENT 'Type ID',
  `sku` varchar(64) DEFAULT NULL COMMENT 'SKU',
  `has_options` smallint(6) NOT NULL DEFAULT '0' COMMENT 'Has Options',
  `required_options` smallint(5) unsigned NOT NULL DEFAULT '0' COMMENT 'Required Options',
  `created_at` timestamp NOT NULL DEFAULT CURRENT_TIMESTAMP COMMENT 'Creation Time',
  `updated_at` timestamp NOT NULL DEFAULT CURRENT_TIMESTAMP ON UPDATE CURRENT_TIMESTAMP COMMENT 'Update Time',
  PRIMARY KEY (`entity_id`),
  KEY `CATALOG_PRODUCT_ENTITY_ATTRIBUTE_SET_ID` (`attribute_set_id`),
  KEY `CATALOG_PRODUCT_ENTITY_SKU` (`sku`)
) ENGINE=InnoDB AUTO_INCREMENT=49 DEFAULT CHARSET=utf8 COMMENT='Catalog Product Table';

--
-- Dumping data for table `catalog_product_entity`
--

INSERT INTO `catalog_product_entity` VALUES ('1',4,'simple','9658',0,0,'2017-11-26 08:34:18','2017-12-26 13:40:17'),('2',4,'simple','3546',0,0,'2017-11-26 08:38:45','2017-12-26 13:42:36'),('3',4,'simple','2653',0,0,'2017-11-26 08:40:06','2017-12-26 13:40:41'),('4',4,'simple','3665',0,0,'2017-11-26 08:40:18','2017-12-26 13:40:58'),('5',4,'simple','2345',0,0,'2017-11-26 08:40:28','2017-12-26 13:41:19'),('6',4,'simple','4443',1,1,'2017-11-26 08:54:33','2017-12-26 13:41:41'),('7',4,'simple','2488',1,1,'2017-11-26 08:54:48','2017-12-26 13:41:59'),('8',4,'simple','2377',1,1,'2017-11-26 08:55:04','2017-12-26 13:42:16'),('14',4,'simple','6133',1,1,'2017-11-26 09:10:01','2017-11-26 09:12:02'),('15',4,'simple','5123',1,1,'2017-11-26 09:10:05','2017-11-26 09:11:22'),('16',4,'configurable','5111',1,1,'2017-11-26 09:14:57','2017-11-26 09:23:06'),('17',4,'configurable','9654',1,1,'2017-11-26 09:15:01','2017-12-26 13:38:10'),('18',4,'configurable','4762',1,1,'2017-11-26 09:15:14','2017-12-26 13:38:30'),('19',4,'configurable','8112',1,1,'2017-11-26 09:15:27','2017-12-26 13:38:44'),('20',4,'configurable','4998',1,1,'2017-11-26 09:15:40','2017-11-26 09:24:28'),('21',4,'simple','5111-black',0,0,'2017-11-26 09:23:03','2017-11-26 09:25:27'),('22',4,'simple','5111-blue',0,0,'2017-11-26 09:23:05','2017-11-26 09:25:35'),('23',4,'simple','9654-pink',0,0,'2017-11-26 09:23:26','2017-11-26 09:25:58'),('24',4,'simple','9654-white',0,0,'2017-11-26 09:23:27','2017-11-26 09:25:50'),('25',4,'simple','4762-red',0,0,'2017-11-26 09:23:46','2017-11-26 09:26:17'),('26',4,'simple','4762-white',0,0,'2017-11-26 09:23:47','2017-11-26 09:26:22'),('27',4,'simple','4762-black',0,0,'2017-11-26 09:23:48','2017-11-26 09:26:10'),('28',4,'simple','8112-blue',0,0,'2017-11-26 09:24:07','2017-11-26 09:26:43'),('29',4,'simple','8112-pink',0,0,'2017-11-26 09:24:08','2017-11-26 09:26:36'),('30',4,'simple','4998-white',0,0,'2017-11-26 09:24:26','2017-11-26 09:27:01'),('31',4,'simple','4998-black',0,0,'2017-11-26 09:24:27','2017-11-26 09:26:55'),('32',4,'configurable','4112',1,1,'2017-11-26 09:29:27','2017-12-26 13:37:00'),('33',4,'configurable','4221',1,1,'2017-11-26 09:29:30','2017-12-26 13:36:39'),('34',4,'configurable','4331',1,1,'2017-11-26 09:29:42','2017-12-26 13:37:19'),('35',4,'configurable','4521',1,1,'2017-11-26 09:29:53','2017-12-26 13:37:28'),('36',4,'configurable','4556',1,1,'2017-11-26 09:30:04','2017-12-26 13:37:55'),('37',4,'simple','h-1-1-1-1-1',0,0,'2017-11-26 09:30:15','2017-11-26 09:30:15'),('38',4,'simple','4112-blue',0,0,'2017-11-26 09:35:16','2017-11-26 09:40:07'),('39',4,'simple','4112-white',0,0,'2017-11-26 09:35:17','2017-11-26 09:40:01'),('40',4,'simple','4521-black',0,0,'2017-11-26 09:35:38','2017-11-26 09:37:53'),('41',4,'simple','4521-pink',0,0,'2017-11-26 09:35:39','2017-11-26 09:37:47'),('42',4,'simple','4556-white',0,0,'2017-11-26 09:35:59','2017-11-26 09:38:10'),('43',4,'simple','4556-red',0,0,'2017-11-26 09:36:00','2017-11-26 09:38:16'),('44',4,'simple','4331-red',0,0,'2017-11-26 09:36:20','2017-11-26 09:39:26'),('45',4,'simple','4331-white',0,0,'2017-11-26 09:36:22','2017-11-26 09:39:31'),('46',4,'simple','4331-black',0,0,'2017-11-26 09:36:23','2017-11-26 09:39:20'),('47',4,'simple','4221-pink',0,0,'2017-11-26 09:36:39','2017-11-26 09:39:45'),('48',4,'simple','4221-white',0,0,'2017-11-26 09:36:41','2017-11-26 09:39:39');

--
-- Table structure for table `catalog_product_entity_datetime`
--

CREATE TABLE `catalog_product_entity_datetime` (
  `value_id` int(11) NOT NULL AUTO_INCREMENT COMMENT 'Value ID',
  `attribute_id` smallint(5) unsigned NOT NULL DEFAULT '0' COMMENT 'Attribute ID',
  `store_id` smallint(5) unsigned NOT NULL DEFAULT '0' COMMENT 'Store ID',
  `entity_id` int(10) unsigned NOT NULL DEFAULT '0' COMMENT 'Entity ID',
  `value` datetime DEFAULT NULL COMMENT 'Value',
  PRIMARY KEY (`value_id`),
  UNIQUE KEY `CATALOG_PRODUCT_ENTITY_DATETIME_ENTITY_ID_ATTRIBUTE_ID_STORE_ID` (`entity_id`,`attribute_id`,`store_id`),
  KEY `CATALOG_PRODUCT_ENTITY_DATETIME_ATTRIBUTE_ID` (`attribute_id`),
  KEY `CATALOG_PRODUCT_ENTITY_DATETIME_STORE_ID` (`store_id`)
) ENGINE=InnoDB AUTO_INCREMENT=33 DEFAULT CHARSET=utf8 COMMENT='Catalog Product Datetime Attribute Backend Table';

--
-- Dumping data for table `catalog_product_entity_datetime`
--

INSERT INTO `catalog_product_entity_datetime` VALUES ('1',94,0,'33','2017-12-26 00:00:00'),('2',95,0,'33','2025-12-26 00:00:00'),('3',94,0,'32','2017-12-26 00:00:00'),('4',95,0,'32','2025-12-26 00:00:00'),('5',94,0,'34','2017-12-26 00:00:00'),('6',95,0,'34','2025-12-26 00:00:00'),('7',94,0,'35','2017-12-26 00:00:00'),('8',95,0,'35','2025-12-26 00:00:00'),('9',94,0,'36','2017-12-26 00:00:00'),('10',95,0,'36','2025-12-26 00:00:00'),('11',94,0,'17','2017-12-26 00:00:00'),('12',95,0,'17','2025-12-26 00:00:00'),('13',94,0,'18','2017-12-26 00:00:00'),('14',95,0,'18','2025-12-26 00:00:00'),('15',94,0,'19','2017-12-26 00:00:00'),('16',95,0,'19','2025-12-26 00:00:00'),('17',79,0,'1','2017-12-26 00:00:00'),('18',80,0,'1','2025-12-26 00:00:00'),('19',79,0,'3','2017-12-26 00:00:00'),('20',80,0,'3','2025-12-26 00:00:00'),('21',79,0,'4','2017-12-26 00:00:00'),('22',80,0,'4','2025-12-26 00:00:00'),('23',79,0,'5','2017-12-26 00:00:00'),('24',80,0,'5','2025-12-26 00:00:00'),('25',79,0,'6','2017-12-26 00:00:00'),('26',80,0,'6','2025-12-26 00:00:00'),('27',79,0,'7','2017-12-26 00:00:00'),('28',80,0,'7','2025-12-26 00:00:00'),('29',79,0,'8','2017-12-26 00:00:00'),('30',80,0,'8','2025-12-26 00:00:00'),('31',79,0,'2','2017-12-26 00:00:00'),('32',80,0,'2','2025-12-26 00:00:00');

--
-- Table structure for table `catalog_product_entity_decimal`
--

CREATE TABLE `catalog_product_entity_decimal` (
  `value_id` int(11) NOT NULL AUTO_INCREMENT COMMENT 'Value ID',
  `attribute_id` smallint(5) unsigned NOT NULL DEFAULT '0' COMMENT 'Attribute ID',
  `store_id` smallint(5) unsigned NOT NULL DEFAULT '0' COMMENT 'Store ID',
  `entity_id` int(10) unsigned NOT NULL DEFAULT '0' COMMENT 'Entity ID',
  `value` decimal(12,4) DEFAULT NULL COMMENT 'Value',
  PRIMARY KEY (`value_id`),
  UNIQUE KEY `CATALOG_PRODUCT_ENTITY_DECIMAL_ENTITY_ID_ATTRIBUTE_ID_STORE_ID` (`entity_id`,`attribute_id`,`store_id`),
  KEY `CATALOG_PRODUCT_ENTITY_DECIMAL_STORE_ID` (`store_id`),
  KEY `CATALOG_PRODUCT_ENTITY_DECIMAL_ATTRIBUTE_ID` (`attribute_id`)
) ENGINE=InnoDB AUTO_INCREMENT=167 DEFAULT CHARSET=utf8 COMMENT='Catalog Product Decimal Attribute Backend Table';

--
-- Dumping data for table `catalog_product_entity_decimal`
--

INSERT INTO `catalog_product_entity_decimal` VALUES ('1',77,0,'1','36.0000'),('2',82,0,'1','1.0000'),('3',78,0,'1','30.0000'),('4',77,0,'2','39.0000'),('5',82,0,'2','1.0000'),('6',78,0,'2','36.0000'),('7',77,0,'3','66.0000'),('8',82,0,'3','1.0000'),('9',78,0,'3','59.0000'),('12',77,0,'4','19.0000'),('13',82,0,'4','1.0000'),('14',78,0,'4','16.0000'),('17',77,0,'5','27.0000'),('18',82,0,'5','1.0000'),('19',78,0,'5','23.0000'),('22',77,0,'6','42.0000'),('23',82,0,'6','1.0000'),('24',78,0,'6','39.0000'),('25',77,0,'7','26.0000'),('26',82,0,'7','1.0000'),('27',78,0,'7','21.0000'),('30',77,0,'8','31.0000'),('31',82,0,'8','1.0000'),('32',78,0,'8','28.0000'),('45',77,0,'14','43.0000'),('46',82,0,'14','1.0000'),('47',77,0,'15','55.0000'),('48',82,0,'15','1.0000'),('50',78,0,'15',NULL),('51',78,0,'14',NULL),('52',77,0,'16',NULL),('53',82,0,'16','1.0000'),('55',82,0,'17','1.0000'),('57',78,0,'17',NULL),('59',82,0,'18','1.0000'),('60',78,0,'18',NULL),('64',82,0,'19','1.0000'),('65',78,0,'19',NULL),('68',77,0,'20',NULL),('69',82,0,'20','1.0000'),('70',78,0,'20',NULL),('73',78,0,'16',NULL),('74',77,0,'21','51.0000'),('75',82,0,'21','1.0000'),('76',77,0,'22','55.0000'),('77',82,0,'22','1.0000'),('78',77,0,'23','25.0000'),('79',82,0,'23','1.0000'),('80',77,0,'24','29.0000'),('81',82,0,'24','1.0000'),('82',77,0,'25','26.0000'),('83',82,0,'25','1.0000'),('84',77,0,'26','26.0000'),('85',82,0,'26','1.0000'),('86',77,0,'27','28.0000'),('87',82,0,'27','1.0000'),('88',77,0,'28','34.0000'),('89',82,0,'28','1.0000'),('90',77,0,'29','39.0000'),('91',82,0,'29','1.0000'),('92',77,0,'30','16.0000'),('93',82,0,'30','1.0000'),('94',77,0,'31','26.0000'),('95',82,0,'31','1.0000'),('96',78,0,'21',NULL),('97',78,0,'22',NULL),('98',78,0,'24',NULL),('99',78,0,'23',NULL),('100',78,0,'27',NULL),('101',78,0,'25',NULL),('102',78,0,'26',NULL),('103',78,0,'29',NULL),('104',78,0,'28',NULL),('105',78,0,'31',NULL),('106',78,0,'30',NULL),('108',82,0,'32','1.0000'),('110',82,0,'33','1.0000'),('112',78,0,'33',NULL),('114',82,0,'34','1.0000'),('115',78,0,'34',NULL),('119',82,0,'35','1.0000'),('120',78,0,'35',NULL),('124',82,0,'36','1.0000'),('125',78,0,'36',NULL),('128',77,0,'37','54.0000'),('129',82,0,'37','1.0000'),('130',78,0,'37',NULL),('133',78,0,'32',NULL),('134',77,0,'38','63.0000'),('135',82,0,'38','1.0000'),('136',77,0,'39','66.0000'),('137',82,0,'39','1.0000'),('138',77,0,'40','29.0000'),('139',82,0,'40','1.0000'),('140',77,0,'41','36.0000'),('141',82,0,'41','1.0000'),('142',77,0,'42','35.0000'),('143',82,0,'42','1.0000'),('144',77,0,'43','38.0000'),('145',82,0,'43','1.0000'),('146',77,0,'44','25.0000'),('147',82,0,'44','1.0000'),('148',77,0,'45','25.0000'),('149',82,0,'45','1.0000'),('150',77,0,'46','29.0000'),('151',82,0,'46','1.0000'),('152',77,0,'47','33.0000'),('153',82,0,'47','1.0000'),('154',77,0,'48','39.0000'),('155',82,0,'48','1.0000'),('156',78,0,'41',NULL),('157',78,0,'40',NULL),('158',78,0,'42',NULL),('159',78,0,'43',NULL),('160',78,0,'46',NULL),('161',78,0,'44',NULL),('162',78,0,'45',NULL),('163',78,0,'48',NULL),('164',78,0,'47',NULL),('165',78,0,'39',NULL),('166',78,0,'38',NULL);

--
-- Table structure for table `catalog_product_entity_gallery`
--

CREATE TABLE `catalog_product_entity_gallery` (
  `value_id` int(11) NOT NULL AUTO_INCREMENT COMMENT 'Value ID',
  `attribute_id` smallint(5) unsigned NOT NULL DEFAULT '0' COMMENT 'Attribute ID',
  `store_id` smallint(5) unsigned NOT NULL DEFAULT '0' COMMENT 'Store ID',
  `entity_id` int(10) unsigned NOT NULL DEFAULT '0' COMMENT 'Entity ID',
  `position` int(11) NOT NULL DEFAULT '0' COMMENT 'Position',
  `value` varchar(255) DEFAULT NULL COMMENT 'Value',
  PRIMARY KEY (`value_id`),
  UNIQUE KEY `CATALOG_PRODUCT_ENTITY_GALLERY_ENTITY_ID_ATTRIBUTE_ID_STORE_ID` (`entity_id`,`attribute_id`,`store_id`),
  KEY `CATALOG_PRODUCT_ENTITY_GALLERY_ENTITY_ID` (`entity_id`),
  KEY `CATALOG_PRODUCT_ENTITY_GALLERY_ATTRIBUTE_ID` (`attribute_id`),
  KEY `CATALOG_PRODUCT_ENTITY_GALLERY_STORE_ID` (`store_id`)
) ENGINE=InnoDB DEFAULT CHARSET=utf8 COMMENT='Catalog Product Gallery Attribute Backend Table';

--
-- Table structure for table `catalog_product_entity_int`
--

CREATE TABLE `catalog_product_entity_int` (
  `value_id` int(11) NOT NULL AUTO_INCREMENT COMMENT 'Value ID',
  `attribute_id` smallint(5) unsigned NOT NULL DEFAULT '0' COMMENT 'Attribute ID',
  `store_id` smallint(5) unsigned NOT NULL DEFAULT '0' COMMENT 'Store ID',
  `entity_id` int(10) unsigned NOT NULL DEFAULT '0' COMMENT 'Entity ID',
  `value` int(11) DEFAULT NULL COMMENT 'Value',
  PRIMARY KEY (`value_id`),
  UNIQUE KEY `CATALOG_PRODUCT_ENTITY_INT_ENTITY_ID_ATTRIBUTE_ID_STORE_ID` (`entity_id`,`attribute_id`,`store_id`),
  KEY `CATALOG_PRODUCT_ENTITY_INT_ATTRIBUTE_ID` (`attribute_id`),
  KEY `CATALOG_PRODUCT_ENTITY_INT_STORE_ID` (`store_id`)
) ENGINE=InnoDB AUTO_INCREMENT=627 DEFAULT CHARSET=utf8 COMMENT='Catalog Product Integer Attribute Backend Table';

--
-- Dumping data for table `catalog_product_entity_int`
--

INSERT INTO `catalog_product_entity_int` VALUES ('1',97,0,'1','1'),('2',99,0,'1','4'),('3',115,0,'1','1'),('4',134,0,'1','2'),('5',135,0,'1','4'),('6',136,0,'1','8'),('7',137,0,'1','11'),('8',138,0,'1','16'),('9',139,0,'1','19'),('10',140,0,'1','21'),('11',141,0,'1','23'),('12',142,0,'1','26'),('13',97,0,'2','1'),('14',99,0,'2','4'),('15',115,0,'2','1'),('16',134,0,'2','2'),('17',135,0,'2','6'),('18',136,0,'2','10'),('19',137,0,'2','13'),('20',138,0,'2','16'),('21',139,0,'2','19'),('22',140,0,'2','22'),('23',141,0,'2','25'),('24',142,0,'2','27'),('25',97,0,'3','1'),('26',99,0,'3','4'),('27',115,0,'3','1'),('28',134,0,'3','2'),('29',135,0,'3','7'),('30',136,0,'3','8'),('31',137,0,'3','14'),('32',138,0,'3','16'),('33',139,0,'3','20'),('34',140,0,'3','22'),('35',141,0,'3','24'),('36',142,0,'3','27'),('38',97,0,'4','1'),('39',99,0,'4','4'),('40',115,0,'4','1'),('41',134,0,'4','2'),('42',135,0,'4','6'),('43',136,0,'4','10'),('44',137,0,'4','11'),('45',138,0,'4','15'),('46',139,0,'4','19'),('47',140,0,'4','22'),('48',141,0,'4','24'),('49',142,0,'4','27'),('51',97,0,'5','1'),('52',99,0,'5','4'),('53',115,0,'5','1'),('54',134,0,'5','2'),('55',135,0,'5','5'),('56',136,0,'5','9'),('57',137,0,'5','12'),('58',138,0,'5','16'),('59',139,0,'5','19'),('60',140,0,'5','22'),('61',141,0,'5','24'),('62',142,0,'5','27'),('64',97,0,'6','1'),('65',99,0,'6','4'),('66',115,0,'6','1'),('67',134,0,'6','2'),('68',135,0,'6','6'),('69',136,0,'6','8'),('70',137,0,'6','11'),('71',138,0,'6','15'),('72',139,0,'6','19'),('73',140,0,'6','21'),('74',141,0,'6','24'),('75',142,0,'6','27'),('76',97,0,'7','1'),('77',99,0,'7','4'),('78',115,0,'7','1'),('79',134,0,'7','2'),('80',135,0,'7','5'),('81',136,0,'7','8'),('82',137,0,'7','11'),('83',138,0,'7','15'),('84',139,0,'7','19'),('85',140,0,'7','21'),('86',141,0,'7','24'),('87',142,0,'7','27'),('89',97,0,'8','1'),('90',99,0,'8','4'),('91',115,0,'8','1'),('92',134,0,'8','2'),('93',135,0,'8','4'),('94',136,0,'8','8'),('95',137,0,'8','13'),('96',138,0,'8','15'),('97',139,0,'8','19'),('98',140,0,'8','21'),('99',141,0,'8','24'),('100',142,0,'8','27'),('162',97,0,'14','1'),('163',99,0,'14','4'),('164',115,0,'14','1'),('165',134,0,'14','2'),('166',135,0,'14','4'),('167',136,0,'14','8'),('168',137,0,'14','13'),('169',138,0,'14','15'),('170',139,0,'14','20'),('171',140,0,'14','22'),('172',141,0,'14','23'),('173',142,0,'14','26'),('174',97,0,'15','1'),('175',99,0,'15','4'),('176',115,0,'15','1'),('177',134,0,'15','2'),('178',135,0,'15','6'),('179',136,0,'15','8'),('180',137,0,'15','13'),('181',138,0,'15','15'),('182',139,0,'15','20'),('183',140,0,'15','22'),('184',141,0,'15','23'),('185',142,0,'15','26'),('187',97,0,'16','1'),('188',99,0,'16','4'),('189',115,0,'16','1'),('190',134,0,'16','2'),('191',135,0,'16','4'),('192',136,0,'16','10'),('193',137,0,'16','13'),('194',138,0,'16','17'),('195',139,0,'16','20'),('196',140,0,'16','22'),('197',141,0,'16','24'),('198',142,0,'16','27'),('199',97,0,'17','1'),('200',99,0,'17','4'),('201',115,0,'17','1'),('202',134,0,'17','2'),('203',135,0,'17','5'),('204',136,0,'17','10'),('205',137,0,'17','12'),('206',138,0,'17','17'),('207',139,0,'17','20'),('208',140,0,'17','22'),('209',141,0,'17','24'),('210',142,0,'17','27'),('212',97,0,'18','1'),('213',99,0,'18','4'),('214',115,0,'18','1'),('215',134,0,'18','2'),('216',135,0,'18','7'),('217',136,0,'18','9'),('218',137,0,'18','11'),('219',138,0,'18','17'),('220',139,0,'18','20'),('221',140,0,'18','22'),('222',141,0,'18','24'),('223',142,0,'18','27'),('225',97,0,'19','1'),('226',99,0,'19','4'),('227',115,0,'19','1'),('228',134,0,'19','2'),('229',135,0,'19','6'),('230',136,0,'19','8'),('231',137,0,'19','11'),('232',138,0,'19','17'),('233',139,0,'19','20'),('234',140,0,'19','22'),('235',141,0,'19','24'),('236',142,0,'19','27'),('238',97,0,'20','1'),('239',99,0,'20','4'),('240',115,0,'20','1'),('241',134,0,'20','2'),('242',135,0,'20','4'),('243',136,0,'20','10'),('244',137,0,'20','13'),('245',138,0,'20','17'),('246',139,0,'20','20'),('247',140,0,'20','22'),('248',141,0,'20','24'),('249',142,0,'20','27'),('251',97,0,'21','1'),('252',99,0,'21','1'),('253',115,0,'21','1'),('254',134,0,'21','2'),('255',135,0,'21','4'),('256',136,0,'21','10'),('257',137,0,'21','13'),('258',138,0,'21','17'),('259',139,0,'21','20'),('260',140,0,'21','22'),('261',141,0,'21','24'),('262',142,0,'21','27'),('263',143,0,'21','28'),('264',97,0,'22','1'),('265',99,0,'22','1'),('266',115,0,'22','1'),('267',134,0,'22','2'),('268',135,0,'22','4'),('269',136,0,'22','10'),('270',137,0,'22','13'),('271',138,0,'22','17'),('272',139,0,'22','20'),('273',140,0,'22','22'),('274',141,0,'22','24'),('275',142,0,'22','27'),('276',143,0,'22','31'),('277',97,0,'23','1'),('278',99,0,'23','1'),('279',115,0,'23','1'),('280',134,0,'23','2'),('281',135,0,'23','5'),('282',136,0,'23','10'),('283',137,0,'23','12'),('284',138,0,'23','17'),('285',139,0,'23','20'),('286',140,0,'23','22'),('287',141,0,'23','24'),('288',142,0,'23','27'),('289',143,0,'23','30'),('290',97,0,'24','1'),('291',99,0,'24','1'),('292',115,0,'24','1'),('293',134,0,'24','2'),('294',135,0,'24','5'),('295',136,0,'24','10'),('296',137,0,'24','12'),('297',138,0,'24','17'),('298',139,0,'24','20'),('299',140,0,'24','22'),('300',141,0,'24','24'),('301',142,0,'24','27'),('302',143,0,'24','29'),('303',97,0,'25','1'),('304',99,0,'25','1'),('305',115,0,'25','1'),('306',134,0,'25','2'),('307',135,0,'25','7'),('308',136,0,'25','9'),('309',137,0,'25','11'),('310',138,0,'25','17'),('311',139,0,'25','20'),('312',140,0,'25','22'),('313',141,0,'25','24'),('314',142,0,'25','27'),('315',143,0,'25','32'),('316',97,0,'26','1'),('317',99,0,'26','1'),('318',115,0,'26','1'),('319',134,0,'26','2'),('320',135,0,'26','7'),('321',136,0,'26','9'),('322',137,0,'26','11'),('323',138,0,'26','17'),('324',139,0,'26','20'),('325',140,0,'26','22'),('326',141,0,'26','24'),('327',142,0,'26','27'),('328',143,0,'26','29'),('329',97,0,'27','1'),('330',99,0,'27','1'),('331',115,0,'27','1'),('332',134,0,'27','2'),('333',135,0,'27','7'),('334',136,0,'27','9'),('335',137,0,'27','11'),('336',138,0,'27','17'),('337',139,0,'27','20'),('338',140,0,'27','22'),('339',141,0,'27','24'),('340',142,0,'27','27'),('341',143,0,'27','28'),('342',97,0,'28','1'),('343',99,0,'28','1'),('344',115,0,'28','1'),('345',134,0,'28','2'),('346',135,0,'28','6'),('347',136,0,'28','8'),('348',137,0,'28','11'),('349',138,0,'28','17'),('350',139,0,'28','20'),('351',140,0,'28','22'),('352',141,0,'28','24'),('353',142,0,'28','27'),('354',143,0,'28','31'),('355',97,0,'29','1'),('356',99,0,'29','1'),('357',115,0,'29','1'),('358',134,0,'29','2'),('359',135,0,'29','6'),('360',136,0,'29','8'),('361',137,0,'29','11'),('362',138,0,'29','17'),('363',139,0,'29','20'),('364',140,0,'29','22'),('365',141,0,'29','24'),('366',142,0,'29','27'),('367',143,0,'29','30'),('368',97,0,'30','1'),('369',99,0,'30','1'),('370',115,0,'30','1'),('371',134,0,'30','2'),('372',135,0,'30','4'),('373',136,0,'30','10'),('374',137,0,'30','13'),('375',138,0,'30','17'),('376',139,0,'30','20'),('377',140,0,'30','22'),('378',141,0,'30','24'),('379',142,0,'30','27'),('380',143,0,'30','29'),('381',97,0,'31','1'),('382',99,0,'31','1'),('383',115,0,'31','1'),('384',134,0,'31','2'),('385',135,0,'31','4'),('386',136,0,'31','10'),('387',137,0,'31','13'),('388',138,0,'31','17'),('389',139,0,'31','20'),('390',140,0,'31','22'),('391',141,0,'31','24'),('392',142,0,'31','27'),('393',143,0,'31','28'),('394',97,0,'32','1'),('395',99,0,'32','4'),('396',115,0,'32','1'),('397',134,0,'32','2'),('398',135,0,'32','6'),('399',136,0,'32','9'),('400',137,0,'32','14'),('401',138,0,'32','16'),('402',139,0,'32','19'),('403',140,0,'32','21'),('404',141,0,'32','24'),('405',142,0,'32','27'),('406',97,0,'33','1'),('407',99,0,'33','4'),('408',115,0,'33','1'),('409',134,0,'33','2'),('410',135,0,'33','5'),('411',136,0,'33','10'),('412',137,0,'33','12'),('413',138,0,'33','16'),('414',139,0,'33','19'),('415',140,0,'33','21'),('416',141,0,'33','24'),('417',142,0,'33','27'),('419',97,0,'34','1'),('420',99,0,'34','4'),('421',115,0,'34','1'),('422',134,0,'34','2'),('423',135,0,'34','4'),('424',136,0,'34','8'),('425',137,0,'34','12'),('426',138,0,'34','16'),('427',139,0,'34','19'),('428',140,0,'34','21'),('429',141,0,'34','24'),('430',142,0,'34','27'),('432',97,0,'35','1'),('433',99,0,'35','4'),('434',115,0,'35','1'),('435',134,0,'35','2'),('436',135,0,'35','5'),('437',136,0,'35','9'),('438',137,0,'35','12'),('439',138,0,'35','16'),('440',139,0,'35','19'),('441',140,0,'35','21'),('442',141,0,'35','24'),('443',142,0,'35','27'),('445',97,0,'36','1'),('446',99,0,'36','4'),('447',115,0,'36','1'),('448',134,0,'36','2'),('449',135,0,'36','4'),('450',136,0,'36','10'),('451',137,0,'36','11'),('452',138,0,'36','16'),('453',139,0,'36','19'),('454',140,0,'36','21'),('455',141,0,'36','24'),('456',142,0,'36','27'),('458',97,0,'37','2'),('459',99,0,'37','4'),('460',115,0,'37','1'),('461',134,0,'37','2'),('462',135,0,'37','6'),('463',136,0,'37','9'),('464',137,0,'37','14'),('465',138,0,'37','16'),('466',139,0,'37','19'),('467',140,0,'37','21'),('468',141,0,'37','24'),('469',142,0,'37','27'),('471',97,0,'38','1'),('472',99,0,'38','1'),('473',115,0,'38','1'),('474',134,0,'38','2'),('475',135,0,'38','6'),('476',136,0,'38','9'),('477',137,0,'38','14'),('478',138,0,'38','16'),('479',139,0,'38','19'),('480',140,0,'38','21'),('481',141,0,'38','24'),('482',142,0,'38','27'),('483',143,0,'38','31'),('484',97,0,'39','1'),('485',99,0,'39','1'),('486',115,0,'39','1'),('487',134,0,'39','2'),('488',135,0,'39','6'),('489',136,0,'39','9'),('490',137,0,'39','14'),('491',138,0,'39','16'),('492',139,0,'39','19'),('493',140,0,'39','21'),('494',141,0,'39','24'),('495',142,0,'39','27'),('496',143,0,'39','29'),('497',97,0,'40','1'),('498',99,0,'40','1'),('499',115,0,'40','1'),('500',134,0,'40','2'),('501',135,0,'40','5'),('502',136,0,'40','9'),('503',137,0,'40','12'),('504',138,0,'40','16'),('505',139,0,'40','19'),('506',140,0,'40','21'),('507',141,0,'40','24'),('508',142,0,'40','27'),('509',143,0,'40','28'),('510',97,0,'41','1'),('511',99,0,'41','1'),('512',115,0,'41','1'),('513',134,0,'41','2'),('514',135,0,'41','5'),('515',136,0,'41','9'),('516',137,0,'41','12'),('517',138,0,'41','16'),('518',139,0,'41','19'),('519',140,0,'41','21'),('520',141,0,'41','24'),('521',142,0,'41','27'),('522',143,0,'41','30'),('523',97,0,'42','1'),('524',99,0,'42','1'),('525',115,0,'42','1'),('526',134,0,'42','2'),('527',135,0,'42','4'),('528',136,0,'42','10'),('529',137,0,'42','11'),('530',138,0,'42','16'),('531',139,0,'42','19'),('532',140,0,'42','21'),('533',141,0,'42','24'),('534',142,0,'42','27'),('535',143,0,'42','29'),('536',97,0,'43','1'),('537',99,0,'43','1'),('538',115,0,'43','1'),('539',134,0,'43','2'),('540',135,0,'43','4'),('541',136,0,'43','10'),('542',137,0,'43','11'),('543',138,0,'43','16'),('544',139,0,'43','19'),('545',140,0,'43','21'),('546',141,0,'43','24'),('547',142,0,'43','27'),('548',143,0,'43','32'),('549',97,0,'44','1'),('550',99,0,'44','1'),('551',115,0,'44','1'),('552',134,0,'44','2'),('553',135,0,'44','4'),('554',136,0,'44','8'),('555',137,0,'44','12'),('556',138,0,'44','16'),('557',139,0,'44','19'),('558',140,0,'44','21'),('559',141,0,'44','24'),('560',142,0,'44','27'),('561',143,0,'44','32'),('562',97,0,'45','1'),('563',99,0,'45','1'),('564',115,0,'45','1'),('565',134,0,'45','2'),('566',135,0,'45','4'),('567',136,0,'45','8'),('568',137,0,'45','12'),('569',138,0,'45','16'),('570',139,0,'45','19'),('571',140,0,'45','21'),('572',141,0,'45','24'),('573',142,0,'45','27'),('574',143,0,'45','29'),('575',97,0,'46','1'),('576',99,0,'46','1'),('577',115,0,'46','1'),('578',134,0,'46','2'),('579',135,0,'46','4'),('580',136,0,'46','8'),('581',137,0,'46','12'),('582',138,0,'46','16'),('583',139,0,'46','19'),('584',140,0,'46','21'),('585',141,0,'46','24'),('586',142,0,'46','27'),('587',143,0,'46','28'),('588',97,0,'47','1'),('589',99,0,'47','1'),('590',115,0,'47','1'),('591',134,0,'47','2'),('592',135,0,'47','5'),('593',136,0,'47','10'),('594',137,0,'47','12'),('595',138,0,'47','16'),('596',139,0,'47','19'),('597',140,0,'47','21'),('598',141,0,'47','24'),('599',142,0,'47','27'),('600',143,0,'47','30'),('601',97,0,'48','1'),('602',99,0,'48','1'),('603',115,0,'48','1'),('604',134,0,'48','2'),('605',135,0,'48','5'),('606',136,0,'48','10'),('607',137,0,'48','12'),('608',138,0,'48','16'),('609',139,0,'48','19'),('610',140,0,'48','21'),('611',141,0,'48','24'),('612',142,0,'48','27'),('613',143,0,'48','29'),('614',157,0,'1','1'),('615',157,0,'2','1'),('616',157,0,'3','6'),('617',157,0,'4','6'),('618',157,0,'5','5'),('619',157,0,'6','5'),('620',157,0,'7','4'),('621',157,0,'8','4'),('622',157,0,'14','3'),('623',157,0,'15','3'),('624',157,0,'17','2'),('625',157,0,'18','2'),('626',157,0,'20','2');

--
-- Table structure for table `catalog_product_entity_media_gallery`
--

CREATE TABLE `catalog_product_entity_media_gallery` (
  `value_id` int(10) unsigned NOT NULL AUTO_INCREMENT COMMENT 'Value ID',
  `attribute_id` smallint(5) unsigned NOT NULL DEFAULT '0' COMMENT 'Attribute ID',
  `value` varchar(255) DEFAULT NULL COMMENT 'Value',
  `media_type` varchar(32) NOT NULL DEFAULT 'image' COMMENT 'Media entry type',
  `disabled` smallint(5) unsigned NOT NULL DEFAULT '0' COMMENT 'Visibility status',
  PRIMARY KEY (`value_id`),
  KEY `CATALOG_PRODUCT_ENTITY_MEDIA_GALLERY_ATTRIBUTE_ID` (`attribute_id`)
) ENGINE=InnoDB AUTO_INCREMENT=144 DEFAULT CHARSET=utf8 COMMENT='Catalog Product Media Gallery Attribute Backend Table';

--
-- Dumping data for table `catalog_product_entity_media_gallery`
--

INSERT INTO `catalog_product_entity_media_gallery` VALUES ('1',90,'/a/s/asos_bridal_here_comes_the_bride_vest_short_pyjama_set.jpg','image',0),('2',90,'/a/s/asos_bridal_here_comes_the_bride_vest_short_pyjama_set_1.jpg','image',0),('3',90,'/a/s/asos_bridal_here_comes_the_bride_vest_short_pyjama_set_2.jpg','image',0),('4',90,'/a/s/asos_bridal_here_comes_the_bride_vest_short_pyjama_set_3.jpg','image',0),('5',90,'/h/q/hqdefault.jpg','external-video',0),('6',90,'/a/s/asos_hi-leg_hi-shine_body.jpg','image',0),('7',90,'/a/s/asos_hi-leg_hi-shine_body_1.jpg','image',0),('8',90,'/a/s/asos_hi-leg_hi-shine_body_2.jpg','image',0),('9',90,'/a/s/asos_hi-leg_hi-shine_body_3.jpg','image',0),('10',90,'/h/q/hqdefault_1.jpg','external-video',0),('11',90,'/a/s/asos_leanna_lace_up_satin_half_cup_moulded_underwire_bra.jpg','image',0),('12',90,'/a/s/asos_leanna_lace_up_satin_half_cup_moulded_underwire_bra_1.jpg','image',0),('13',90,'/a/s/asos_leanna_lace_up_satin_half_cup_moulded_underwire_bra_2.jpg','image',0),('14',90,'/a/s/asos_leanna_lace_up_satin_half_cup_moulded_underwire_bra_3.jpg','image',0),('15',90,'/h/q/hqdefault_2.jpg','external-video',0),('16',90,'/a/s/asos_madison_lace_underwire_bra.jpg','image',0),('17',90,'/a/s/asos_madison_lace_underwire_bra_1.jpg','image',0),('18',90,'/a/s/asos_madison_lace_underwire_bra_2.jpg','image',0),('19',90,'/a/s/asos_madison_lace_underwire_bra_3.jpg','image',0),('20',90,'/h/q/hqdefault_3.jpg','external-video',0),('21',90,'/a/s/asos_shake_your_coconuts_vest_short_pyjama_set.jpg','image',0),('22',90,'/a/s/asos_shake_your_coconuts_vest_short_pyjama_set_1.jpg','image',0),('23',90,'/a/s/asos_shake_your_coconuts_vest_short_pyjama_set_2.jpg','image',0),('24',90,'/a/s/asos_shake_your_coconuts_vest_short_pyjama_set_3.jpg','image',0),('25',90,'/h/q/hqdefault_4.jpg','external-video',0),('26',90,'/b/r/bridal_confetti_queen_tee_short_pyjama_set.jpg','image',0),('27',90,'/b/r/bridal_confetti_queen_tee_short_pyjama_set_1.jpg','image',0),('28',90,'/b/r/bridal_confetti_queen_tee_short_pyjama_set_2.jpg','image',0),('29',90,'/b/r/bridal_confetti_queen_tee_short_pyjama_set_3.jpg','image',0),('30',90,'/h/q/hqdefault_5.jpg','external-video',0),('31',90,'/b/r/bridal_valentina_corded_lace_slip.jpg','image',0),('32',90,'/b/r/bridal_valentina_corded_lace_slip_1.jpg','image',0),('33',90,'/b/r/bridal_valentina_corded_lace_slip_2.jpg','image',0),('34',90,'/b/r/bridal_valentina_corded_lace_slip_3.jpg','image',0),('35',90,'/h/q/hqdefault_6.jpg','external-video',0),('36',90,'/c/a/cath_kidston_guards_pyjama_tshirt.jpg','image',0),('37',90,'/c/a/cath_kidston_guards_pyjama_tshirt_1.jpg','image',0),('38',90,'/c/a/cath_kidston_guards_pyjama_tshirt_2.jpg','image',0),('39',90,'/c/a/cath_kidston_guards_pyjama_tshirt_3.jpg','image',0),('40',90,'/h/q/hqdefault_7.jpg','external-video',0),('41',90,'/l/a/lace_trim_long_sleeve_tee_short_pyjama_set.jpg','image',0),('42',90,'/l/a/lace_trim_long_sleeve_tee_short_pyjama_set_1.jpg','image',0),('43',90,'/l/a/lace_trim_long_sleeve_tee_short_pyjama_set_2.jpg','image',0),('44',90,'/l/a/lace_trim_long_sleeve_tee_short_pyjama_set_3.jpg','image',0),('45',90,'/h/q/hqdefault_8.jpg','external-video',0),('46',90,'/m/a/marie_meili_brooke_two_pack_bra.jpg','image',0),('47',90,'/m/a/marie_meili_brooke_two_pack_bra_1.jpg','image',0),('48',90,'/m/a/marie_meili_brooke_two_pack_bra_2.jpg','image',0),('49',90,'/m/a/marie_meili_brooke_two_pack_bra_3.jpg','image',0),('50',90,'/h/q/hqdefault_9.jpg','external-video',0),('51',90,'/m/a/marie_meili_wisdom_super_push_up_bra.jpg','image',0),('52',90,'/m/a/marie_meili_wisdom_super_push_up_bra_1.jpg','image',0),('53',90,'/m/a/marie_meili_wisdom_super_push_up_bra_2.jpg','image',0),('54',90,'/m/a/marie_meili_wisdom_super_push_up_bra_3.jpg','image',0),('55',90,'/h/q/hqdefault_10.jpg','external-video',0),('56',90,'/m/i/mix_match.jpg','image',0),('57',90,'/m/i/mix_match_1.jpg','image',0),('58',90,'/m/i/mix_match_2.jpg','image',0),('59',90,'/m/i/mix_match_3.jpg','image',0),('60',90,'/h/q/hqdefault_11.jpg','external-video',0),('61',90,'/o/y/oysho_escote_croazon_dot_body.jpg','image',0),('62',90,'/o/y/oysho_escote_croazon_dot_body_1.jpg','image',0),('63',90,'/o/y/oysho_escote_croazon_dot_body_2.jpg','image',0),('64',90,'/o/y/oysho_escote_croazon_dot_body_3.jpg','image',0),('65',90,'/h/q/hqdefault_12.jpg','external-video',0),('66',90,'/s/h/shoulder_detail_lace_underwire_bralet.jpg','image',0),('67',90,'/s/h/shoulder_detail_lace_underwire_bralet_1.jpg','image',0),('68',90,'/s/h/shoulder_detail_lace_underwire_bralet_2.jpg','image',0),('69',90,'/s/h/shoulder_detail_lace_underwire_bralet_3.jpg','image',0),('70',90,'/h/q/hqdefault_13.jpg','external-video',0),('71',90,'/u/n/undiz_ampli_mico_t-shirt_bra.jpg','image',0),('72',90,'/u/n/undiz_ampli_mico_t-shirt_bra_1.jpg','image',0),('73',90,'/u/n/undiz_ampli_mico_t-shirt_bra_2.jpg','image',0),('74',90,'/u/n/undiz_ampli_mico_t-shirt_bra_3.jpg','image',0),('75',90,'/h/q/hqdefault_14.jpg','external-video',0),('76',90,'/m/a/marie_meili_wisdom_super_push_up_bra_4.jpg','image',0),('77',90,'/m/a/marie_meili_wisdom_super_push_up_bra_1_1.jpg','image',0),('78',90,'/m/a/marie_meili_wisdom_super_push_up_bra_2_1.jpg','image',0),('79',90,'/m/a/marie_meili_wisdom_super_push_up_bra_3_1.jpg','image',0),('80',90,'/m/i/mix_match_4.jpg','image',0),('81',90,'/m/i/mix_match_1_1.jpg','image',0),('82',90,'/m/i/mix_match_2_1.jpg','image',0),('83',90,'/m/i/mix_match_3_1.jpg','image',0),('84',90,'/o/y/oysho_escote_croazon_dot_body_4.jpg','image',0),('85',90,'/o/y/oysho_escote_croazon_dot_body_1_1.jpg','image',0),('86',90,'/o/y/oysho_escote_croazon_dot_body_1_1_1.jpg','image',0),('87',90,'/o/y/oysho_escote_croazon_dot_body_2_1.jpg','image',0),('88',90,'/o/y/oysho_escote_croazon_dot_body_2_2.jpg','image',0),('89',90,'/o/y/oysho_escote_croazon_dot_body_3_1.jpg','image',0),('90',90,'/s/h/shoulder_detail_lace_underwire_bralet_2_1.jpg','image',0),('91',90,'/s/h/shoulder_detail_lace_underwire_bralet_3_1.jpg','image',0),('92',90,'/s/h/shoulder_detail_lace_underwire_bralet_2_1_1.jpg','image',0),('93',90,'/s/h/shoulder_detail_lace_underwire_bralet_3_1_1.jpg','image',0),('94',90,'/u/n/undiz_ampli_mico_t-shirt_bra_4.jpg','image',0),('95',90,'/u/n/undiz_ampli_mico_t-shirt_bra_1_1.jpg','image',0),('96',90,'/u/n/undiz_ampli_mico_t-shirt_bra_2_1.jpg','image',0),('97',90,'/u/n/undiz_ampli_mico_t-shirt_bra_3_1.jpg','image',0),('98',90,'/u/n/undiz_equiliz_bustier_longline_bra.jpg','image',0),('99',90,'/u/n/undiz_equiliz_bustier_longline_bra_1.jpg','image',0),('100',90,'/u/n/undiz_equiliz_bustier_longline_bra_2.jpg','image',0),('101',90,'/u/n/undiz_equiliz_bustier_longline_bra_3.jpg','image',0),('102',90,'/h/q/hqdefault_15.jpg','external-video',0),('103',90,'/u/n/undiz_royaltiz_gel_bra.jpg','image',0),('104',90,'/u/n/undiz_royaltiz_gel_bra_1.jpg','image',0),('105',90,'/u/n/undiz_royaltiz_gel_bra_2.jpg','image',0),('106',90,'/u/n/undiz_royaltiz_gel_bra_3.jpg','image',0),('107',90,'/h/q/hqdefault_16.jpg','external-video',0),('108',90,'/u/n/undiz_teamminiz_short.jpg','image',0),('109',90,'/u/n/undiz_teamminiz_short_1.jpg','image',0),('110',90,'/u/n/undiz_teamminiz_short_2.jpg','image',0),('111',90,'/u/n/undiz_teamminiz_short_3.jpg','image',0),('112',90,'/h/q/hqdefault_17.jpg','external-video',0),('113',90,'/w/e/weekday_note_bra.jpg','image',0),('114',90,'/w/e/weekday_note_bra_1.jpg','image',0),('115',90,'/w/e/weekday_note_bra_2.jpg','image',0),('116',90,'/w/e/weekday_note_bra_3.jpg','image',0),('117',90,'/h/q/hqdefault_18.jpg','external-video',0),('118',90,'/w/e/weekday_stella_triangle_bra.jpg','image',0),('119',90,'/w/e/weekday_stella_triangle_bra_1.jpg','image',0),('120',90,'/w/e/weekday_stella_triangle_bra_2.jpg','image',0),('121',90,'/w/e/weekday_stella_triangle_bra_3.jpg','image',0),('122',90,'/h/q/hqdefault_19.jpg','external-video',0),('123',90,'/w/e/weekday_note_bra_2_1.jpg','image',0),('124',90,'/w/e/weekday_note_bra_3_1.jpg','image',0),('125',90,'/w/e/weekday_note_bra_4.jpg','image',0),('126',90,'/w/e/weekday_note_bra_1_1.jpg','image',0),('127',90,'/w/e/weekday_stella_triangle_bra_4.jpg','image',0),('128',90,'/w/e/weekday_stella_triangle_bra_1_1.jpg','image',0),('129',90,'/w/e/weekday_stella_triangle_bra_2_1.jpg','image',0),('130',90,'/w/e/weekday_stella_triangle_bra_3_1.jpg','image',0),('131',90,'/u/n/undiz_teamminiz_short_4.jpg','image',0),('132',90,'/u/n/undiz_teamminiz_short_1_1.jpg','image',0),('133',90,'/u/n/undiz_teamminiz_short_2_1.jpg','image',0),('134',90,'/u/n/undiz_teamminiz_short_3_1.jpg','image',0),('135',90,'/u/n/undiz_teamminiz_short_1_2.jpg','image',0),('136',90,'/u/n/undiz_teamminiz_short_2_1_1.jpg','image',0),('137',90,'/u/n/undiz_royaltiz_gel_bra_4.jpg','image',0),('138',90,'/u/n/undiz_royaltiz_gel_bra_1_1.jpg','image',0),('139',90,'/u/n/undiz_royaltiz_gel_bra_2_1.jpg','image',0),('140',90,'/u/n/undiz_equiliz_bustier_longline_bra_4.jpg','image',0),('141',90,'/u/n/undiz_equiliz_bustier_longline_bra_1_1.jpg','image',0),('142',90,'/u/n/undiz_equiliz_bustier_longline_bra_1_1_1.jpg','image',0),('143',90,'/u/n/undiz_equiliz_bustier_longline_bra_2_1.jpg','image',0);

--
-- Table structure for table `catalog_product_entity_media_gallery_value`
--

CREATE TABLE `catalog_product_entity_media_gallery_value` (
  `value_id` int(10) unsigned NOT NULL DEFAULT '0' COMMENT 'Value ID',
  `store_id` smallint(5) unsigned NOT NULL DEFAULT '0' COMMENT 'Store ID',
  `entity_id` int(10) unsigned NOT NULL DEFAULT '0' COMMENT 'Entity ID',
  `label` varchar(255) DEFAULT NULL COMMENT 'Label',
  `position` int(10) unsigned DEFAULT NULL COMMENT 'Position',
  `disabled` smallint(5) unsigned NOT NULL DEFAULT '0' COMMENT 'Is Disabled',
  `record_id` int(10) unsigned NOT NULL AUTO_INCREMENT COMMENT 'Record Id',
  PRIMARY KEY (`record_id`),
  KEY `CATALOG_PRODUCT_ENTITY_MEDIA_GALLERY_VALUE_STORE_ID` (`store_id`),
  KEY `CATALOG_PRODUCT_ENTITY_MEDIA_GALLERY_VALUE_ENTITY_ID` (`entity_id`),
  KEY `CATALOG_PRODUCT_ENTITY_MEDIA_GALLERY_VALUE_VALUE_ID` (`value_id`)
) ENGINE=InnoDB AUTO_INCREMENT=354 DEFAULT CHARSET=utf8 COMMENT='Catalog Product Media Gallery Attribute Value Table';

--
-- Dumping data for table `catalog_product_entity_media_gallery_value`
--

INSERT INTO `catalog_product_entity_media_gallery_value` VALUES ('41',0,'15',NULL,'1',0,'121'),('42',0,'15',NULL,'2',0,'122'),('43',0,'15',NULL,'3',0,'123'),('44',0,'15',NULL,'4',0,'124'),('45',0,'15',NULL,'5',0,'125'),('46',0,'14',NULL,'1',0,'126'),('47',0,'14',NULL,'2',0,'127'),('48',0,'14',NULL,'3',0,'128'),('49',0,'14',NULL,'4',0,'129'),('50',0,'14',NULL,'5',0,'130'),('51',0,'16',NULL,'1',0,'156'),('52',0,'16',NULL,'2',0,'157'),('53',0,'16',NULL,'3',0,'158'),('54',0,'16',NULL,'4',0,'159'),('55',0,'16',NULL,'5',0,'160'),('71',0,'20',NULL,'1',0,'176'),('72',0,'20',NULL,'2',0,'177'),('73',0,'20',NULL,'3',0,'178'),('74',0,'20',NULL,'4',0,'179'),('75',0,'20',NULL,'5',0,'180'),('76',0,'21',NULL,'1',0,'181'),('77',0,'21',NULL,'2',0,'182'),('78',0,'22',NULL,'1',0,'183'),('79',0,'22',NULL,'2',0,'184'),('80',0,'24',NULL,'1',0,'185'),('81',0,'24',NULL,'2',0,'186'),('82',0,'23',NULL,'1',0,'187'),('83',0,'23',NULL,'2',0,'188'),('84',0,'27',NULL,'1',0,'189'),('85',0,'27',NULL,'2',0,'190'),('86',0,'25',NULL,'1',0,'191'),('87',0,'25',NULL,'2',0,'192'),('88',0,'26',NULL,'1',0,'193'),('89',0,'26',NULL,'2',0,'194'),('90',0,'29',NULL,'1',0,'195'),('91',0,'29',NULL,'2',0,'196'),('92',0,'28',NULL,'1',0,'197'),('93',0,'28',NULL,'2',0,'198'),('94',0,'31',NULL,'1',0,'199'),('95',0,'31',NULL,'2',0,'200'),('96',0,'30',NULL,'1',0,'201'),('97',0,'30',NULL,'2',0,'202'),('123',0,'41',NULL,'1',0,'253'),('124',0,'41',NULL,'2',0,'254'),('125',0,'40',NULL,'1',0,'255'),('126',0,'40',NULL,'2',0,'256'),('127',0,'42',NULL,'1',0,'257'),('128',0,'42',NULL,'2',0,'258'),('129',0,'43',NULL,'1',0,'259'),('130',0,'43',NULL,'2',0,'260'),('131',0,'46',NULL,'1',0,'261'),('132',0,'46',NULL,'2',0,'262'),('133',0,'44',NULL,'1',0,'263'),('134',0,'44',NULL,'2',0,'264'),('135',0,'45',NULL,'1',0,'265'),('136',0,'45',NULL,'2',0,'266'),('137',0,'48',NULL,'1',0,'267'),('138',0,'47',NULL,'1',0,'268'),('139',0,'47',NULL,'2',0,'269'),('140',0,'39',NULL,'1',0,'270'),('141',0,'39',NULL,'2',0,'271'),('142',0,'38',NULL,'1',0,'272'),('143',0,'38',NULL,'2',0,'273'),('103',0,'33',NULL,'1',0,'274'),('104',0,'33',NULL,'2',0,'275'),('105',0,'33',NULL,'3',0,'276'),('106',0,'33',NULL,'4',0,'277'),('107',0,'33',NULL,'5',0,'278'),('98',0,'32',NULL,'1',0,'279'),('99',0,'32',NULL,'2',0,'280'),('100',0,'32',NULL,'3',0,'281'),('101',0,'32',NULL,'4',0,'282'),('102',0,'32',NULL,'5',0,'283'),('108',0,'34',NULL,'1',0,'284'),('109',0,'34',NULL,'2',0,'285'),('110',0,'34',NULL,'3',0,'286'),('111',0,'34',NULL,'4',0,'287'),('112',0,'34',NULL,'5',0,'288'),('113',0,'35',NULL,'1',0,'289'),('114',0,'35',NULL,'2',0,'290'),('115',0,'35',NULL,'3',0,'291'),('116',0,'35',NULL,'4',0,'292'),('117',0,'35',NULL,'5',0,'293'),('118',0,'36',NULL,'1',0,'294'),('119',0,'36',NULL,'2',0,'295'),('120',0,'36',NULL,'3',0,'296'),('121',0,'36',NULL,'4',0,'297'),('122',0,'36',NULL,'5',0,'298'),('56',0,'17',NULL,'1',0,'299'),('57',0,'17',NULL,'2',0,'300'),('58',0,'17',NULL,'3',0,'301'),('59',0,'17',NULL,'4',0,'302'),('60',0,'17',NULL,'5',0,'303'),('61',0,'18',NULL,'1',0,'304'),('62',0,'18',NULL,'2',0,'305'),('63',0,'18',NULL,'3',0,'306'),('64',0,'18',NULL,'4',0,'307'),('65',0,'18',NULL,'5',0,'308'),('66',0,'19',NULL,'1',0,'309'),('67',0,'19',NULL,'2',0,'310'),('68',0,'19',NULL,'3',0,'311'),('69',0,'19',NULL,'4',0,'312'),('70',0,'19',NULL,'5',0,'313'),('1',0,'1',NULL,'1',0,'314'),('2',0,'1',NULL,'2',0,'315'),('3',0,'1',NULL,'3',0,'316'),('4',0,'1',NULL,'4',0,'317'),('5',0,'1',NULL,'5',0,'318'),('16',0,'3',NULL,'1',0,'319'),('17',0,'3',NULL,'2',0,'320'),('18',0,'3',NULL,'3',0,'321'),('19',0,'3',NULL,'4',0,'322'),('20',0,'3',NULL,'5',0,'323'),('21',0,'4',NULL,'1',0,'324'),('22',0,'4',NULL,'2',0,'325'),('23',0,'4',NULL,'3',0,'326'),('24',0,'4',NULL,'4',0,'327'),('25',0,'4',NULL,'5',0,'328'),('6',0,'5',NULL,'1',0,'329'),('7',0,'5',NULL,'2',0,'330'),('8',0,'5',NULL,'3',0,'331'),('9',0,'5',NULL,'4',0,'332'),('10',0,'5',NULL,'5',0,'333'),('36',0,'6',NULL,'1',0,'334'),('37',0,'6',NULL,'2',0,'335'),('38',0,'6',NULL,'3',0,'336'),('39',0,'6',NULL,'4',0,'337'),('40',0,'6',NULL,'5',0,'338'),('31',0,'7',NULL,'1',0,'339'),('32',0,'7',NULL,'2',0,'340'),('33',0,'7',NULL,'3',0,'341'),('34',0,'7',NULL,'4',0,'342'),('35',0,'7',NULL,'5',0,'343'),('26',0,'8',NULL,'1',0,'344'),('27',0,'8',NULL,'2',0,'345'),('28',0,'8',NULL,'3',0,'346'),('29',0,'8',NULL,'4',0,'347'),('30',0,'8',NULL,'5',0,'348'),('11',0,'2',NULL,'1',0,'349'),('12',0,'2',NULL,'2',0,'350'),('13',0,'2',NULL,'3',0,'351'),('14',0,'2',NULL,'4',0,'352'),('15',0,'2',NULL,'5',0,'353');

--
-- Table structure for table `catalog_product_entity_media_gallery_value_to_entity`
--

CREATE TABLE `catalog_product_entity_media_gallery_value_to_entity` (
  `value_id` int(10) unsigned NOT NULL COMMENT 'Value media Entry ID',
  `entity_id` int(10) unsigned NOT NULL COMMENT 'Product entity ID',
  UNIQUE KEY `CAT_PRD_ENTT_MDA_GLR_VAL_TO_ENTT_VAL_ID_ENTT_ID` (`value_id`,`entity_id`),
  KEY `CAT_PRD_ENTT_MDA_GLR_VAL_TO_ENTT_ENTT_ID_CAT_PRD_ENTT_ENTT_ID` (`entity_id`)
) ENGINE=InnoDB DEFAULT CHARSET=utf8 COMMENT='Link Media value to Product entity table';

--
-- Dumping data for table `catalog_product_entity_media_gallery_value_to_entity`
--

INSERT INTO `catalog_product_entity_media_gallery_value_to_entity` VALUES ('1','1'),('2','1'),('3','1'),('4','1'),('5','1'),('11','2'),('12','2'),('13','2'),('14','2'),('15','2'),('16','3'),('17','3'),('18','3'),('19','3'),('20','3'),('21','4'),('22','4'),('23','4'),('24','4'),('25','4'),('6','5'),('7','5'),('8','5'),('9','5'),('10','5'),('36','6'),('37','6'),('38','6'),('39','6'),('40','6'),('31','7'),('32','7'),('33','7'),('34','7'),('35','7'),('26','8'),('27','8'),('28','8'),('29','8'),('30','8'),('46','14'),('47','14'),('48','14'),('49','14'),('50','14'),('41','15'),('42','15'),('43','15'),('44','15'),('45','15'),('51','16'),('52','16'),('53','16'),('54','16'),('55','16'),('56','17'),('57','17'),('58','17'),('59','17'),('60','17'),('61','18'),('62','18'),('63','18'),('64','18'),('65','18'),('66','19'),('67','19'),('68','19'),('69','19'),('70','19'),('71','20'),('72','20'),('73','20'),('74','20'),('75','20'),('76','21'),('77','21'),('78','22'),('79','22'),('82','23'),('83','23'),('80','24'),('81','24'),('86','25'),('87','25'),('88','26'),('89','26'),('84','27'),('85','27'),('92','28'),('93','28'),('90','29'),('91','29'),('96','30'),('97','30'),('94','31'),('95','31'),('98','32'),('99','32'),('100','32'),('101','32'),('102','32'),('103','33'),('104','33'),('105','33'),('106','33'),('107','33'),('108','34'),('109','34'),('110','34'),('111','34'),('112','34'),('113','35'),('114','35'),('115','35'),('116','35'),('117','35'),('118','36'),('119','36'),('120','36'),('121','36'),('122','36'),('142','38'),('143','38'),('140','39'),('141','39'),('125','40'),('126','40'),('123','41'),('124','41'),('127','42'),('128','42'),('129','43'),('130','43'),('133','44'),('134','44'),('135','45'),('136','45'),('131','46'),('132','46'),('138','47'),('139','47'),('137','48');

--
-- Table structure for table `catalog_product_entity_media_gallery_value_video`
--

CREATE TABLE `catalog_product_entity_media_gallery_value_video` (
  `value_id` int(10) unsigned NOT NULL COMMENT 'Media Entity ID',
  `store_id` smallint(5) unsigned NOT NULL DEFAULT '0' COMMENT 'Store ID',
  `provider` varchar(32) DEFAULT NULL COMMENT 'Video provider ID',
  `url` text COMMENT 'Video URL',
  `title` varchar(255) DEFAULT NULL COMMENT 'Title',
  `description` text COMMENT 'Page Meta Description',
  `metadata` text COMMENT 'Video meta data',
  UNIQUE KEY `CAT_PRD_ENTT_MDA_GLR_VAL_VIDEO_VAL_ID_STORE_ID` (`value_id`,`store_id`),
  KEY `CAT_PRD_ENTT_MDA_GLR_VAL_VIDEO_STORE_ID_STORE_STORE_ID` (`store_id`)
) ENGINE=InnoDB DEFAULT CHARSET=utf8 COMMENT='Catalog Product Video Table';

--
-- Dumping data for table `catalog_product_entity_media_gallery_value_video`
--

INSERT INTO `catalog_product_entity_media_gallery_value_video` VALUES ('5',0,'','https://www.youtube.com/embed/l2Jb3DrFTys','BELDONA Lingerie Collection - SUBURBIA - ADV Campaign Spring Summer 2017 - Fashion Channel','BELDONA Lingerie Collection - SUBURBIA - ADV Campaign Spring Summer 2017 - Fashion Channel\r\n\r\nYOUTUBE CHANNEL:  http://www.youtube.com/fashionchannel\r\n\r\nWEB TV:  http://www.fashionchannel.it/en/web-tv\r\n\r\nFACEBOOK:  https://www.facebook.com/fashionchannelmilano\r\n\r\nTWITTER:  https://twitter.com/FashionChannelP\r\n\r\nPINTEREST:  http://pinterest.com/fashionchannel\r\n\r\nINSTAGRAM:  http://instagram.com/fashionchanneltv\r\n\r\n\r\n\r\nThe best videos, the most exclusive moments of the international runway since 1982 until now, of the most representative fashion weeks of the world. Backstage secrets, make-up and hair style insights, curiosities from the fashion world, celebrities, photo shoot, designer and model clips, red carpets and gossip, parties, obviously besides the shows of all the top designers, generally available in high definition formats HD on the Youtube network FASHION CHANNEL. \r\nFashion Channel shows new interesting videos continuous flow.\r\n\r\nWEBSITE:  http://www.fashionchannel.it',''),('10',0,'','https://www.youtube.com/embed/l2Jb3DrFTys','BELDONA Lingerie Collection - SUBURBIA - ADV Campaign Spring Summer 2017 - Fashion Channel','BELDONA Lingerie Collection - SUBURBIA - ADV Campaign Spring Summer 2017 - Fashion Channel\r\n\r\nYOUTUBE CHANNEL:  http://www.youtube.com/fashionchannel\r\n\r\nWEB TV:  http://www.fashionchannel.it/en/web-tv\r\n\r\nFACEBOOK:  https://www.facebook.com/fashionchannelmilano\r\n\r\nTWITTER:  https://twitter.com/FashionChannelP\r\n\r\nPINTEREST:  http://pinterest.com/fashionchannel\r\n\r\nINSTAGRAM:  http://instagram.com/fashionchanneltv\r\n\r\n\r\n\r\nThe best videos, the most exclusive moments of the international runway since 1982 until now, of the most representative fashion weeks of the world. Backstage secrets, make-up and hair style insights, curiosities from the fashion world, celebrities, photo shoot, designer and model clips, red carpets and gossip, parties, obviously besides the shows of all the top designers, generally available in high definition formats HD on the Youtube network FASHION CHANNEL. \r\nFashion Channel shows new interesting videos continuous flow.\r\n\r\nWEBSITE:  http://www.fashionchannel.it',''),('15',0,'','https://www.youtube.com/embed/l2Jb3DrFTys','BELDONA Lingerie Collection - SUBURBIA - ADV Campaign Spring Summer 2017 - Fashion Channel','BELDONA Lingerie Collection - SUBURBIA - ADV Campaign Spring Summer 2017 - Fashion Channel\r\n\r\nYOUTUBE CHANNEL:  http://www.youtube.com/fashionchannel\r\n\r\nWEB TV:  http://www.fashionchannel.it/en/web-tv\r\n\r\nFACEBOOK:  https://www.facebook.com/fashionchannelmilano\r\n\r\nTWITTER:  https://twitter.com/FashionChannelP\r\n\r\nPINTEREST:  http://pinterest.com/fashionchannel\r\n\r\nINSTAGRAM:  http://instagram.com/fashionchanneltv\r\n\r\n\r\n\r\nThe best videos, the most exclusive moments of the international runway since 1982 until now, of the most representative fashion weeks of the world. Backstage secrets, make-up and hair style insights, curiosities from the fashion world, celebrities, photo shoot, designer and model clips, red carpets and gossip, parties, obviously besides the shows of all the top designers, generally available in high definition formats HD on the Youtube network FASHION CHANNEL. \r\nFashion Channel shows new interesting videos continuous flow.\r\n\r\nWEBSITE:  http://www.fashionchannel.it',''),('20',0,'','https://www.youtube.com/embed/l2Jb3DrFTys','BELDONA Lingerie Collection - SUBURBIA - ADV Campaign Spring Summer 2017 - Fashion Channel','BELDONA Lingerie Collection - SUBURBIA - ADV Campaign Spring Summer 2017 - Fashion Channel\r\n\r\nYOUTUBE CHANNEL:  http://www.youtube.com/fashionchannel\r\n\r\nWEB TV:  http://www.fashionchannel.it/en/web-tv\r\n\r\nFACEBOOK:  https://www.facebook.com/fashionchannelmilano\r\n\r\nTWITTER:  https://twitter.com/FashionChannelP\r\n\r\nPINTEREST:  http://pinterest.com/fashionchannel\r\n\r\nINSTAGRAM:  http://instagram.com/fashionchanneltv\r\n\r\n\r\n\r\nThe best videos, the most exclusive moments of the international runway since 1982 until now, of the most representative fashion weeks of the world. Backstage secrets, make-up and hair style insights, curiosities from the fashion world, celebrities, photo shoot, designer and model clips, red carpets and gossip, parties, obviously besides the shows of all the top designers, generally available in high definition formats HD on the Youtube network FASHION CHANNEL. \r\nFashion Channel shows new interesting videos continuous flow.\r\n\r\nWEBSITE:  http://www.fashionchannel.it',''),('25',0,'','https://www.youtube.com/embed/l2Jb3DrFTys','BELDONA Lingerie Collection - SUBURBIA - ADV Campaign Spring Summer 2017 - Fashion Channel','BELDONA Lingerie Collection - SUBURBIA - ADV Campaign Spring Summer 2017 - Fashion Channel\r\n\r\nYOUTUBE CHANNEL:  http://www.youtube.com/fashionchannel\r\n\r\nWEB TV:  http://www.fashionchannel.it/en/web-tv\r\n\r\nFACEBOOK:  https://www.facebook.com/fashionchannelmilano\r\n\r\nTWITTER:  https://twitter.com/FashionChannelP\r\n\r\nPINTEREST:  http://pinterest.com/fashionchannel\r\n\r\nINSTAGRAM:  http://instagram.com/fashionchanneltv\r\n\r\n\r\n\r\nThe best videos, the most exclusive moments of the international runway since 1982 until now, of the most representative fashion weeks of the world. Backstage secrets, make-up and hair style insights, curiosities from the fashion world, celebrities, photo shoot, designer and model clips, red carpets and gossip, parties, obviously besides the shows of all the top designers, generally available in high definition formats HD on the Youtube network FASHION CHANNEL. \r\nFashion Channel shows new interesting videos continuous flow.\r\n\r\nWEBSITE:  http://www.fashionchannel.it',''),('30',0,'','https://www.youtube.com/embed/l2Jb3DrFTys','BELDONA Lingerie Collection - SUBURBIA - ADV Campaign Spring Summer 2017 - Fashion Channel','BELDONA Lingerie Collection - SUBURBIA - ADV Campaign Spring Summer 2017 - Fashion Channel\r\n\r\nYOUTUBE CHANNEL:  http://www.youtube.com/fashionchannel\r\n\r\nWEB TV:  http://www.fashionchannel.it/en/web-tv\r\n\r\nFACEBOOK:  https://www.facebook.com/fashionchannelmilano\r\n\r\nTWITTER:  https://twitter.com/FashionChannelP\r\n\r\nPINTEREST:  http://pinterest.com/fashionchannel\r\n\r\nINSTAGRAM:  http://instagram.com/fashionchanneltv\r\n\r\n\r\n\r\nThe best videos, the most exclusive moments of the international runway since 1982 until now, of the most representative fashion weeks of the world. Backstage secrets, make-up and hair style insights, curiosities from the fashion world, celebrities, photo shoot, designer and model clips, red carpets and gossip, parties, obviously besides the shows of all the top designers, generally available in high definition formats HD on the Youtube network FASHION CHANNEL. \r\nFashion Channel shows new interesting videos continuous flow.\r\n\r\nWEBSITE:  http://www.fashionchannel.it',''),('35',0,'','https://www.youtube.com/embed/l2Jb3DrFTys','BELDONA Lingerie Collection - SUBURBIA - ADV Campaign Spring Summer 2017 - Fashion Channel','BELDONA Lingerie Collection - SUBURBIA - ADV Campaign Spring Summer 2017 - Fashion Channel\r\n\r\nYOUTUBE CHANNEL:  http://www.youtube.com/fashionchannel\r\n\r\nWEB TV:  http://www.fashionchannel.it/en/web-tv\r\n\r\nFACEBOOK:  https://www.facebook.com/fashionchannelmilano\r\n\r\nTWITTER:  https://twitter.com/FashionChannelP\r\n\r\nPINTEREST:  http://pinterest.com/fashionchannel\r\n\r\nINSTAGRAM:  http://instagram.com/fashionchanneltv\r\n\r\n\r\n\r\nThe best videos, the most exclusive moments of the international runway since 1982 until now, of the most representative fashion weeks of the world. Backstage secrets, make-up and hair style insights, curiosities from the fashion world, celebrities, photo shoot, designer and model clips, red carpets and gossip, parties, obviously besides the shows of all the top designers, generally available in high definition formats HD on the Youtube network FASHION CHANNEL. \r\nFashion Channel shows new interesting videos continuous flow.\r\n\r\nWEBSITE:  http://www.fashionchannel.it',''),('40',0,'','https://www.youtube.com/embed/l2Jb3DrFTys','BELDONA Lingerie Collection - SUBURBIA - ADV Campaign Spring Summer 2017 - Fashion Channel','BELDONA Lingerie Collection - SUBURBIA - ADV Campaign Spring Summer 2017 - Fashion Channel\r\n\r\nYOUTUBE CHANNEL:  http://www.youtube.com/fashionchannel\r\n\r\nWEB TV:  http://www.fashionchannel.it/en/web-tv\r\n\r\nFACEBOOK:  https://www.facebook.com/fashionchannelmilano\r\n\r\nTWITTER:  https://twitter.com/FashionChannelP\r\n\r\nPINTEREST:  http://pinterest.com/fashionchannel\r\n\r\nINSTAGRAM:  http://instagram.com/fashionchanneltv\r\n\r\n\r\n\r\nThe best videos, the most exclusive moments of the international runway since 1982 until now, of the most representative fashion weeks of the world. Backstage secrets, make-up and hair style insights, curiosities from the fashion world, celebrities, photo shoot, designer and model clips, red carpets and gossip, parties, obviously besides the shows of all the top designers, generally available in high definition formats HD on the Youtube network FASHION CHANNEL. \r\nFashion Channel shows new interesting videos continuous flow.\r\n\r\nWEBSITE:  http://www.fashionchannel.it',''),('45',0,'','https://www.youtube.com/embed/l2Jb3DrFTys','BELDONA Lingerie Collection - SUBURBIA - ADV Campaign Spring Summer 2017 - Fashion Channel','BELDONA Lingerie Collection - SUBURBIA - ADV Campaign Spring Summer 2017 - Fashion Channel\r\n\r\nYOUTUBE CHANNEL:  http://www.youtube.com/fashionchannel\r\n\r\nWEB TV:  http://www.fashionchannel.it/en/web-tv\r\n\r\nFACEBOOK:  https://www.facebook.com/fashionchannelmilano\r\n\r\nTWITTER:  https://twitter.com/FashionChannelP\r\n\r\nPINTEREST:  http://pinterest.com/fashionchannel\r\n\r\nINSTAGRAM:  http://instagram.com/fashionchanneltv\r\n\r\n\r\n\r\nThe best videos, the most exclusive moments of the international runway since 1982 until now, of the most representative fashion weeks of the world. Backstage secrets, make-up and hair style insights, curiosities from the fashion world, celebrities, photo shoot, designer and model clips, red carpets and gossip, parties, obviously besides the shows of all the top designers, generally available in high definition formats HD on the Youtube network FASHION CHANNEL. \r\nFashion Channel shows new interesting videos continuous flow.\r\n\r\nWEBSITE:  http://www.fashionchannel.it',''),('50',0,'','https://www.youtube.com/embed/l2Jb3DrFTys','BELDONA Lingerie Collection - SUBURBIA - ADV Campaign Spring Summer 2017 - Fashion Channel','BELDONA Lingerie Collection - SUBURBIA - ADV Campaign Spring Summer 2017 - Fashion Channel\r\n\r\nYOUTUBE CHANNEL:  http://www.youtube.com/fashionchannel\r\n\r\nWEB TV:  http://www.fashionchannel.it/en/web-tv\r\n\r\nFACEBOOK:  https://www.facebook.com/fashionchannelmilano\r\n\r\nTWITTER:  https://twitter.com/FashionChannelP\r\n\r\nPINTEREST:  http://pinterest.com/fashionchannel\r\n\r\nINSTAGRAM:  http://instagram.com/fashionchanneltv\r\n\r\n\r\n\r\nThe best videos, the most exclusive moments of the international runway since 1982 until now, of the most representative fashion weeks of the world. Backstage secrets, make-up and hair style insights, curiosities from the fashion world, celebrities, photo shoot, designer and model clips, red carpets and gossip, parties, obviously besides the shows of all the top designers, generally available in high definition formats HD on the Youtube network FASHION CHANNEL. \r\nFashion Channel shows new interesting videos continuous flow.\r\n\r\nWEBSITE:  http://www.fashionchannel.it',''),('55',0,'','https://www.youtube.com/embed/l2Jb3DrFTys','BELDONA Lingerie Collection - SUBURBIA - ADV Campaign Spring Summer 2017 - Fashion Channel','BELDONA Lingerie Collection - SUBURBIA - ADV Campaign Spring Summer 2017 - Fashion Channel\r\n\r\nYOUTUBE CHANNEL:  http://www.youtube.com/fashionchannel\r\n\r\nWEB TV:  http://www.fashionchannel.it/en/web-tv\r\n\r\nFACEBOOK:  https://www.facebook.com/fashionchannelmilano\r\n\r\nTWITTER:  https://twitter.com/FashionChannelP\r\n\r\nPINTEREST:  http://pinterest.com/fashionchannel\r\n\r\nINSTAGRAM:  http://instagram.com/fashionchanneltv\r\n\r\n\r\n\r\nThe best videos, the most exclusive moments of the international runway since 1982 until now, of the most representative fashion weeks of the world. Backstage secrets, make-up and hair style insights, curiosities from the fashion world, celebrities, photo shoot, designer and model clips, red carpets and gossip, parties, obviously besides the shows of all the top designers, generally available in high definition formats HD on the Youtube network FASHION CHANNEL. \r\nFashion Channel shows new interesting videos continuous flow.\r\n\r\nWEBSITE:  http://www.fashionchannel.it',''),('60',0,'','https://www.youtube.com/embed/l2Jb3DrFTys','BELDONA Lingerie Collection - SUBURBIA - ADV Campaign Spring Summer 2017 - Fashion Channel','BELDONA Lingerie Collection - SUBURBIA - ADV Campaign Spring Summer 2017 - Fashion Channel\r\n\r\nYOUTUBE CHANNEL:  http://www.youtube.com/fashionchannel\r\n\r\nWEB TV:  http://www.fashionchannel.it/en/web-tv\r\n\r\nFACEBOOK:  https://www.facebook.com/fashionchannelmilano\r\n\r\nTWITTER:  https://twitter.com/FashionChannelP\r\n\r\nPINTEREST:  http://pinterest.com/fashionchannel\r\n\r\nINSTAGRAM:  http://instagram.com/fashionchanneltv\r\n\r\n\r\n\r\nThe best videos, the most exclusive moments of the international runway since 1982 until now, of the most representative fashion weeks of the world. Backstage secrets, make-up and hair style insights, curiosities from the fashion world, celebrities, photo shoot, designer and model clips, red carpets and gossip, parties, obviously besides the shows of all the top designers, generally available in high definition formats HD on the Youtube network FASHION CHANNEL. \r\nFashion Channel shows new interesting videos continuous flow.\r\n\r\nWEBSITE:  http://www.fashionchannel.it',''),('65',0,'','https://www.youtube.com/embed/l2Jb3DrFTys','BELDONA Lingerie Collection - SUBURBIA - ADV Campaign Spring Summer 2017 - Fashion Channel','BELDONA Lingerie Collection - SUBURBIA - ADV Campaign Spring Summer 2017 - Fashion Channel\r\n\r\nYOUTUBE CHANNEL:  http://www.youtube.com/fashionchannel\r\n\r\nWEB TV:  http://www.fashionchannel.it/en/web-tv\r\n\r\nFACEBOOK:  https://www.facebook.com/fashionchannelmilano\r\n\r\nTWITTER:  https://twitter.com/FashionChannelP\r\n\r\nPINTEREST:  http://pinterest.com/fashionchannel\r\n\r\nINSTAGRAM:  http://instagram.com/fashionchanneltv\r\n\r\n\r\n\r\nThe best videos, the most exclusive moments of the international runway since 1982 until now, of the most representative fashion weeks of the world. Backstage secrets, make-up and hair style insights, curiosities from the fashion world, celebrities, photo shoot, designer and model clips, red carpets and gossip, parties, obviously besides the shows of all the top designers, generally available in high definition formats HD on the Youtube network FASHION CHANNEL. \r\nFashion Channel shows new interesting videos continuous flow.\r\n\r\nWEBSITE:  http://www.fashionchannel.it',''),('70',0,'','https://www.youtube.com/embed/l2Jb3DrFTys','BELDONA Lingerie Collection - SUBURBIA - ADV Campaign Spring Summer 2017 - Fashion Channel','BELDONA Lingerie Collection - SUBURBIA - ADV Campaign Spring Summer 2017 - Fashion Channel\r\n\r\nYOUTUBE CHANNEL:  http://www.youtube.com/fashionchannel\r\n\r\nWEB TV:  http://www.fashionchannel.it/en/web-tv\r\n\r\nFACEBOOK:  https://www.facebook.com/fashionchannelmilano\r\n\r\nTWITTER:  https://twitter.com/FashionChannelP\r\n\r\nPINTEREST:  http://pinterest.com/fashionchannel\r\n\r\nINSTAGRAM:  http://instagram.com/fashionchanneltv\r\n\r\n\r\n\r\nThe best videos, the most exclusive moments of the international runway since 1982 until now, of the most representative fashion weeks of the world. Backstage secrets, make-up and hair style insights, curiosities from the fashion world, celebrities, photo shoot, designer and model clips, red carpets and gossip, parties, obviously besides the shows of all the top designers, generally available in high definition formats HD on the Youtube network FASHION CHANNEL. \r\nFashion Channel shows new interesting videos continuous flow.\r\n\r\nWEBSITE:  http://www.fashionchannel.it',''),('75',0,'','https://www.youtube.com/embed/l2Jb3DrFTys','BELDONA Lingerie Collection - SUBURBIA - ADV Campaign Spring Summer 2017 - Fashion Channel','BELDONA Lingerie Collection - SUBURBIA - ADV Campaign Spring Summer 2017 - Fashion Channel\r\n\r\nYOUTUBE CHANNEL:  http://www.youtube.com/fashionchannel\r\n\r\nWEB TV:  http://www.fashionchannel.it/en/web-tv\r\n\r\nFACEBOOK:  https://www.facebook.com/fashionchannelmilano\r\n\r\nTWITTER:  https://twitter.com/FashionChannelP\r\n\r\nPINTEREST:  http://pinterest.com/fashionchannel\r\n\r\nINSTAGRAM:  http://instagram.com/fashionchanneltv\r\n\r\n\r\n\r\nThe best videos, the most exclusive moments of the international runway since 1982 until now, of the most representative fashion weeks of the world. Backstage secrets, make-up and hair style insights, curiosities from the fashion world, celebrities, photo shoot, designer and model clips, red carpets and gossip, parties, obviously besides the shows of all the top designers, generally available in high definition formats HD on the Youtube network FASHION CHANNEL. \r\nFashion Channel shows new interesting videos continuous flow.\r\n\r\nWEBSITE:  http://www.fashionchannel.it',''),('102',0,'','https://www.youtube.com/embed/l2Jb3DrFTys','BELDONA Lingerie Collection - SUBURBIA - ADV Campaign Spring Summer 2017 - Fashion Channel','BELDONA Lingerie Collection - SUBURBIA - ADV Campaign Spring Summer 2017 - Fashion Channel\r\n\r\nYOUTUBE CHANNEL:  http://www.youtube.com/fashionchannel\r\n\r\nWEB TV:  http://www.fashionchannel.it/en/web-tv\r\n\r\nFACEBOOK:  https://www.facebook.com/fashionchannelmilano\r\n\r\nTWITTER:  https://twitter.com/FashionChannelP\r\n\r\nPINTEREST:  http://pinterest.com/fashionchannel\r\n\r\nINSTAGRAM:  http://instagram.com/fashionchanneltv\r\n\r\n\r\n\r\nThe best videos, the most exclusive moments of the international runway since 1982 until now, of the most representative fashion weeks of the world. Backstage secrets, make-up and hair style insights, curiosities from the fashion world, celebrities, photo shoot, designer and model clips, red carpets and gossip, parties, obviously besides the shows of all the top designers, generally available in high definition formats HD on the Youtube network FASHION CHANNEL. \r\nFashion Channel shows new interesting videos continuous flow.\r\n\r\nWEBSITE:  http://www.fashionchannel.it',''),('107',0,'','https://www.youtube.com/embed/l2Jb3DrFTys','BELDONA Lingerie Collection - SUBURBIA - ADV Campaign Spring Summer 2017 - Fashion Channel','BELDONA Lingerie Collection - SUBURBIA - ADV Campaign Spring Summer 2017 - Fashion Channel\r\n\r\nYOUTUBE CHANNEL:  http://www.youtube.com/fashionchannel\r\n\r\nWEB TV:  http://www.fashionchannel.it/en/web-tv\r\n\r\nFACEBOOK:  https://www.facebook.com/fashionchannelmilano\r\n\r\nTWITTER:  https://twitter.com/FashionChannelP\r\n\r\nPINTEREST:  http://pinterest.com/fashionchannel\r\n\r\nINSTAGRAM:  http://instagram.com/fashionchanneltv\r\n\r\n\r\n\r\nThe best videos, the most exclusive moments of the international runway since 1982 until now, of the most representative fashion weeks of the world. Backstage secrets, make-up and hair style insights, curiosities from the fashion world, celebrities, photo shoot, designer and model clips, red carpets and gossip, parties, obviously besides the shows of all the top designers, generally available in high definition formats HD on the Youtube network FASHION CHANNEL. \r\nFashion Channel shows new interesting videos continuous flow.\r\n\r\nWEBSITE:  http://www.fashionchannel.it',''),('112',0,'','https://www.youtube.com/embed/l2Jb3DrFTys','BELDONA Lingerie Collection - SUBURBIA - ADV Campaign Spring Summer 2017 - Fashion Channel','BELDONA Lingerie Collection - SUBURBIA - ADV Campaign Spring Summer 2017 - Fashion Channel\r\n\r\nYOUTUBE CHANNEL:  http://www.youtube.com/fashionchannel\r\n\r\nWEB TV:  http://www.fashionchannel.it/en/web-tv\r\n\r\nFACEBOOK:  https://www.facebook.com/fashionchannelmilano\r\n\r\nTWITTER:  https://twitter.com/FashionChannelP\r\n\r\nPINTEREST:  http://pinterest.com/fashionchannel\r\n\r\nINSTAGRAM:  http://instagram.com/fashionchanneltv\r\n\r\n\r\n\r\nThe best videos, the most exclusive moments of the international runway since 1982 until now, of the most representative fashion weeks of the world. Backstage secrets, make-up and hair style insights, curiosities from the fashion world, celebrities, photo shoot, designer and model clips, red carpets and gossip, parties, obviously besides the shows of all the top designers, generally available in high definition formats HD on the Youtube network FASHION CHANNEL. \r\nFashion Channel shows new interesting videos continuous flow.\r\n\r\nWEBSITE:  http://www.fashionchannel.it',''),('117',0,'','https://www.youtube.com/embed/l2Jb3DrFTys','BELDONA Lingerie Collection - SUBURBIA - ADV Campaign Spring Summer 2017 - Fashion Channel','BELDONA Lingerie Collection - SUBURBIA - ADV Campaign Spring Summer 2017 - Fashion Channel\r\n\r\nYOUTUBE CHANNEL:  http://www.youtube.com/fashionchannel\r\n\r\nWEB TV:  http://www.fashionchannel.it/en/web-tv\r\n\r\nFACEBOOK:  https://www.facebook.com/fashionchannelmilano\r\n\r\nTWITTER:  https://twitter.com/FashionChannelP\r\n\r\nPINTEREST:  http://pinterest.com/fashionchannel\r\n\r\nINSTAGRAM:  http://instagram.com/fashionchanneltv\r\n\r\n\r\n\r\nThe best videos, the most exclusive moments of the international runway since 1982 until now, of the most representative fashion weeks of the world. Backstage secrets, make-up and hair style insights, curiosities from the fashion world, celebrities, photo shoot, designer and model clips, red carpets and gossip, parties, obviously besides the shows of all the top designers, generally available in high definition formats HD on the Youtube network FASHION CHANNEL. \r\nFashion Channel shows new interesting videos continuous flow.\r\n\r\nWEBSITE:  http://www.fashionchannel.it',''),('122',0,'','https://www.youtube.com/embed/l2Jb3DrFTys','BELDONA Lingerie Collection - SUBURBIA - ADV Campaign Spring Summer 2017 - Fashion Channel','BELDONA Lingerie Collection - SUBURBIA - ADV Campaign Spring Summer 2017 - Fashion Channel\r\n\r\nYOUTUBE CHANNEL:  http://www.youtube.com/fashionchannel\r\n\r\nWEB TV:  http://www.fashionchannel.it/en/web-tv\r\n\r\nFACEBOOK:  https://www.facebook.com/fashionchannelmilano\r\n\r\nTWITTER:  https://twitter.com/FashionChannelP\r\n\r\nPINTEREST:  http://pinterest.com/fashionchannel\r\n\r\nINSTAGRAM:  http://instagram.com/fashionchanneltv\r\n\r\n\r\n\r\nThe best videos, the most exclusive moments of the international runway since 1982 until now, of the most representative fashion weeks of the world. Backstage secrets, make-up and hair style insights, curiosities from the fashion world, celebrities, photo shoot, designer and model clips, red carpets and gossip, parties, obviously besides the shows of all the top designers, generally available in high definition formats HD on the Youtube network FASHION CHANNEL. \r\nFashion Channel shows new interesting videos continuous flow.\r\n\r\nWEBSITE:  http://www.fashionchannel.it','');

--
