-- Table structure for table `catalog_product_frontend_action`
--

CREATE TABLE `catalog_product_frontend_action` (
  `action_id` bigint(20) unsigned NOT NULL AUTO_INCREMENT COMMENT 'Product Action Id',
  `type_id` varchar(64) NOT NULL COMMENT 'Type of product action',
  `visitor_id` int(10) unsigned DEFAULT NULL COMMENT 'Visitor Id',
  `customer_id` int(10) unsigned DEFAULT NULL COMMENT 'Customer Id',
  `product_id` int(10) unsigned NOT NULL COMMENT 'Product Id',
  `added_at` bigint(20) NOT NULL COMMENT 'Added At',
  PRIMARY KEY (`action_id`),
  UNIQUE KEY `CATALOG_PRODUCT_FRONTEND_ACTION_VISITOR_ID_PRODUCT_ID_TYPE_ID` (`visitor_id`,`product_id`,`type_id`),
  UNIQUE KEY `CATALOG_PRODUCT_FRONTEND_ACTION_CUSTOMER_ID_PRODUCT_ID_TYPE_ID` (`customer_id`,`product_id`,`type_id`)
) ENGINE=InnoDB DEFAULT CHARSET=utf8 COMMENT='Catalog Product Frontend Action Table';

--
-- Table structure for table `catalog_product_index_eav`
--

CREATE TABLE `catalog_product_index_eav` (
  `entity_id` int(10) unsigned NOT NULL COMMENT 'Entity ID',
  `attribute_id` smallint(5) unsigned NOT NULL COMMENT 'Attribute ID',
  `store_id` smallint(5) unsigned NOT NULL COMMENT 'Store ID',
  `value` int(10) unsigned NOT NULL COMMENT 'Value',
  `source_id` int(10) unsigned NOT NULL DEFAULT '0' COMMENT 'Original entity Id for attribute value',
  PRIMARY KEY (`entity_id`,`attribute_id`,`store_id`,`value`,`source_id`),
  KEY `CATALOG_PRODUCT_INDEX_EAV_ATTRIBUTE_ID` (`attribute_id`),
  KEY `CATALOG_PRODUCT_INDEX_EAV_STORE_ID` (`store_id`),
  KEY `CATALOG_PRODUCT_INDEX_EAV_VALUE` (`value`)
) ENGINE=InnoDB DEFAULT CHARSET=utf8 COMMENT='Catalog Product EAV Index Table';

--
-- Dumping data for table `catalog_product_index_eav`
--

INSERT INTO `catalog_product_index_eav` VALUES ('1',99,1,'4','1'),('1',99,2,'4','1'),('1',99,3,'4','1'),('2',99,1,'4','2'),('2',99,2,'4','2'),('2',99,3,'4','2'),('3',99,1,'4','3'),('3',99,2,'4','3'),('3',99,3,'4','3'),('4',99,1,'4','4'),('4',99,2,'4','4'),('4',99,3,'4','4'),('5',99,1,'4','5'),('5',99,2,'4','5'),('5',99,3,'4','5'),('6',99,1,'4','6'),('6',99,2,'4','6'),('6',99,3,'4','6'),('7',99,1,'4','7'),('7',99,2,'4','7'),('7',99,3,'4','7'),('8',99,1,'4','8'),('8',99,2,'4','8'),('8',99,3,'4','8'),('14',99,1,'4','14'),('14',99,2,'4','14'),('14',99,3,'4','14'),('15',99,1,'4','15'),('15',99,2,'4','15'),('15',99,3,'4','15'),('16',99,1,'1','21'),('16',99,1,'1','22'),('16',99,1,'4','16'),('16',99,2,'1','21'),('16',99,2,'1','22'),('16',99,2,'4','16'),('16',99,3,'1','21'),('16',99,3,'1','22'),('16',99,3,'4','16'),('17',99,1,'1','23'),('17',99,1,'1','24'),('17',99,1,'4','17'),('17',99,2,'1','23'),('17',99,2,'1','24'),('17',99,2,'4','17'),('17',99,3,'1','23'),('17',99,3,'1','24'),('17',99,3,'4','17'),('18',99,1,'1','25'),('18',99,1,'1','26'),('18',99,1,'1','27'),('18',99,1,'4','18'),('18',99,2,'1','25'),('18',99,2,'1','26'),('18',99,2,'1','27'),('18',99,2,'4','18'),('18',99,3,'1','25'),('18',99,3,'1','26'),('18',99,3,'1','27'),('18',99,3,'4','18'),('19',99,1,'1','28'),('19',99,1,'1','29'),('19',99,1,'4','19'),('19',99,2,'1','28'),('19',99,2,'1','29'),('19',99,2,'4','19'),('19',99,3,'1','28'),('19',99,3,'1','29'),('19',99,3,'4','19'),('20',99,1,'1','30'),('20',99,1,'1','31'),('20',99,1,'4','20'),('20',99,2,'1','30'),('20',99,2,'1','31'),('20',99,2,'4','20'),('20',99,3,'1','30'),('20',99,3,'1','31'),('20',99,3,'4','20'),('32',99,1,'1','38'),('32',99,1,'1','39'),('32',99,1,'4','32'),('32',99,2,'1','38'),('32',99,2,'1','39'),('32',99,2,'4','32'),('32',99,3,'1','38'),('32',99,3,'1','39'),('32',99,3,'4','32'),('33',99,1,'1','47'),('33',99,1,'1','48'),('33',99,1,'4','33'),('33',99,2,'1','47'),('33',99,2,'1','48'),('33',99,2,'4','33'),('33',99,3,'1','47'),('33',99,3,'1','48'),('33',99,3,'4','33'),('34',99,1,'1','44'),('34',99,1,'1','45'),('34',99,1,'1','46'),('34',99,1,'4','34'),('34',99,2,'1','44'),('34',99,2,'1','45'),('34',99,2,'1','46'),('34',99,2,'4','34'),('34',99,3,'1','44'),('34',99,3,'1','45'),('34',99,3,'1','46'),('34',99,3,'4','34'),('35',99,1,'1','40'),('35',99,1,'1','41'),('35',99,1,'4','35'),('35',99,2,'1','40'),('35',99,2,'1','41'),('35',99,2,'4','35'),('35',99,3,'1','40'),('35',99,3,'1','41'),('35',99,3,'4','35'),('36',99,1,'1','42'),('36',99,1,'1','43'),('36',99,1,'4','36'),('36',99,2,'1','42'),('36',99,2,'1','43'),('36',99,2,'4','36'),('36',99,3,'1','42'),('36',99,3,'1','43'),('36',99,3,'4','36'),('1',135,1,'4','1'),('1',135,2,'4','1'),('1',135,3,'4','1'),('2',135,1,'6','2'),('2',135,2,'6','2'),('2',135,3,'6','2'),('3',135,1,'7','3'),('3',135,2,'7','3'),('3',135,3,'7','3'),('4',135,1,'6','4'),('4',135,2,'6','4'),('4',135,3,'6','4'),('5',135,1,'5','5'),('5',135,2,'5','5'),('5',135,3,'5','5'),('6',135,1,'6','6'),('6',135,2,'6','6'),('6',135,3,'6','6'),('7',135,1,'5','7'),('7',135,2,'5','7'),('7',135,3,'5','7'),('8',135,1,'4','8'),('8',135,2,'4','8'),('8',135,3,'4','8'),('14',135,1,'4','14'),('14',135,2,'4','14'),('14',135,3,'4','14'),('15',135,1,'6','15'),('15',135,2,'6','15'),('15',135,3,'6','15'),('16',135,1,'4','16'),('16',135,1,'4','21'),('16',135,1,'4','22'),('16',135,2,'4','16'),('16',135,2,'4','21'),('16',135,2,'4','22'),('16',135,3,'4','16'),('16',135,3,'4','21'),('16',135,3,'4','22'),('17',135,1,'5','17'),('17',135,1,'5','23'),('17',135,1,'5','24'),('17',135,2,'5','17'),('17',135,2,'5','23'),('17',135,2,'5','24'),('17',135,3,'5','17'),('17',135,3,'5','23'),('17',135,3,'5','24'),('18',135,1,'7','18'),('18',135,1,'7','25'),('18',135,1,'7','26'),('18',135,1,'7','27'),('18',135,2,'7','18'),('18',135,2,'7','25'),('18',135,2,'7','26'),('18',135,2,'7','27'),('18',135,3,'7','18'),('18',135,3,'7','25'),('18',135,3,'7','26'),('18',135,3,'7','27'),('19',135,1,'6','19'),('19',135,1,'6','28'),('19',135,1,'6','29'),('19',135,2,'6','19'),('19',135,2,'6','28'),('19',135,2,'6','29'),('19',135,3,'6','19'),('19',135,3,'6','28'),('19',135,3,'6','29'),('20',135,1,'4','20'),('20',135,1,'4','30'),('20',135,1,'4','31'),('20',135,2,'4','20'),('20',135,2,'4','30'),('20',135,2,'4','31'),('20',135,3,'4','20'),('20',135,3,'4','30'),('20',135,3,'4','31'),('32',135,1,'6','32'),('32',135,1,'6','38'),('32',135,1,'6','39'),('32',135,2,'6','32'),('32',135,2,'6','38'),('32',135,2,'6','39'),('32',135,3,'6','32'),('32',135,3,'6','38'),('32',135,3,'6','39'),('33',135,1,'5','33'),('33',135,1,'5','47'),('33',135,1,'5','48'),('33',135,2,'5','33'),('33',135,2,'5','47'),('33',135,2,'5','48'),('33',135,3,'5','33'),('33',135,3,'5','47'),('33',135,3,'5','48'),('34',135,1,'4','34'),('34',135,1,'4','44'),('34',135,1,'4','45'),('34',135,1,'4','46'),('34',135,2,'4','34'),('34',135,2,'4','44'),('34',135,2,'4','45'),('34',135,2,'4','46'),('34',135,3,'4','34'),('34',135,3,'4','44'),('34',135,3,'4','45'),('34',135,3,'4','46'),('35',135,1,'5','35'),('35',135,1,'5','40'),('35',135,1,'5','41'),('35',135,2,'5','35'),('35',135,2,'5','40'),('35',135,2,'5','41'),('35',135,3,'5','35'),('35',135,3,'5','40'),('35',135,3,'5','41'),('36',135,1,'4','36'),('36',135,1,'4','42'),('36',135,1,'4','43'),('36',135,2,'4','36'),('36',135,2,'4','42'),('36',135,2,'4','43'),('36',135,3,'4','36'),('36',135,3,'4','42'),('36',135,3,'4','43'),('1',136,1,'8','1'),('1',136,2,'8','1'),('1',136,3,'8','1'),('2',136,1,'10','2'),('2',136,2,'10','2'),('2',136,3,'10','2'),('3',136,1,'8','3'),('3',136,2,'8','3'),('3',136,3,'8','3'),('4',136,1,'10','4'),('4',136,2,'10','4'),('4',136,3,'10','4'),('5',136,1,'9','5'),('5',136,2,'9','5'),('5',136,3,'9','5'),('6',136,1,'8','6'),('6',136,2,'8','6'),('6',136,3,'8','6'),('7',136,1,'8','7'),('7',136,2,'8','7'),('7',136,3,'8','7'),('8',136,1,'8','8'),('8',136,2,'8','8'),('8',136,3,'8','8'),('14',136,1,'8','14'),('14',136,2,'8','14'),('14',136,3,'8','14'),('15',136,1,'8','15'),('15',136,2,'8','15'),('15',136,3,'8','15'),('16',136,1,'10','16'),('16',136,1,'10','21'),('16',136,1,'10','22'),('16',136,2,'10','16'),('16',136,2,'10','21'),('16',136,2,'10','22'),('16',136,3,'10','16'),('16',136,3,'10','21'),('16',136,3,'10','22'),('17',136,1,'10','17'),('17',136,1,'10','23'),('17',136,1,'10','24'),('17',136,2,'10','17'),('17',136,2,'10','23'),('17',136,2,'10','24'),('17',136,3,'10','17'),('17',136,3,'10','23'),('17',136,3,'10','24'),('18',136,1,'9','18'),('18',136,1,'9','25'),('18',136,1,'9','26'),('18',136,1,'9','27'),('18',136,2,'9','18'),('18',136,2,'9','25'),('18',136,2,'9','26'),('18',136,2,'9','27'),('18',136,3,'9','18'),('18',136,3,'9','25'),('18',136,3,'9','26'),('18',136,3,'9','27'),('19',136,1,'8','19'),('19',136,1,'8','28'),('19',136,1,'8','29'),('19',136,2,'8','19'),('19',136,2,'8','28'),('19',136,2,'8','29'),('19',136,3,'8','19'),('19',136,3,'8','28'),('19',136,3,'8','29'),('20',136,1,'10','20'),('20',136,1,'10','30'),('20',136,1,'10','31'),('20',136,2,'10','20'),('20',136,2,'10','30'),('20',136,2,'10','31'),('20',136,3,'10','20'),('20',136,3,'10','30'),('20',136,3,'10','31'),('32',136,1,'9','32'),('32',136,1,'9','38'),('32',136,1,'9','39'),('32',136,2,'9','32'),('32',136,2,'9','38'),('32',136,2,'9','39'),('32',136,3,'9','32'),('32',136,3,'9','38'),('32',136,3,'9','39'),('33',136,1,'10','33'),('33',136,1,'10','47'),('33',136,1,'10','48'),('33',136,2,'10','33'),('33',136,2,'10','47'),('33',136,2,'10','48'),('33',136,3,'10','33'),('33',136,3,'10','47'),('33',136,3,'10','48'),('34',136,1,'8','34'),('34',136,1,'8','44'),('34',136,1,'8','45'),('34',136,1,'8','46'),('34',136,2,'8','34'),('34',136,2,'8','44'),('34',136,2,'8','45'),('34',136,2,'8','46'),('34',136,3,'8','34'),('34',136,3,'8','44'),('34',136,3,'8','45'),('34',136,3,'8','46'),('35',136,1,'9','35'),('35',136,1,'9','40'),('35',136,1,'9','41'),('35',136,2,'9','35'),('35',136,2,'9','40'),('35',136,2,'9','41'),('35',136,3,'9','35'),('35',136,3,'9','40'),('35',136,3,'9','41'),('36',136,1,'10','36'),('36',136,1,'10','42'),('36',136,1,'10','43'),('36',136,2,'10','36'),('36',136,2,'10','42'),('36',136,2,'10','43'),('36',136,3,'10','36'),('36',136,3,'10','42'),('36',136,3,'10','43'),('1',137,1,'11','1'),('1',137,2,'11','1'),('1',137,3,'11','1'),('2',137,1,'13','2'),('2',137,2,'13','2'),('2',137,3,'13','2'),('3',137,1,'14','3'),('3',137,2,'14','3'),('3',137,3,'14','3'),('4',137,1,'11','4'),('4',137,2,'11','4'),('4',137,3,'11','4'),('5',137,1,'12','5'),('5',137,2,'12','5'),('5',137,3,'12','5'),('6',137,1,'11','6'),('6',137,2,'11','6'),('6',137,3,'11','6'),('7',137,1,'11','7'),('7',137,2,'11','7'),('7',137,3,'11','7'),('8',137,1,'13','8'),('8',137,2,'13','8'),('8',137,3,'13','8'),('14',137,1,'13','14'),('14',137,2,'13','14'),('14',137,3,'13','14'),('15',137,1,'13','15'),('15',137,2,'13','15'),('15',137,3,'13','15'),('16',137,1,'13','16'),('16',137,1,'13','21'),('16',137,1,'13','22'),('16',137,2,'13','16'),('16',137,2,'13','21'),('16',137,2,'13','22'),('16',137,3,'13','16'),('16',137,3,'13','21'),('16',137,3,'13','22'),('17',137,1,'12','17'),('17',137,1,'12','23'),('17',137,1,'12','24'),('17',137,2,'12','17'),('17',137,2,'12','23'),('17',137,2,'12','24'),('17',137,3,'12','17'),('17',137,3,'12','23'),('17',137,3,'12','24'),('18',137,1,'11','18'),('18',137,1,'11','25'),('18',137,1,'11','26'),('18',137,1,'11','27'),('18',137,2,'11','18'),('18',137,2,'11','25'),('18',137,2,'11','26'),('18',137,2,'11','27'),('18',137,3,'11','18'),('18',137,3,'11','25'),('18',137,3,'11','26'),('18',137,3,'11','27'),('19',137,1,'11','19'),('19',137,1,'11','28'),('19',137,1,'11','29'),('19',137,2,'11','19'),('19',137,2,'11','28'),('19',137,2,'11','29'),('19',137,3,'11','19'),('19',137,3,'11','28'),('19',137,3,'11','29'),('20',137,1,'13','20'),('20',137,1,'13','30'),('20',137,1,'13','31'),('20',137,2,'13','20'),('20',137,2,'13','30'),('20',137,2,'13','31'),('20',137,3,'13','20'),('20',137,3,'13','30'),('20',137,3,'13','31'),('32',137,1,'14','32'),('32',137,1,'14','38'),('32',137,1,'14','39'),('32',137,2,'14','32'),('32',137,2,'14','38'),('32',137,2,'14','39'),('32',137,3,'14','32'),('32',137,3,'14','38'),('32',137,3,'14','39'),('33',137,1,'12','33'),('33',137,1,'12','47'),('33',137,1,'12','48'),('33',137,2,'12','33'),('33',137,2,'12','47'),('33',137,2,'12','48'),('33',137,3,'12','33'),('33',137,3,'12','47'),('33',137,3,'12','48'),('34',137,1,'12','34'),('34',137,1,'12','44'),('34',137,1,'12','45'),('34',137,1,'12','46'),('34',137,2,'12','34'),('34',137,2,'12','44'),('34',137,2,'12','45'),('34',137,2,'12','46'),('34',137,3,'12','34'),('34',137,3,'12','44'),('34',137,3,'12','45'),('34',137,3,'12','46'),('35',137,1,'12','35'),('35',137,1,'12','40'),('35',137,1,'12','41'),('35',137,2,'12','35'),('35',137,2,'12','40'),('35',137,2,'12','41'),('35',137,3,'12','35'),('35',137,3,'12','40'),('35',137,3,'12','41'),('36',137,1,'11','36'),('36',137,1,'11','42'),('36',137,1,'11','43'),('36',137,2,'11','36'),('36',137,2,'11','42'),('36',137,2,'11','43'),('36',137,3,'11','36'),('36',137,3,'11','42'),('36',137,3,'11','43'),('1',141,1,'23','1'),('1',141,2,'23','1'),('1',141,3,'23','1'),('2',141,1,'25','2'),('2',141,2,'25','2'),('2',141,3,'25','2'),('3',141,1,'24','3'),('3',141,2,'24','3'),('3',141,3,'24','3'),('4',141,1,'24','4'),('4',141,2,'24','4'),('4',141,3,'24','4'),('5',141,1,'24','5'),('5',141,2,'24','5'),('5',141,3,'24','5'),('6',141,1,'24','6'),('6',141,2,'24','6'),('6',141,3,'24','6'),('7',141,1,'24','7'),('7',141,2,'24','7'),('7',141,3,'24','7'),('8',141,1,'24','8'),('8',141,2,'24','8'),('8',141,3,'24','8'),('14',141,1,'23','14'),('14',141,2,'23','14'),('14',141,3,'23','14'),('15',141,1,'23','15'),('15',141,2,'23','15'),('15',141,3,'23','15'),('16',141,1,'24','16'),('16',141,1,'24','21'),('16',141,1,'24','22'),('16',141,2,'24','16'),('16',141,2,'24','21'),('16',141,2,'24','22'),('16',141,3,'24','16'),('16',141,3,'24','21'),('16',141,3,'24','22'),('17',141,1,'24','17'),('17',141,1,'24','23'),('17',141,1,'24','24'),('17',141,2,'24','17'),('17',141,2,'24','23'),('17',141,2,'24','24'),('17',141,3,'24','17'),('17',141,3,'24','23'),('17',141,3,'24','24'),('18',141,1,'24','18'),('18',141,1,'24','25'),('18',141,1,'24','26'),('18',141,1,'24','27'),('18',141,2,'24','18'),('18',141,2,'24','25'),('18',141,2,'24','26'),('18',141,2,'24','27'),('18',141,3,'24','18'),('18',141,3,'24','25'),('18',141,3,'24','26'),('18',141,3,'24','27'),('19',141,1,'24','19'),('19',141,1,'24','28'),('19',141,1,'24','29'),('19',141,2,'24','19'),('19',141,2,'24','28'),('19',141,2,'24','29'),('19',141,3,'24','19'),('19',141,3,'24','28'),('19',141,3,'24','29'),('20',141,1,'24','20'),('20',141,1,'24','30'),('20',141,1,'24','31'),('20',141,2,'24','20'),('20',141,2,'24','30'),('20',141,2,'24','31'),('20',141,3,'24','20'),('20',141,3,'24','30'),('20',141,3,'24','31'),('32',141,1,'24','32'),('32',141,1,'24','38'),('32',141,1,'24','39'),('32',141,2,'24','32'),('32',141,2,'24','38'),('32',141,2,'24','39'),('32',141,3,'24','32'),('32',141,3,'24','38'),('32',141,3,'24','39'),('33',141,1,'24','33'),('33',141,1,'24','47'),('33',141,1,'24','48'),('33',141,2,'24','33'),('33',141,2,'24','47'),('33',141,2,'24','48'),('33',141,3,'24','33'),('33',141,3,'24','47'),('33',141,3,'24','48'),('34',141,1,'24','34'),('34',141,1,'24','44'),('34',141,1,'24','45'),('34',141,1,'24','46'),('34',141,2,'24','34'),('34',141,2,'24','44'),('34',141,2,'24','45'),('34',141,2,'24','46'),('34',141,3,'24','34'),('34',141,3,'24','44'),('34',141,3,'24','45'),('34',141,3,'24','46'),('35',141,1,'24','35'),('35',141,1,'24','40'),('35',141,1,'24','41'),('35',141,2,'24','35'),('35',141,2,'24','40'),('35',141,2,'24','41'),('35',141,3,'24','35'),('35',141,3,'24','40'),('35',141,3,'24','41'),('36',141,1,'24','36'),('36',141,1,'24','42'),('36',141,1,'24','43'),('36',141,2,'24','36'),('36',141,2,'24','42'),('36',141,2,'24','43'),('36',141,3,'24','36'),('36',141,3,'24','42'),('36',141,3,'24','43'),('16',143,1,'28','21'),('16',143,1,'31','22'),('16',143,2,'28','21'),('16',143,2,'31','22'),('16',143,3,'28','21'),('16',143,3,'31','22'),('17',143,1,'29','24'),('17',143,1,'30','23'),('17',143,2,'29','24'),('17',143,2,'30','23'),('17',143,3,'29','24'),('17',143,3,'30','23'),('18',143,1,'28','27'),('18',143,1,'29','26'),('18',143,1,'32','25'),('18',143,2,'28','27'),('18',143,2,'29','26'),('18',143,2,'32','25'),('18',143,3,'28','27'),('18',143,3,'29','26'),('18',143,3,'32','25'),('19',143,1,'30','29'),('19',143,1,'31','28'),('19',143,2,'30','29'),('19',143,2,'31','28'),('19',143,3,'30','29'),('19',143,3,'31','28'),('20',143,1,'28','31'),('20',143,1,'29','30'),('20',143,2,'28','31'),('20',143,2,'29','30'),('20',143,3,'28','31'),('20',143,3,'29','30'),('32',143,1,'29','39'),('32',143,1,'31','38'),('32',143,2,'29','39'),('32',143,2,'31','38'),('32',143,3,'29','39'),('32',143,3,'31','38'),('33',143,1,'29','48'),('33',143,1,'30','47'),('33',143,2,'29','48'),('33',143,2,'30','47'),('33',143,3,'29','48'),('33',143,3,'30','47'),('34',143,1,'28','46'),('34',143,1,'29','45'),('34',143,1,'32','44'),('34',143,2,'28','46'),('34',143,2,'29','45'),('34',143,2,'32','44'),('34',143,3,'28','46'),('34',143,3,'29','45'),('34',143,3,'32','44'),('35',143,1,'28','40'),('35',143,1,'30','41'),('35',143,2,'28','40'),('35',143,2,'30','41'),('35',143,3,'28','40'),('35',143,3,'30','41'),('36',143,1,'29','42'),('36',143,1,'32','43'),('36',143,2,'29','42'),('36',143,2,'32','43'),('36',143,3,'29','42'),('36',143,3,'32','43'),('1',157,1,'1','1'),('1',157,2,'1','1'),('1',157,3,'1','1'),('2',157,1,'1','2'),('2',157,2,'1','2'),('2',157,3,'1','2'),('3',157,1,'6','3'),('3',157,2,'6','3'),('3',157,3,'6','3'),('4',157,1,'6','4'),('4',157,2,'6','4'),('4',157,3,'6','4'),('5',157,1,'5','5'),('5',157,2,'5','5'),('5',157,3,'5','5'),('6',157,1,'5','6'),('6',157,2,'5','6'),('6',157,3,'5','6'),('7',157,1,'4','7'),('7',157,2,'4','7'),('7',157,3,'4','7'),('8',157,1,'4','8'),('8',157,2,'4','8'),('8',157,3,'4','8'),('14',157,1,'3','14'),('14',157,2,'3','14'),('14',157,3,'3','14'),('15',157,1,'3','15'),('15',157,2,'3','15'),('15',157,3,'3','15'),('17',157,1,'2','17'),('17',157,2,'2','17'),('17',157,3,'2','17'),('18',157,1,'2','18'),('18',157,2,'2','18'),('18',157,3,'2','18'),('20',157,1,'2','20'),('20',157,2,'2','20'),('20',157,3,'2','20');

--
-- Table structure for table `catalog_product_index_eav_decimal`
--

CREATE TABLE `catalog_product_index_eav_decimal` (
  `entity_id` int(10) unsigned NOT NULL COMMENT 'Entity ID',
  `attribute_id` smallint(5) unsigned NOT NULL COMMENT 'Attribute ID',
  `store_id` smallint(5) unsigned NOT NULL COMMENT 'Store ID',
  `value` decimal(12,4) NOT NULL COMMENT 'Value',
  `source_id` int(10) unsigned NOT NULL DEFAULT '0' COMMENT 'Original entity Id for attribute value',
  PRIMARY KEY (`entity_id`,`attribute_id`,`store_id`,`value`,`source_id`),
  KEY `CATALOG_PRODUCT_INDEX_EAV_DECIMAL_ATTRIBUTE_ID` (`attribute_id`),
  KEY `CATALOG_PRODUCT_INDEX_EAV_DECIMAL_STORE_ID` (`store_id`),
  KEY `CATALOG_PRODUCT_INDEX_EAV_DECIMAL_VALUE` (`value`)
) ENGINE=InnoDB DEFAULT CHARSET=utf8 COMMENT='Catalog Product EAV Decimal Index Table';

--
-- Table structure for table `catalog_product_index_eav_decimal_idx`
--

CREATE TABLE `catalog_product_index_eav_decimal_idx` (
  `entity_id` int(10) unsigned NOT NULL COMMENT 'Entity ID',
  `attribute_id` smallint(5) unsigned NOT NULL COMMENT 'Attribute ID',
  `store_id` smallint(5) unsigned NOT NULL COMMENT 'Store ID',
  `value` decimal(12,4) NOT NULL COMMENT 'Value',
  `source_id` int(10) unsigned NOT NULL DEFAULT '0' COMMENT 'Original entity Id for attribute value',
  PRIMARY KEY (`entity_id`,`attribute_id`,`store_id`,`value`,`source_id`),
  KEY `CATALOG_PRODUCT_INDEX_EAV_DECIMAL_IDX_ATTRIBUTE_ID` (`attribute_id`),
  KEY `CATALOG_PRODUCT_INDEX_EAV_DECIMAL_IDX_STORE_ID` (`store_id`),
  KEY `CATALOG_PRODUCT_INDEX_EAV_DECIMAL_IDX_VALUE` (`value`)
) ENGINE=InnoDB DEFAULT CHARSET=utf8 COMMENT='Catalog Product EAV Decimal Indexer Index Table';

--
-- Table structure for table `catalog_product_index_eav_decimal_replica`
--

CREATE TABLE `catalog_product_index_eav_decimal_replica` (
  `entity_id` int(10) unsigned NOT NULL COMMENT 'Entity ID',
  `attribute_id` smallint(5) unsigned NOT NULL COMMENT 'Attribute ID',
  `store_id` smallint(5) unsigned NOT NULL COMMENT 'Store ID',
  `value` decimal(12,4) NOT NULL COMMENT 'Value',
  `source_id` int(10) unsigned NOT NULL DEFAULT '0' COMMENT 'Original entity Id for attribute value',
  PRIMARY KEY (`entity_id`,`attribute_id`,`store_id`,`value`,`source_id`),
  KEY `CATALOG_PRODUCT_INDEX_EAV_DECIMAL_ATTRIBUTE_ID` (`attribute_id`),
  KEY `CATALOG_PRODUCT_INDEX_EAV_DECIMAL_STORE_ID` (`store_id`),
  KEY `CATALOG_PRODUCT_INDEX_EAV_DECIMAL_VALUE` (`value`)
) ENGINE=InnoDB DEFAULT CHARSET=utf8 COMMENT='Catalog Product EAV Decimal Index Table';

--
-- Table structure for table `catalog_product_index_eav_decimal_tmp`
--

CREATE TABLE `catalog_product_index_eav_decimal_tmp` (
  `entity_id` int(10) unsigned NOT NULL COMMENT 'Entity ID',
  `attribute_id` smallint(5) unsigned NOT NULL COMMENT 'Attribute ID',
  `store_id` smallint(5) unsigned NOT NULL COMMENT 'Store ID',
  `value` decimal(12,4) NOT NULL COMMENT 'Value',
  `source_id` int(10) unsigned NOT NULL DEFAULT '0' COMMENT 'Original entity Id for attribute value',
  PRIMARY KEY (`entity_id`,`attribute_id`,`store_id`,`value`,`source_id`),
  KEY `CATALOG_PRODUCT_INDEX_EAV_DECIMAL_TMP_ATTRIBUTE_ID` (`attribute_id`),
  KEY `CATALOG_PRODUCT_INDEX_EAV_DECIMAL_TMP_STORE_ID` (`store_id`),
  KEY `CATALOG_PRODUCT_INDEX_EAV_DECIMAL_TMP_VALUE` (`value`)
) ENGINE=MEMORY DEFAULT CHARSET=utf8 COMMENT='Catalog Product EAV Decimal Indexer Temp Table';

--
-- Table structure for table `catalog_product_index_eav_idx`
--

CREATE TABLE `catalog_product_index_eav_idx` (
  `entity_id` int(10) unsigned NOT NULL COMMENT 'Entity ID',
  `attribute_id` smallint(5) unsigned NOT NULL COMMENT 'Attribute ID',
  `store_id` smallint(5) unsigned NOT NULL COMMENT 'Store ID',
  `value` int(10) unsigned NOT NULL COMMENT 'Value',
  `source_id` int(10) unsigned NOT NULL DEFAULT '0' COMMENT 'Original entity Id for attribute value',
  PRIMARY KEY (`entity_id`,`attribute_id`,`store_id`,`value`,`source_id`),
  KEY `CATALOG_PRODUCT_INDEX_EAV_IDX_ATTRIBUTE_ID` (`attribute_id`),
  KEY `CATALOG_PRODUCT_INDEX_EAV_IDX_STORE_ID` (`store_id`),
  KEY `CATALOG_PRODUCT_INDEX_EAV_IDX_VALUE` (`value`)
) ENGINE=InnoDB DEFAULT CHARSET=utf8 COMMENT='Catalog Product EAV Indexer Index Table';

--
-- Table structure for table `catalog_product_index_eav_replica`
--

CREATE TABLE `catalog_product_index_eav_replica` (
  `entity_id` int(10) unsigned NOT NULL COMMENT 'Entity ID',
  `attribute_id` smallint(5) unsigned NOT NULL COMMENT 'Attribute ID',
  `store_id` smallint(5) unsigned NOT NULL COMMENT 'Store ID',
  `value` int(10) unsigned NOT NULL COMMENT 'Value',
  `source_id` int(10) unsigned NOT NULL DEFAULT '0' COMMENT 'Original entity Id for attribute value',
  PRIMARY KEY (`entity_id`,`attribute_id`,`store_id`,`value`,`source_id`),
  KEY `CATALOG_PRODUCT_INDEX_EAV_ATTRIBUTE_ID` (`attribute_id`),
  KEY `CATALOG_PRODUCT_INDEX_EAV_STORE_ID` (`store_id`),
  KEY `CATALOG_PRODUCT_INDEX_EAV_VALUE` (`value`)
) ENGINE=InnoDB DEFAULT CHARSET=utf8 COMMENT='Catalog Product EAV Index Table';

--
-- Dumping data for table `catalog_product_index_eav_replica`
--

INSERT INTO `catalog_product_index_eav_replica` VALUES ('1',99,1,'4','1'),('1',99,2,'4','1'),('1',99,3,'4','1'),('2',99,1,'4','2'),('2',99,2,'4','2'),('2',99,3,'4','2'),('3',99,1,'4','3'),('3',99,2,'4','3'),('3',99,3,'4','3'),('4',99,1,'4','4'),('4',99,2,'4','4'),('4',99,3,'4','4'),('5',99,1,'4','5'),('5',99,2,'4','5'),('5',99,3,'4','5'),('6',99,1,'4','6'),('6',99,2,'4','6'),('6',99,3,'4','6'),('7',99,1,'4','7'),('7',99,2,'4','7'),('7',99,3,'4','7'),('8',99,1,'4','8'),('8',99,2,'4','8'),('8',99,3,'4','8'),('14',99,1,'4','14'),('14',99,2,'4','14'),('14',99,3,'4','14'),('15',99,1,'4','15'),('15',99,2,'4','15'),('15',99,3,'4','15'),('16',99,1,'1','21'),('16',99,1,'1','22'),('16',99,1,'4','16'),('16',99,2,'1','21'),('16',99,2,'1','22'),('16',99,2,'4','16'),('16',99,3,'1','21'),('16',99,3,'1','22'),('16',99,3,'4','16'),('17',99,1,'1','23'),('17',99,1,'1','24'),('17',99,1,'4','17'),('17',99,2,'1','23'),('17',99,2,'1','24'),('17',99,2,'4','17'),('17',99,3,'1','23'),('17',99,3,'1','24'),('17',99,3,'4','17'),('18',99,1,'1','25'),('18',99,1,'1','26'),('18',99,1,'1','27'),('18',99,1,'4','18'),('18',99,2,'1','25'),('18',99,2,'1','26'),('18',99,2,'1','27'),('18',99,2,'4','18'),('18',99,3,'1','25'),('18',99,3,'1','26'),('18',99,3,'1','27'),('18',99,3,'4','18'),('19',99,1,'1','28'),('19',99,1,'1','29'),('19',99,1,'4','19'),('19',99,2,'1','28'),('19',99,2,'1','29'),('19',99,2,'4','19'),('19',99,3,'1','28'),('19',99,3,'1','29'),('19',99,3,'4','19'),('20',99,1,'1','30'),('20',99,1,'1','31'),('20',99,1,'4','20'),('20',99,2,'1','30'),('20',99,2,'1','31'),('20',99,2,'4','20'),('20',99,3,'1','30'),('20',99,3,'1','31'),('20',99,3,'4','20'),('32',99,1,'1','38'),('32',99,1,'1','39'),('32',99,1,'4','32'),('32',99,2,'1','38'),('32',99,2,'1','39'),('32',99,2,'4','32'),('32',99,3,'1','38'),('32',99,3,'1','39'),('32',99,3,'4','32'),('33',99,1,'1','47'),('33',99,1,'1','48'),('33',99,1,'4','33'),('33',99,2,'1','47'),('33',99,2,'1','48'),('33',99,2,'4','33'),('33',99,3,'1','47'),('33',99,3,'1','48'),('33',99,3,'4','33'),('34',99,1,'1','44'),('34',99,1,'1','45'),('34',99,1,'1','46'),('34',99,1,'4','34'),('34',99,2,'1','44'),('34',99,2,'1','45'),('34',99,2,'1','46'),('34',99,2,'4','34'),('34',99,3,'1','44'),('34',99,3,'1','45'),('34',99,3,'1','46'),('34',99,3,'4','34'),('35',99,1,'1','40'),('35',99,1,'1','41'),('35',99,1,'4','35'),('35',99,2,'1','40'),('35',99,2,'1','41'),('35',99,2,'4','35'),('35',99,3,'1','40'),('35',99,3,'1','41'),('35',99,3,'4','35'),('36',99,1,'1','42'),('36',99,1,'1','43'),('36',99,1,'4','36'),('36',99,2,'1','42'),('36',99,2,'1','43'),('36',99,2,'4','36'),('36',99,3,'1','42'),('36',99,3,'1','43'),('36',99,3,'4','36'),('1',135,1,'4','1'),('1',135,2,'4','1'),('1',135,3,'4','1'),('2',135,1,'6','2'),('2',135,2,'6','2'),('2',135,3,'6','2'),('3',135,1,'7','3'),('3',135,2,'7','3'),('3',135,3,'7','3'),('4',135,1,'6','4'),('4',135,2,'6','4'),('4',135,3,'6','4'),('5',135,1,'5','5'),('5',135,2,'5','5'),('5',135,3,'5','5'),('6',135,1,'6','6'),('6',135,2,'6','6'),('6',135,3,'6','6'),('7',135,1,'5','7'),('7',135,2,'5','7'),('7',135,3,'5','7'),('8',135,1,'4','8'),('8',135,2,'4','8'),('8',135,3,'4','8'),('14',135,1,'4','14'),('14',135,2,'4','14'),('14',135,3,'4','14'),('15',135,1,'6','15'),('15',135,2,'6','15'),('15',135,3,'6','15'),('16',135,1,'4','16'),('16',135,1,'4','21'),('16',135,1,'4','22'),('16',135,2,'4','16'),('16',135,2,'4','21'),('16',135,2,'4','22'),('16',135,3,'4','16'),('16',135,3,'4','21'),('16',135,3,'4','22'),('17',135,1,'5','17'),('17',135,1,'5','23'),('17',135,1,'5','24'),('17',135,2,'5','17'),('17',135,2,'5','23'),('17',135,2,'5','24'),('17',135,3,'5','17'),('17',135,3,'5','23'),('17',135,3,'5','24'),('18',135,1,'7','18'),('18',135,1,'7','25'),('18',135,1,'7','26'),('18',135,1,'7','27'),('18',135,2,'7','18'),('18',135,2,'7','25'),('18',135,2,'7','26'),('18',135,2,'7','27'),('18',135,3,'7','18'),('18',135,3,'7','25'),('18',135,3,'7','26'),('18',135,3,'7','27'),('19',135,1,'6','19'),('19',135,1,'6','28'),('19',135,1,'6','29'),('19',135,2,'6','19'),('19',135,2,'6','28'),('19',135,2,'6','29'),('19',135,3,'6','19'),('19',135,3,'6','28'),('19',135,3,'6','29'),('20',135,1,'4','20'),('20',135,1,'4','30'),('20',135,1,'4','31'),('20',135,2,'4','20'),('20',135,2,'4','30'),('20',135,2,'4','31'),('20',135,3,'4','20'),('20',135,3,'4','30'),('20',135,3,'4','31'),('32',135,1,'6','32'),('32',135,1,'6','38'),('32',135,1,'6','39'),('32',135,2,'6','32'),('32',135,2,'6','38'),('32',135,2,'6','39'),('32',135,3,'6','32'),('32',135,3,'6','38'),('32',135,3,'6','39'),('33',135,1,'5','33'),('33',135,1,'5','47'),('33',135,1,'5','48'),('33',135,2,'5','33'),('33',135,2,'5','47'),('33',135,2,'5','48'),('33',135,3,'5','33'),('33',135,3,'5','47'),('33',135,3,'5','48'),('34',135,1,'4','34'),('34',135,1,'4','44'),('34',135,1,'4','45'),('34',135,1,'4','46'),('34',135,2,'4','34'),('34',135,2,'4','44'),('34',135,2,'4','45'),('34',135,2,'4','46'),('34',135,3,'4','34'),('34',135,3,'4','44'),('34',135,3,'4','45'),('34',135,3,'4','46'),('35',135,1,'5','35'),('35',135,1,'5','40'),('35',135,1,'5','41'),('35',135,2,'5','35'),('35',135,2,'5','40'),('35',135,2,'5','41'),('35',135,3,'5','35'),('35',135,3,'5','40'),('35',135,3,'5','41'),('36',135,1,'4','36'),('36',135,1,'4','42'),('36',135,1,'4','43'),('36',135,2,'4','36'),('36',135,2,'4','42'),('36',135,2,'4','43'),('36',135,3,'4','36'),('36',135,3,'4','42'),('36',135,3,'4','43'),('1',136,1,'8','1'),('1',136,2,'8','1'),('1',136,3,'8','1'),('2',136,1,'10','2'),('2',136,2,'10','2'),('2',136,3,'10','2'),('3',136,1,'8','3'),('3',136,2,'8','3'),('3',136,3,'8','3'),('4',136,1,'10','4'),('4',136,2,'10','4'),('4',136,3,'10','4'),('5',136,1,'9','5'),('5',136,2,'9','5'),('5',136,3,'9','5'),('6',136,1,'8','6'),('6',136,2,'8','6'),('6',136,3,'8','6'),('7',136,1,'8','7'),('7',136,2,'8','7'),('7',136,3,'8','7'),('8',136,1,'8','8'),('8',136,2,'8','8'),('8',136,3,'8','8'),('14',136,1,'8','14'),('14',136,2,'8','14'),('14',136,3,'8','14'),('15',136,1,'8','15'),('15',136,2,'8','15'),('15',136,3,'8','15'),('16',136,1,'10','16'),('16',136,1,'10','21'),('16',136,1,'10','22'),('16',136,2,'10','16'),('16',136,2,'10','21'),('16',136,2,'10','22'),('16',136,3,'10','16'),('16',136,3,'10','21'),('16',136,3,'10','22'),('17',136,1,'10','17'),('17',136,1,'10','23'),('17',136,1,'10','24'),('17',136,2,'10','17'),('17',136,2,'10','23'),('17',136,2,'10','24'),('17',136,3,'10','17'),('17',136,3,'10','23'),('17',136,3,'10','24'),('18',136,1,'9','18'),('18',136,1,'9','25'),('18',136,1,'9','26'),('18',136,1,'9','27'),('18',136,2,'9','18'),('18',136,2,'9','25'),('18',136,2,'9','26'),('18',136,2,'9','27'),('18',136,3,'9','18'),('18',136,3,'9','25'),('18',136,3,'9','26'),('18',136,3,'9','27'),('19',136,1,'8','19'),('19',136,1,'8','28'),('19',136,1,'8','29'),('19',136,2,'8','19'),('19',136,2,'8','28'),('19',136,2,'8','29'),('19',136,3,'8','19'),('19',136,3,'8','28'),('19',136,3,'8','29'),('20',136,1,'10','20'),('20',136,1,'10','30'),('20',136,1,'10','31'),('20',136,2,'10','20'),('20',136,2,'10','30'),('20',136,2,'10','31'),('20',136,3,'10','20'),('20',136,3,'10','30'),('20',136,3,'10','31'),('32',136,1,'9','32'),('32',136,1,'9','38'),('32',136,1,'9','39'),('32',136,2,'9','32'),('32',136,2,'9','38'),('32',136,2,'9','39'),('32',136,3,'9','32'),('32',136,3,'9','38'),('32',136,3,'9','39'),('33',136,1,'10','33'),('33',136,1,'10','47'),('33',136,1,'10','48'),('33',136,2,'10','33'),('33',136,2,'10','47'),('33',136,2,'10','48'),('33',136,3,'10','33'),('33',136,3,'10','47'),('33',136,3,'10','48'),('34',136,1,'8','34'),('34',136,1,'8','44'),('34',136,1,'8','45'),('34',136,1,'8','46'),('34',136,2,'8','34'),('34',136,2,'8','44'),('34',136,2,'8','45'),('34',136,2,'8','46'),('34',136,3,'8','34'),('34',136,3,'8','44'),('34',136,3,'8','45'),('34',136,3,'8','46'),('35',136,1,'9','35'),('35',136,1,'9','40'),('35',136,1,'9','41'),('35',136,2,'9','35'),('35',136,2,'9','40'),('35',136,2,'9','41'),('35',136,3,'9','35'),('35',136,3,'9','40'),('35',136,3,'9','41'),('36',136,1,'10','36'),('36',136,1,'10','42'),('36',136,1,'10','43'),('36',136,2,'10','36'),('36',136,2,'10','42'),('36',136,2,'10','43'),('36',136,3,'10','36'),('36',136,3,'10','42'),('36',136,3,'10','43'),('1',137,1,'11','1'),('1',137,2,'11','1'),('1',137,3,'11','1'),('2',137,1,'13','2'),('2',137,2,'13','2'),('2',137,3,'13','2'),('3',137,1,'14','3'),('3',137,2,'14','3'),('3',137,3,'14','3'),('4',137,1,'11','4'),('4',137,2,'11','4'),('4',137,3,'11','4'),('5',137,1,'12','5'),('5',137,2,'12','5'),('5',137,3,'12','5'),('6',137,1,'11','6'),('6',137,2,'11','6'),('6',137,3,'11','6'),('7',137,1,'11','7'),('7',137,2,'11','7'),('7',137,3,'11','7'),('8',137,1,'13','8'),('8',137,2,'13','8'),('8',137,3,'13','8'),('14',137,1,'13','14'),('14',137,2,'13','14'),('14',137,3,'13','14'),('15',137,1,'13','15'),('15',137,2,'13','15'),('15',137,3,'13','15'),('16',137,1,'13','16'),('16',137,1,'13','21'),('16',137,1,'13','22'),('16',137,2,'13','16'),('16',137,2,'13','21'),('16',137,2,'13','22'),('16',137,3,'13','16'),('16',137,3,'13','21'),('16',137,3,'13','22'),('17',137,1,'12','17'),('17',137,1,'12','23'),('17',137,1,'12','24'),('17',137,2,'12','17'),('17',137,2,'12','23'),('17',137,2,'12','24'),('17',137,3,'12','17'),('17',137,3,'12','23'),('17',137,3,'12','24'),('18',137,1,'11','18'),('18',137,1,'11','25'),('18',137,1,'11','26'),('18',137,1,'11','27'),('18',137,2,'11','18'),('18',137,2,'11','25'),('18',137,2,'11','26'),('18',137,2,'11','27'),('18',137,3,'11','18'),('18',137,3,'11','25'),('18',137,3,'11','26'),('18',137,3,'11','27'),('19',137,1,'11','19'),('19',137,1,'11','28'),('19',137,1,'11','29'),('19',137,2,'11','19'),('19',137,2,'11','28'),('19',137,2,'11','29'),('19',137,3,'11','19'),('19',137,3,'11','28'),('19',137,3,'11','29'),('20',137,1,'13','20'),('20',137,1,'13','30'),('20',137,1,'13','31'),('20',137,2,'13','20'),('20',137,2,'13','30'),('20',137,2,'13','31'),('20',137,3,'13','20'),('20',137,3,'13','30'),('20',137,3,'13','31'),('32',137,1,'14','32'),('32',137,1,'14','38'),('32',137,1,'14','39'),('32',137,2,'14','32'),('32',137,2,'14','38'),('32',137,2,'14','39'),('32',137,3,'14','32'),('32',137,3,'14','38'),('32',137,3,'14','39'),('33',137,1,'12','33'),('33',137,1,'12','47'),('33',137,1,'12','48'),('33',137,2,'12','33'),('33',137,2,'12','47'),('33',137,2,'12','48'),('33',137,3,'12','33'),('33',137,3,'12','47'),('33',137,3,'12','48'),('34',137,1,'12','34'),('34',137,1,'12','44'),('34',137,1,'12','45'),('34',137,1,'12','46'),('34',137,2,'12','34'),('34',137,2,'12','44'),('34',137,2,'12','45'),('34',137,2,'12','46'),('34',137,3,'12','34'),('34',137,3,'12','44'),('34',137,3,'12','45'),('34',137,3,'12','46'),('35',137,1,'12','35'),('35',137,1,'12','40'),('35',137,1,'12','41'),('35',137,2,'12','35'),('35',137,2,'12','40'),('35',137,2,'12','41'),('35',137,3,'12','35'),('35',137,3,'12','40'),('35',137,3,'12','41'),('36',137,1,'11','36'),('36',137,1,'11','42'),('36',137,1,'11','43'),('36',137,2,'11','36'),('36',137,2,'11','42'),('36',137,2,'11','43'),('36',137,3,'11','36'),('36',137,3,'11','42'),('36',137,3,'11','43'),('1',141,1,'23','1'),('1',141,2,'23','1'),('1',141,3,'23','1'),('2',141,1,'25','2'),('2',141,2,'25','2'),('2',141,3,'25','2'),('3',141,1,'24','3'),('3',141,2,'24','3'),('3',141,3,'24','3'),('4',141,1,'24','4'),('4',141,2,'24','4'),('4',141,3,'24','4'),('5',141,1,'24','5'),('5',141,2,'24','5'),('5',141,3,'24','5'),('6',141,1,'24','6'),('6',141,2,'24','6'),('6',141,3,'24','6'),('7',141,1,'24','7'),('7',141,2,'24','7'),('7',141,3,'24','7'),('8',141,1,'24','8'),('8',141,2,'24','8'),('8',141,3,'24','8'),('14',141,1,'23','14'),('14',141,2,'23','14'),('14',141,3,'23','14'),('15',141,1,'23','15'),('15',141,2,'23','15'),('15',141,3,'23','15'),('16',141,1,'24','16'),('16',141,1,'24','21'),('16',141,1,'24','22'),('16',141,2,'24','16'),('16',141,2,'24','21'),('16',141,2,'24','22'),('16',141,3,'24','16'),('16',141,3,'24','21'),('16',141,3,'24','22'),('17',141,1,'24','17'),('17',141,1,'24','23'),('17',141,1,'24','24'),('17',141,2,'24','17'),('17',141,2,'24','23'),('17',141,2,'24','24'),('17',141,3,'24','17'),('17',141,3,'24','23'),('17',141,3,'24','24'),('18',141,1,'24','18'),('18',141,1,'24','25'),('18',141,1,'24','26'),('18',141,1,'24','27'),('18',141,2,'24','18'),('18',141,2,'24','25'),('18',141,2,'24','26'),('18',141,2,'24','27'),('18',141,3,'24','18'),('18',141,3,'24','25'),('18',141,3,'24','26'),('18',141,3,'24','27'),('19',141,1,'24','19'),('19',141,1,'24','28'),('19',141,1,'24','29'),('19',141,2,'24','19'),('19',141,2,'24','28'),('19',141,2,'24','29'),('19',141,3,'24','19'),('19',141,3,'24','28'),('19',141,3,'24','29'),('20',141,1,'24','20'),('20',141,1,'24','30'),('20',141,1,'24','31'),('20',141,2,'24','20'),('20',141,2,'24','30'),('20',141,2,'24','31'),('20',141,3,'24','20'),('20',141,3,'24','30'),('20',141,3,'24','31'),('32',141,1,'24','32'),('32',141,1,'24','38'),('32',141,1,'24','39'),('32',141,2,'24','32'),('32',141,2,'24','38'),('32',141,2,'24','39'),('32',141,3,'24','32'),('32',141,3,'24','38'),('32',141,3,'24','39'),('33',141,1,'24','33'),('33',141,1,'24','47'),('33',141,1,'24','48'),('33',141,2,'24','33'),('33',141,2,'24','47'),('33',141,2,'24','48'),('33',141,3,'24','33'),('33',141,3,'24','47'),('33',141,3,'24','48'),('34',141,1,'24','34'),('34',141,1,'24','44'),('34',141,1,'24','45'),('34',141,1,'24','46'),('34',141,2,'24','34'),('34',141,2,'24','44'),('34',141,2,'24','45'),('34',141,2,'24','46'),('34',141,3,'24','34'),('34',141,3,'24','44'),('34',141,3,'24','45'),('34',141,3,'24','46'),('35',141,1,'24','35'),('35',141,1,'24','40'),('35',141,1,'24','41'),('35',141,2,'24','35'),('35',141,2,'24','40'),('35',141,2,'24','41'),('35',141,3,'24','35'),('35',141,3,'24','40'),('35',141,3,'24','41'),('36',141,1,'24','36'),('36',141,1,'24','42'),('36',141,1,'24','43'),('36',141,2,'24','36'),('36',141,2,'24','42'),('36',141,2,'24','43'),('36',141,3,'24','36'),('36',141,3,'24','42'),('36',141,3,'24','43'),('16',143,1,'28','21'),('16',143,1,'31','22'),('16',143,2,'28','21'),('16',143,2,'31','22'),('16',143,3,'28','21'),('16',143,3,'31','22'),('17',143,1,'29','24'),('17',143,1,'30','23'),('17',143,2,'29','24'),('17',143,2,'30','23'),('17',143,3,'29','24'),('17',143,3,'30','23'),('18',143,1,'28','27'),('18',143,1,'29','26'),('18',143,1,'32','25'),('18',143,2,'28','27'),('18',143,2,'29','26'),('18',143,2,'32','25'),('18',143,3,'28','27'),('18',143,3,'29','26'),('18',143,3,'32','25'),('19',143,1,'30','29'),('19',143,1,'31','28'),('19',143,2,'30','29'),('19',143,2,'31','28'),('19',143,3,'30','29'),('19',143,3,'31','28'),('20',143,1,'28','31'),('20',143,1,'29','30'),('20',143,2,'28','31'),('20',143,2,'29','30'),('20',143,3,'28','31'),('20',143,3,'29','30'),('32',143,1,'29','39'),('32',143,1,'31','38'),('32',143,2,'29','39'),('32',143,2,'31','38'),('32',143,3,'29','39'),('32',143,3,'31','38'),('33',143,1,'29','48'),('33',143,1,'30','47'),('33',143,2,'29','48'),('33',143,2,'30','47'),('33',143,3,'29','48'),('33',143,3,'30','47'),('34',143,1,'28','46'),('34',143,1,'29','45'),('34',143,1,'32','44'),('34',143,2,'28','46'),('34',143,2,'29','45'),('34',143,2,'32','44'),('34',143,3,'28','46'),('34',143,3,'29','45'),('34',143,3,'32','44'),('35',143,1,'28','40'),('35',143,1,'30','41'),('35',143,2,'28','40'),('35',143,2,'30','41'),('35',143,3,'28','40'),('35',143,3,'30','41'),('36',143,1,'29','42'),('36',143,1,'32','43'),('36',143,2,'29','42'),('36',143,2,'32','43'),('36',143,3,'29','42'),('36',143,3,'32','43'),('1',157,1,'1','1'),('1',157,2,'1','1'),('1',157,3,'1','1'),('2',157,1,'1','2'),('2',157,2,'1','2'),('2',157,3,'1','2'),('3',157,1,'6','3'),('3',157,2,'6','3'),('3',157,3,'6','3'),('4',157,1,'6','4'),('4',157,2,'6','4'),('4',157,3,'6','4'),('5',157,1,'5','5'),('5',157,2,'5','5'),('5',157,3,'5','5'),('6',157,1,'5','6'),('6',157,2,'5','6'),('6',157,3,'5','6'),('7',157,1,'4','7'),('7',157,2,'4','7'),('7',157,3,'4','7'),('8',157,1,'4','8'),('8',157,2,'4','8'),('8',157,3,'4','8'),('14',157,1,'3','14'),('14',157,2,'3','14'),('14',157,3,'3','14'),('15',157,1,'3','15'),('15',157,2,'3','15'),('15',157,3,'3','15'),('17',157,1,'2','17'),('17',157,2,'2','17'),('17',157,3,'2','17'),('18',157,1,'2','18'),('18',157,2,'2','18'),('18',157,3,'2','18'),('20',157,1,'2','20'),('20',157,2,'2','20'),('20',157,3,'2','20');

--
-- Table structure for table `catalog_product_index_eav_tmp`
--

CREATE TABLE `catalog_product_index_eav_tmp` (
  `entity_id` int(10) unsigned NOT NULL COMMENT 'Entity ID',
  `attribute_id` smallint(5) unsigned NOT NULL COMMENT 'Attribute ID',
  `store_id` smallint(5) unsigned NOT NULL COMMENT 'Store ID',
  `value` int(10) unsigned NOT NULL COMMENT 'Value',
  `source_id` int(10) unsigned NOT NULL DEFAULT '0' COMMENT 'Original entity Id for attribute value',
  PRIMARY KEY (`entity_id`,`attribute_id`,`store_id`,`value`,`source_id`),
  KEY `CATALOG_PRODUCT_INDEX_EAV_TMP_ATTRIBUTE_ID` (`attribute_id`),
  KEY `CATALOG_PRODUCT_INDEX_EAV_TMP_STORE_ID` (`store_id`),
  KEY `CATALOG_PRODUCT_INDEX_EAV_TMP_VALUE` (`value`)
) ENGINE=MEMORY DEFAULT CHARSET=utf8 COMMENT='Catalog Product EAV Indexer Temp Table';

--
-- Table structure for table `catalog_product_index_price`
--

CREATE TABLE `catalog_product_index_price` (
  `entity_id` int(10) unsigned NOT NULL COMMENT 'Entity ID',
  `customer_group_id` int(10) unsigned NOT NULL COMMENT 'Customer Group ID',
  `website_id` smallint(5) unsigned NOT NULL COMMENT 'Website ID',
  `tax_class_id` smallint(5) unsigned DEFAULT '0' COMMENT 'Tax Class ID',
  `price` decimal(12,4) DEFAULT NULL COMMENT 'Price',
  `final_price` decimal(12,4) DEFAULT NULL COMMENT 'Final Price',
  `min_price` decimal(12,4) DEFAULT NULL COMMENT 'Min Price',
  `max_price` decimal(12,4) DEFAULT NULL COMMENT 'Max Price',
  `tier_price` decimal(12,4) DEFAULT NULL COMMENT 'Tier Price',
  PRIMARY KEY (`entity_id`,`customer_group_id`,`website_id`),
  KEY `CATALOG_PRODUCT_INDEX_PRICE_CUSTOMER_GROUP_ID` (`customer_group_id`),
  KEY `CATALOG_PRODUCT_INDEX_PRICE_MIN_PRICE` (`min_price`),
  KEY `CAT_PRD_IDX_PRICE_WS_ID_CSTR_GROUP_ID_MIN_PRICE` (`website_id`,`customer_group_id`,`min_price`)
) ENGINE=InnoDB DEFAULT CHARSET=utf8 COMMENT='Catalog Product Price Index Table';

--
-- Dumping data for table `catalog_product_index_price`
--

INSERT INTO `catalog_product_index_price` VALUES ('1','0',1,2,'36.0000','30.0000','30.0000','30.0000',NULL),('1','1',1,2,'36.0000','30.0000','30.0000','30.0000',NULL),('1','2',1,2,'36.0000','30.0000','30.0000','30.0000',NULL),('1','3',1,2,'36.0000','30.0000','30.0000','30.0000',NULL),('2','0',1,2,'39.0000','36.0000','36.0000','36.0000',NULL),('2','1',1,2,'39.0000','36.0000','36.0000','36.0000',NULL),('2','2',1,2,'39.0000','36.0000','36.0000','36.0000',NULL),('2','3',1,2,'39.0000','36.0000','36.0000','36.0000',NULL),('3','0',1,2,'66.0000','59.0000','59.0000','59.0000',NULL),('3','1',1,2,'66.0000','59.0000','59.0000','59.0000',NULL),('3','2',1,2,'66.0000','59.0000','59.0000','59.0000',NULL),('3','3',1,2,'66.0000','59.0000','59.0000','59.0000',NULL),('4','0',1,2,'19.0000','16.0000','16.0000','16.0000',NULL),('4','1',1,2,'19.0000','16.0000','16.0000','16.0000',NULL),('4','2',1,2,'19.0000','16.0000','16.0000','16.0000',NULL),('4','3',1,2,'19.0000','16.0000','16.0000','16.0000',NULL),('5','0',1,2,'27.0000','23.0000','23.0000','23.0000',NULL),('5','1',1,2,'27.0000','23.0000','23.0000','23.0000',NULL),('5','2',1,2,'27.0000','23.0000','23.0000','23.0000',NULL),('5','3',1,2,'27.0000','23.0000','23.0000','23.0000',NULL),('6','0',1,2,'42.0000','39.0000','42.0000','48.0000',NULL),('6','1',1,2,'42.0000','39.0000','42.0000','48.0000',NULL),('6','2',1,2,'42.0000','39.0000','42.0000','48.0000',NULL),('6','3',1,2,'42.0000','39.0000','42.0000','48.0000',NULL),('7','0',1,2,'26.0000','21.0000','24.0000','30.0000',NULL),('7','1',1,2,'26.0000','21.0000','24.0000','30.0000',NULL),('7','2',1,2,'26.0000','21.0000','24.0000','30.0000',NULL),('7','3',1,2,'26.0000','21.0000','24.0000','30.0000',NULL),('8','0',1,2,'31.0000','28.0000','31.0000','37.0000',NULL),('8','1',1,2,'31.0000','28.0000','31.0000','37.0000',NULL),('8','2',1,2,'31.0000','28.0000','31.0000','37.0000',NULL),('8','3',1,2,'31.0000','28.0000','31.0000','37.0000',NULL),('14','0',1,2,'43.0000','43.0000','46.0000','52.0000',NULL),('14','1',1,2,'43.0000','43.0000','46.0000','52.0000',NULL),('14','2',1,2,'43.0000','43.0000','46.0000','52.0000',NULL),('14','3',1,2,'43.0000','43.0000','46.0000','52.0000',NULL),('15','0',1,2,'55.0000','55.0000','58.0000','64.0000',NULL),('15','1',1,2,'55.0000','55.0000','58.0000','64.0000',NULL),('15','2',1,2,'55.0000','55.0000','58.0000','64.0000',NULL),('15','3',1,2,'55.0000','55.0000','58.0000','64.0000',NULL),('16','0',1,2,'0.0000','0.0000','54.0000','64.0000',NULL),('16','1',1,2,'0.0000','0.0000','54.0000','64.0000',NULL),('16','2',1,2,'0.0000','0.0000','54.0000','64.0000',NULL),('16','3',1,2,'0.0000','0.0000','54.0000','64.0000',NULL),('17','0',1,2,'0.0000','0.0000','28.0000','38.0000',NULL),('17','1',1,2,'0.0000','0.0000','28.0000','38.0000',NULL),('17','2',1,2,'0.0000','0.0000','28.0000','38.0000',NULL),('17','3',1,2,'0.0000','0.0000','28.0000','38.0000',NULL),('18','0',1,2,'0.0000','0.0000','29.0000','37.0000',NULL),('18','1',1,2,'0.0000','0.0000','29.0000','37.0000',NULL),('18','2',1,2,'0.0000','0.0000','29.0000','37.0000',NULL),('18','3',1,2,'0.0000','0.0000','29.0000','37.0000',NULL),('19','0',1,2,'0.0000','0.0000','37.0000','48.0000',NULL),('19','1',1,2,'0.0000','0.0000','37.0000','48.0000',NULL),('19','2',1,2,'0.0000','0.0000','37.0000','48.0000',NULL),('19','3',1,2,'0.0000','0.0000','37.0000','48.0000',NULL),('20','0',1,2,'0.0000','0.0000','19.0000','35.0000',NULL),('20','1',1,2,'0.0000','0.0000','19.0000','35.0000',NULL),('20','2',1,2,'0.0000','0.0000','19.0000','35.0000',NULL),('20','3',1,2,'0.0000','0.0000','19.0000','35.0000',NULL),('21','0',1,2,'51.0000','51.0000','51.0000','51.0000',NULL),('21','1',1,2,'51.0000','51.0000','51.0000','51.0000',NULL),('21','2',1,2,'51.0000','51.0000','51.0000','51.0000',NULL),('21','3',1,2,'51.0000','51.0000','51.0000','51.0000',NULL),('22','0',1,2,'55.0000','55.0000','55.0000','55.0000',NULL),('22','1',1,2,'55.0000','55.0000','55.0000','55.0000',NULL),('22','2',1,2,'55.0000','55.0000','55.0000','55.0000',NULL),('22','3',1,2,'55.0000','55.0000','55.0000','55.0000',NULL),('23','0',1,2,'25.0000','25.0000','25.0000','25.0000',NULL),('23','1',1,2,'25.0000','25.0000','25.0000','25.0000',NULL),('23','2',1,2,'25.0000','25.0000','25.0000','25.0000',NULL),('23','3',1,2,'25.0000','25.0000','25.0000','25.0000',NULL),('24','0',1,2,'29.0000','29.0000','29.0000','29.0000',NULL),('24','1',1,2,'29.0000','29.0000','29.0000','29.0000',NULL),('24','2',1,2,'29.0000','29.0000','29.0000','29.0000',NULL),('24','3',1,2,'29.0000','29.0000','29.0000','29.0000',NULL),('25','0',1,2,'26.0000','26.0000','26.0000','26.0000',NULL),('25','1',1,2,'26.0000','26.0000','26.0000','26.0000',NULL),('25','2',1,2,'26.0000','26.0000','26.0000','26.0000',NULL),('25','3',1,2,'26.0000','26.0000','26.0000','26.0000',NULL),('26','0',1,2,'26.0000','26.0000','26.0000','26.0000',NULL),('26','1',1,2,'26.0000','26.0000','26.0000','26.0000',NULL),('26','2',1,2,'26.0000','26.0000','26.0000','26.0000',NULL),('26','3',1,2,'26.0000','26.0000','26.0000','26.0000',NULL),('27','0',1,2,'28.0000','28.0000','28.0000','28.0000',NULL),('27','1',1,2,'28.0000','28.0000','28.0000','28.0000',NULL),('27','2',1,2,'28.0000','28.0000','28.0000','28.0000',NULL),('27','3',1,2,'28.0000','28.0000','28.0000','28.0000',NULL),('28','0',1,2,'34.0000','34.0000','34.0000','34.0000',NULL),('28','1',1,2,'34.0000','34.0000','34.0000','34.0000',NULL),('28','2',1,2,'34.0000','34.0000','34.0000','34.0000',NULL),('28','3',1,2,'34.0000','34.0000','34.0000','34.0000',NULL),('29','0',1,2,'39.0000','39.0000','39.0000','39.0000',NULL),('29','1',1,2,'39.0000','39.0000','39.0000','39.0000',NULL),('29','2',1,2,'39.0000','39.0000','39.0000','39.0000',NULL),('29','3',1,2,'39.0000','39.0000','39.0000','39.0000',NULL),('30','0',1,2,'16.0000','16.0000','16.0000','16.0000',NULL),('30','1',1,2,'16.0000','16.0000','16.0000','16.0000',NULL),('30','2',1,2,'16.0000','16.0000','16.0000','16.0000',NULL),('30','3',1,2,'16.0000','16.0000','16.0000','16.0000',NULL),('31','0',1,2,'26.0000','26.0000','26.0000','26.0000',NULL),('31','1',1,2,'26.0000','26.0000','26.0000','26.0000',NULL),('31','2',1,2,'26.0000','26.0000','26.0000','26.0000',NULL),('31','3',1,2,'26.0000','26.0000','26.0000','26.0000',NULL),('32','0',1,2,'0.0000','0.0000','63.0000','66.0000',NULL),('32','1',1,2,'0.0000','0.0000','63.0000','66.0000',NULL),('32','2',1,2,'0.0000','0.0000','63.0000','66.0000',NULL),('32','3',1,2,'0.0000','0.0000','63.0000','66.0000',NULL),('33','0',1,2,'0.0000','0.0000','33.0000','39.0000',NULL),('33','1',1,2,'0.0000','0.0000','33.0000','39.0000',NULL),('33','2',1,2,'0.0000','0.0000','33.0000','39.0000',NULL),('33','3',1,2,'0.0000','0.0000','33.0000','39.0000',NULL),('34','0',1,2,'0.0000','0.0000','25.0000','29.0000',NULL),('34','1',1,2,'0.0000','0.0000','25.0000','29.0000',NULL),('34','2',1,2,'0.0000','0.0000','25.0000','29.0000',NULL),('34','3',1,2,'0.0000','0.0000','25.0000','29.0000',NULL),('35','0',1,2,'0.0000','0.0000','29.0000','36.0000',NULL),('35','1',1,2,'0.0000','0.0000','29.0000','36.0000',NULL),('35','2',1,2,'0.0000','0.0000','29.0000','36.0000',NULL),('35','3',1,2,'0.0000','0.0000','29.0000','36.0000',NULL),('36','0',1,2,'0.0000','0.0000','35.0000','38.0000',NULL),('36','1',1,2,'0.0000','0.0000','35.0000','38.0000',NULL),('36','2',1,2,'0.0000','0.0000','35.0000','38.0000',NULL),('36','3',1,2,'0.0000','0.0000','35.0000','38.0000',NULL),('38','0',1,2,'63.0000','63.0000','63.0000','63.0000',NULL),('38','1',1,2,'63.0000','63.0000','63.0000','63.0000',NULL),('38','2',1,2,'63.0000','63.0000','63.0000','63.0000',NULL),('38','3',1,2,'63.0000','63.0000','63.0000','63.0000',NULL),('39','0',1,2,'66.0000','66.0000','66.0000','66.0000',NULL),('39','1',1,2,'66.0000','66.0000','66.0000','66.0000',NULL),('39','2',1,2,'66.0000','66.0000','66.0000','66.0000',NULL),('39','3',1,2,'66.0000','66.0000','66.0000','66.0000',NULL),('40','0',1,2,'29.0000','29.0000','29.0000','29.0000',NULL),('40','1',1,2,'29.0000','29.0000','29.0000','29.0000',NULL),('40','2',1,2,'29.0000','29.0000','29.0000','29.0000',NULL),('40','3',1,2,'29.0000','29.0000','29.0000','29.0000',NULL),('41','0',1,2,'36.0000','36.0000','36.0000','36.0000',NULL),('41','1',1,2,'36.0000','36.0000','36.0000','36.0000',NULL),('41','2',1,2,'36.0000','36.0000','36.0000','36.0000',NULL),('41','3',1,2,'36.0000','36.0000','36.0000','36.0000',NULL),('42','0',1,2,'35.0000','35.0000','35.0000','35.0000',NULL),('42','1',1,2,'35.0000','35.0000','35.0000','35.0000',NULL),('42','2',1,2,'35.0000','35.0000','35.0000','35.0000',NULL),('42','3',1,2,'35.0000','35.0000','35.0000','35.0000',NULL),('43','0',1,2,'38.0000','38.0000','38.0000','38.0000',NULL),('43','1',1,2,'38.0000','38.0000','38.0000','38.0000',NULL),('43','2',1,2,'38.0000','38.0000','38.0000','38.0000',NULL),('43','3',1,2,'38.0000','38.0000','38.0000','38.0000',NULL),('44','0',1,2,'25.0000','25.0000','25.0000','25.0000',NULL),('44','1',1,2,'25.0000','25.0000','25.0000','25.0000',NULL),('44','2',1,2,'25.0000','25.0000','25.0000','25.0000',NULL),('44','3',1,2,'25.0000','25.0000','25.0000','25.0000',NULL),('45','0',1,2,'25.0000','25.0000','25.0000','25.0000',NULL),('45','1',1,2,'25.0000','25.0000','25.0000','25.0000',NULL),('45','2',1,2,'25.0000','25.0000','25.0000','25.0000',NULL),('45','3',1,2,'25.0000','25.0000','25.0000','25.0000',NULL),('46','0',1,2,'29.0000','29.0000','29.0000','29.0000',NULL),('46','1',1,2,'29.0000','29.0000','29.0000','29.0000',NULL),('46','2',1,2,'29.0000','29.0000','29.0000','29.0000',NULL),('46','3',1,2,'29.0000','29.0000','29.0000','29.0000',NULL),('47','0',1,2,'33.0000','33.0000','33.0000','33.0000',NULL),('47','1',1,2,'33.0000','33.0000','33.0000','33.0000',NULL),('47','2',1,2,'33.0000','33.0000','33.0000','33.0000',NULL),('47','3',1,2,'33.0000','33.0000','33.0000','33.0000',NULL),('48','0',1,2,'39.0000','39.0000','39.0000','39.0000',NULL),('48','1',1,2,'39.0000','39.0000','39.0000','39.0000',NULL),('48','2',1,2,'39.0000','39.0000','39.0000','39.0000',NULL),('48','3',1,2,'39.0000','39.0000','39.0000','39.0000',NULL);

--
-- Table structure for table `catalog_product_index_price_bundle_idx`
--

CREATE TABLE `catalog_product_index_price_bundle_idx` (
  `entity_id` int(10) unsigned NOT NULL COMMENT 'Entity Id',
  `customer_group_id` int(11) NOT NULL,
  `website_id` smallint(5) unsigned NOT NULL COMMENT 'Website Id',
  `tax_class_id` smallint(5) unsigned DEFAULT '0' COMMENT 'Tax Class Id',
  `price_type` smallint(5) unsigned NOT NULL COMMENT 'Price Type',
  `special_price` decimal(12,4) DEFAULT NULL COMMENT 'Special Price',
  `tier_percent` decimal(12,4) DEFAULT NULL COMMENT 'Tier Percent',
  `orig_price` decimal(12,4) DEFAULT NULL COMMENT 'Orig Price',
  `price` decimal(12,4) DEFAULT NULL COMMENT 'Price',
  `min_price` decimal(12,4) DEFAULT NULL COMMENT 'Min Price',
  `max_price` decimal(12,4) DEFAULT NULL COMMENT 'Max Price',
  `tier_price` decimal(12,4) DEFAULT NULL COMMENT 'Tier Price',
  `base_tier` decimal(12,4) DEFAULT NULL COMMENT 'Base Tier',
  PRIMARY KEY (`entity_id`,`customer_group_id`,`website_id`)
) ENGINE=InnoDB DEFAULT CHARSET=utf8 COMMENT='Catalog Product Index Price Bundle Idx';

--
-- Table structure for table `catalog_product_index_price_bundle_opt_idx`
--

CREATE TABLE `catalog_product_index_price_bundle_opt_idx` (
  `entity_id` int(10) unsigned NOT NULL COMMENT 'Entity Id',
  `customer_group_id` int(11) NOT NULL,
  `website_id` smallint(5) unsigned NOT NULL COMMENT 'Website Id',
  `option_id` int(10) unsigned NOT NULL DEFAULT '0' COMMENT 'Option Id',
  `min_price` decimal(12,4) DEFAULT NULL COMMENT 'Min Price',
  `alt_price` decimal(12,4) DEFAULT NULL COMMENT 'Alt Price',
  `max_price` decimal(12,4) DEFAULT NULL COMMENT 'Max Price',
  `tier_price` decimal(12,4) DEFAULT NULL COMMENT 'Tier Price',
  `alt_tier_price` decimal(12,4) DEFAULT NULL COMMENT 'Alt Tier Price',
  PRIMARY KEY (`entity_id`,`customer_group_id`,`website_id`,`option_id`)
) ENGINE=InnoDB DEFAULT CHARSET=utf8 COMMENT='Catalog Product Index Price Bundle Opt Idx';

--
-- Table structure for table `catalog_product_index_price_bundle_opt_tmp`
--

CREATE TABLE `catalog_product_index_price_bundle_opt_tmp` (
  `entity_id` int(10) unsigned NOT NULL COMMENT 'Entity Id',
  `customer_group_id` int(11) NOT NULL,
  `website_id` smallint(5) unsigned NOT NULL COMMENT 'Website Id',
  `option_id` int(10) unsigned NOT NULL DEFAULT '0' COMMENT 'Option Id',
  `min_price` decimal(12,4) DEFAULT NULL COMMENT 'Min Price',
  `alt_price` decimal(12,4) DEFAULT NULL COMMENT 'Alt Price',
  `max_price` decimal(12,4) DEFAULT NULL COMMENT 'Max Price',
  `tier_price` decimal(12,4) DEFAULT NULL COMMENT 'Tier Price',
  `alt_tier_price` decimal(12,4) DEFAULT NULL COMMENT 'Alt Tier Price',
  PRIMARY KEY (`entity_id`,`customer_group_id`,`website_id`,`option_id`)
) ENGINE=MEMORY DEFAULT CHARSET=utf8 COMMENT='Catalog Product Index Price Bundle Opt Tmp';

--
-- Table structure for table `catalog_product_index_price_bundle_sel_idx`
--

CREATE TABLE `catalog_product_index_price_bundle_sel_idx` (
  `entity_id` int(10) unsigned NOT NULL COMMENT 'Entity Id',
  `customer_group_id` int(11) NOT NULL,
  `website_id` smallint(5) unsigned NOT NULL COMMENT 'Website Id',
  `option_id` int(10) unsigned NOT NULL DEFAULT '0' COMMENT 'Option Id',
  `selection_id` int(10) unsigned NOT NULL DEFAULT '0' COMMENT 'Selection Id',
  `group_type` smallint(5) unsigned DEFAULT '0' COMMENT 'Group Type',
  `is_required` smallint(5) unsigned DEFAULT '0' COMMENT 'Is Required',
  `price` decimal(12,4) DEFAULT NULL COMMENT 'Price',
  `tier_price` decimal(12,4) DEFAULT NULL COMMENT 'Tier Price',
  PRIMARY KEY (`entity_id`,`customer_group_id`,`website_id`,`option_id`,`selection_id`)
) ENGINE=InnoDB DEFAULT CHARSET=utf8 COMMENT='Catalog Product Index Price Bundle Sel Idx';

--
-- Table structure for table `catalog_product_index_price_bundle_sel_tmp`
--

CREATE TABLE `catalog_product_index_price_bundle_sel_tmp` (
  `entity_id` int(10) unsigned NOT NULL COMMENT 'Entity Id',
  `customer_group_id` int(11) NOT NULL,
  `website_id` smallint(5) unsigned NOT NULL COMMENT 'Website Id',
  `option_id` int(10) unsigned NOT NULL DEFAULT '0' COMMENT 'Option Id',
  `selection_id` int(10) unsigned NOT NULL DEFAULT '0' COMMENT 'Selection Id',
  `group_type` smallint(5) unsigned DEFAULT '0' COMMENT 'Group Type',
  `is_required` smallint(5) unsigned DEFAULT '0' COMMENT 'Is Required',
  `price` decimal(12,4) DEFAULT NULL COMMENT 'Price',
  `tier_price` decimal(12,4) DEFAULT NULL COMMENT 'Tier Price',
  PRIMARY KEY (`entity_id`,`customer_group_id`,`website_id`,`option_id`,`selection_id`)
) ENGINE=MEMORY DEFAULT CHARSET=utf8 COMMENT='Catalog Product Index Price Bundle Sel Tmp';

--
-- Table structure for table `catalog_product_index_price_bundle_tmp`
--

CREATE TABLE `catalog_product_index_price_bundle_tmp` (
  `entity_id` int(10) unsigned NOT NULL COMMENT 'Entity Id',
  `customer_group_id` int(11) NOT NULL,
  `website_id` smallint(5) unsigned NOT NULL COMMENT 'Website Id',
  `tax_class_id` smallint(5) unsigned DEFAULT '0' COMMENT 'Tax Class Id',
  `price_type` smallint(5) unsigned NOT NULL COMMENT 'Price Type',
  `special_price` decimal(12,4) DEFAULT NULL COMMENT 'Special Price',
  `tier_percent` decimal(12,4) DEFAULT NULL COMMENT 'Tier Percent',
  `orig_price` decimal(12,4) DEFAULT NULL COMMENT 'Orig Price',
  `price` decimal(12,4) DEFAULT NULL COMMENT 'Price',
  `min_price` decimal(12,4) DEFAULT NULL COMMENT 'Min Price',
  `max_price` decimal(12,4) DEFAULT NULL COMMENT 'Max Price',
  `tier_price` decimal(12,4) DEFAULT NULL COMMENT 'Tier Price',
  `base_tier` decimal(12,4) DEFAULT NULL COMMENT 'Base Tier',
  PRIMARY KEY (`entity_id`,`customer_group_id`,`website_id`)
) ENGINE=MEMORY DEFAULT CHARSET=utf8 COMMENT='Catalog Product Index Price Bundle Tmp';

--
-- Table structure for table `catalog_product_index_price_cfg_opt_agr_idx`
--

CREATE TABLE `catalog_product_index_price_cfg_opt_agr_idx` (
  `parent_id` int(10) unsigned NOT NULL COMMENT 'Parent ID',
  `child_id` int(10) unsigned NOT NULL COMMENT 'Child ID',
  `customer_group_id` int(10) unsigned NOT NULL DEFAULT '0' COMMENT 'Customer Group ID',
  `website_id` smallint(5) unsigned NOT NULL COMMENT 'Website ID',
  `price` decimal(12,4) DEFAULT NULL COMMENT 'Price',
  `tier_price` decimal(12,4) DEFAULT NULL COMMENT 'Tier Price',
  PRIMARY KEY (`parent_id`,`child_id`,`customer_group_id`,`website_id`)
) ENGINE=InnoDB DEFAULT CHARSET=utf8 COMMENT='Catalog Product Price Indexer Config Option Aggregate Index Table';

--
-- Table structure for table `catalog_product_index_price_cfg_opt_agr_tmp`
--

CREATE TABLE `catalog_product_index_price_cfg_opt_agr_tmp` (
  `parent_id` int(10) unsigned NOT NULL COMMENT 'Parent ID',
  `child_id` int(10) unsigned NOT NULL COMMENT 'Child ID',
  `customer_group_id` int(10) unsigned NOT NULL DEFAULT '0' COMMENT 'Customer Group ID',
  `website_id` smallint(5) unsigned NOT NULL COMMENT 'Website ID',
  `price` decimal(12,4) DEFAULT NULL COMMENT 'Price',
  `tier_price` decimal(12,4) DEFAULT NULL COMMENT 'Tier Price',
  PRIMARY KEY (`parent_id`,`child_id`,`customer_group_id`,`website_id`)
) ENGINE=MEMORY DEFAULT CHARSET=utf8 COMMENT='Catalog Product Price Indexer Config Option Aggregate Temp Table';

--
-- Table structure for table `catalog_product_index_price_cfg_opt_idx`
--

CREATE TABLE `catalog_product_index_price_cfg_opt_idx` (
  `entity_id` int(10) unsigned NOT NULL COMMENT 'Entity ID',
  `customer_group_id` int(10) unsigned NOT NULL DEFAULT '0' COMMENT 'Customer Group ID',
  `website_id` smallint(5) unsigned NOT NULL COMMENT 'Website ID',
  `min_price` decimal(12,4) DEFAULT NULL COMMENT 'Min Price',
  `max_price` decimal(12,4) DEFAULT NULL COMMENT 'Max Price',
  `tier_price` decimal(12,4) DEFAULT NULL COMMENT 'Tier Price',
  PRIMARY KEY (`entity_id`,`customer_group_id`,`website_id`)
) ENGINE=InnoDB DEFAULT CHARSET=utf8 COMMENT='Catalog Product Price Indexer Config Option Index Table';

--
-- Table structure for table `catalog_product_index_price_cfg_opt_tmp`
--

CREATE TABLE `catalog_product_index_price_cfg_opt_tmp` (
  `entity_id` int(10) unsigned NOT NULL COMMENT 'Entity ID',
  `customer_group_id` int(10) unsigned NOT NULL DEFAULT '0' COMMENT 'Customer Group ID',
  `website_id` smallint(5) unsigned NOT NULL COMMENT 'Website ID',
  `min_price` decimal(12,4) DEFAULT NULL COMMENT 'Min Price',
  `max_price` decimal(12,4) DEFAULT NULL COMMENT 'Max Price',
  `tier_price` decimal(12,4) DEFAULT NULL COMMENT 'Tier Price',
  PRIMARY KEY (`entity_id`,`customer_group_id`,`website_id`)
) ENGINE=MEMORY DEFAULT CHARSET=utf8 COMMENT='Catalog Product Price Indexer Config Option Temp Table';

--
-- Table structure for table `catalog_product_index_price_downlod_idx`
--

CREATE TABLE `catalog_product_index_price_downlod_idx` (
  `entity_id` int(10) unsigned NOT NULL COMMENT 'Entity ID',
  `customer_group_id` int(11) NOT NULL,
  `website_id` smallint(5) unsigned NOT NULL COMMENT 'Website ID',
  `min_price` decimal(12,4) NOT NULL DEFAULT '0.0000' COMMENT 'Minimum price',
  `max_price` decimal(12,4) NOT NULL DEFAULT '0.0000' COMMENT 'Maximum price',
  PRIMARY KEY (`entity_id`,`customer_group_id`,`website_id`)
) ENGINE=InnoDB DEFAULT CHARSET=utf8 COMMENT='Indexer Table for price of downloadable products';

--
-- Table structure for table `catalog_product_index_price_downlod_tmp`
--

CREATE TABLE `catalog_product_index_price_downlod_tmp` (
  `entity_id` int(10) unsigned NOT NULL COMMENT 'Entity ID',
  `customer_group_id` int(11) NOT NULL,
  `website_id` smallint(5) unsigned NOT NULL COMMENT 'Website ID',
  `min_price` decimal(12,4) NOT NULL DEFAULT '0.0000' COMMENT 'Minimum price',
  `max_price` decimal(12,4) NOT NULL DEFAULT '0.0000' COMMENT 'Maximum price',
  PRIMARY KEY (`entity_id`,`customer_group_id`,`website_id`)
) ENGINE=MEMORY DEFAULT CHARSET=utf8 COMMENT='Temporary Indexer Table for price of downloadable products';

--
-- Table structure for table `catalog_product_index_price_final_idx`
--

CREATE TABLE `catalog_product_index_price_final_idx` (
  `entity_id` int(10) unsigned NOT NULL COMMENT 'Entity ID',
  `customer_group_id` int(10) unsigned NOT NULL DEFAULT '0' COMMENT 'Customer Group ID',
  `website_id` smallint(5) unsigned NOT NULL COMMENT 'Website ID',
  `tax_class_id` smallint(5) unsigned DEFAULT '0' COMMENT 'Tax Class ID',
  `orig_price` decimal(12,4) DEFAULT NULL COMMENT 'Original Price',
  `price` decimal(12,4) DEFAULT NULL COMMENT 'Price',
  `min_price` decimal(12,4) DEFAULT NULL COMMENT 'Min Price',
  `max_price` decimal(12,4) DEFAULT NULL COMMENT 'Max Price',
  `tier_price` decimal(12,4) DEFAULT NULL COMMENT 'Tier Price',
  `base_tier` decimal(12,4) DEFAULT NULL COMMENT 'Base Tier',
  PRIMARY KEY (`entity_id`,`customer_group_id`,`website_id`)
) ENGINE=InnoDB DEFAULT CHARSET=utf8 COMMENT='Catalog Product Price Indexer Final Index Table';

--
-- Table structure for table `catalog_product_index_price_final_tmp`
--

CREATE TABLE `catalog_product_index_price_final_tmp` (
  `entity_id` int(10) unsigned NOT NULL COMMENT 'Entity ID',
  `customer_group_id` int(10) unsigned NOT NULL DEFAULT '0' COMMENT 'Customer Group ID',
  `website_id` smallint(5) unsigned NOT NULL COMMENT 'Website ID',
  `tax_class_id` smallint(5) unsigned DEFAULT '0' COMMENT 'Tax Class ID',
  `orig_price` decimal(12,4) DEFAULT NULL COMMENT 'Original Price',
  `price` decimal(12,4) DEFAULT NULL COMMENT 'Price',
  `min_price` decimal(12,4) DEFAULT NULL COMMENT 'Min Price',
  `max_price` decimal(12,4) DEFAULT NULL COMMENT 'Max Price',
  `tier_price` decimal(12,4) DEFAULT NULL COMMENT 'Tier Price',
  `base_tier` decimal(12,4) DEFAULT NULL COMMENT 'Base Tier',
  PRIMARY KEY (`entity_id`,`customer_group_id`,`website_id`)
) ENGINE=MEMORY DEFAULT CHARSET=utf8 COMMENT='Catalog Product Price Indexer Final Temp Table';

--
-- Table structure for table `catalog_product_index_price_idx`
--

CREATE TABLE `catalog_product_index_price_idx` (
  `entity_id` int(10) unsigned NOT NULL COMMENT 'Entity ID',
  `customer_group_id` int(10) unsigned NOT NULL DEFAULT '0' COMMENT 'Customer Group ID',
  `website_id` smallint(5) unsigned NOT NULL COMMENT 'Website ID',
  `tax_class_id` smallint(5) unsigned DEFAULT '0' COMMENT 'Tax Class ID',
  `price` decimal(12,4) DEFAULT NULL COMMENT 'Price',
  `final_price` decimal(12,4) DEFAULT NULL COMMENT 'Final Price',
  `min_price` decimal(12,4) DEFAULT NULL COMMENT 'Min Price',
  `max_price` decimal(12,4) DEFAULT NULL COMMENT 'Max Price',
  `tier_price` decimal(12,4) DEFAULT NULL COMMENT 'Tier Price',
  PRIMARY KEY (`entity_id`,`customer_group_id`,`website_id`),
  KEY `CATALOG_PRODUCT_INDEX_PRICE_IDX_CUSTOMER_GROUP_ID` (`customer_group_id`),
  KEY `CATALOG_PRODUCT_INDEX_PRICE_IDX_WEBSITE_ID` (`website_id`),
  KEY `CATALOG_PRODUCT_INDEX_PRICE_IDX_MIN_PRICE` (`min_price`)
) ENGINE=InnoDB DEFAULT CHARSET=utf8 COMMENT='Catalog Product Price Indexer Index Table';

--
-- Table structure for table `catalog_product_index_price_opt_agr_idx`
--

CREATE TABLE `catalog_product_index_price_opt_agr_idx` (
  `entity_id` int(10) unsigned NOT NULL COMMENT 'Entity ID',
  `customer_group_id` int(10) unsigned NOT NULL DEFAULT '0' COMMENT 'Customer Group ID',
  `website_id` smallint(5) unsigned NOT NULL COMMENT 'Website ID',
  `option_id` int(10) unsigned NOT NULL DEFAULT '0' COMMENT 'Option ID',
  `min_price` decimal(12,4) DEFAULT NULL COMMENT 'Min Price',
  `max_price` decimal(12,4) DEFAULT NULL COMMENT 'Max Price',
  `tier_price` decimal(12,4) DEFAULT NULL COMMENT 'Tier Price',
  PRIMARY KEY (`entity_id`,`customer_group_id`,`website_id`,`option_id`)
) ENGINE=InnoDB DEFAULT CHARSET=utf8 COMMENT='Catalog Product Price Indexer Option Aggregate Index Table';

--
-- Table structure for table `catalog_product_index_price_opt_agr_tmp`
--

CREATE TABLE `catalog_product_index_price_opt_agr_tmp` (
  `entity_id` int(10) unsigned NOT NULL COMMENT 'Entity ID',
  `customer_group_id` int(10) unsigned NOT NULL DEFAULT '0' COMMENT 'Customer Group ID',
  `website_id` smallint(5) unsigned NOT NULL COMMENT 'Website ID',
  `option_id` int(10) unsigned NOT NULL DEFAULT '0' COMMENT 'Option ID',
  `min_price` decimal(12,4) DEFAULT NULL COMMENT 'Min Price',
  `max_price` decimal(12,4) DEFAULT NULL COMMENT 'Max Price',
  `tier_price` decimal(12,4) DEFAULT NULL COMMENT 'Tier Price',
  PRIMARY KEY (`entity_id`,`customer_group_id`,`website_id`,`option_id`)
) ENGINE=MEMORY DEFAULT CHARSET=utf8 COMMENT='Catalog Product Price Indexer Option Aggregate Temp Table';

--
-- Table structure for table `catalog_product_index_price_opt_idx`
--

CREATE TABLE `catalog_product_index_price_opt_idx` (
  `entity_id` int(10) unsigned NOT NULL COMMENT 'Entity ID',
  `customer_group_id` int(10) unsigned NOT NULL DEFAULT '0' COMMENT 'Customer Group ID',
  `website_id` smallint(5) unsigned NOT NULL COMMENT 'Website ID',
  `min_price` decimal(12,4) DEFAULT NULL COMMENT 'Min Price',
  `max_price` decimal(12,4) DEFAULT NULL COMMENT 'Max Price',
  `tier_price` decimal(12,4) DEFAULT NULL COMMENT 'Tier Price',
  PRIMARY KEY (`entity_id`,`customer_group_id`,`website_id`)
) ENGINE=InnoDB DEFAULT CHARSET=utf8 COMMENT='Catalog Product Price Indexer Option Index Table';

--
-- Table structure for table `catalog_product_index_price_opt_tmp`
--

CREATE TABLE `catalog_product_index_price_opt_tmp` (
  `entity_id` int(10) unsigned NOT NULL COMMENT 'Entity ID',
  `customer_group_id` int(10) unsigned NOT NULL DEFAULT '0' COMMENT 'Customer Group ID',
  `website_id` smallint(5) unsigned NOT NULL COMMENT 'Website ID',
  `min_price` decimal(12,4) DEFAULT NULL COMMENT 'Min Price',
  `max_price` decimal(12,4) DEFAULT NULL COMMENT 'Max Price',
  `tier_price` decimal(12,4) DEFAULT NULL COMMENT 'Tier Price',
  PRIMARY KEY (`entity_id`,`customer_group_id`,`website_id`)
) ENGINE=MEMORY DEFAULT CHARSET=utf8 COMMENT='Catalog Product Price Indexer Option Temp Table';

--
-- Table structure for table `catalog_product_index_price_replica`
--

CREATE TABLE `catalog_product_index_price_replica` (
  `entity_id` int(10) unsigned NOT NULL COMMENT 'Entity ID',
  `customer_group_id` int(10) unsigned NOT NULL COMMENT 'Customer Group ID',
  `website_id` smallint(5) unsigned NOT NULL COMMENT 'Website ID',
  `tax_class_id` smallint(5) unsigned DEFAULT '0' COMMENT 'Tax Class ID',
  `price` decimal(12,4) DEFAULT NULL COMMENT 'Price',
  `final_price` decimal(12,4) DEFAULT NULL COMMENT 'Final Price',
  `min_price` decimal(12,4) DEFAULT NULL COMMENT 'Min Price',
  `max_price` decimal(12,4) DEFAULT NULL COMMENT 'Max Price',
  `tier_price` decimal(12,4) DEFAULT NULL COMMENT 'Tier Price',
  PRIMARY KEY (`entity_id`,`customer_group_id`,`website_id`),
  KEY `CATALOG_PRODUCT_INDEX_PRICE_CUSTOMER_GROUP_ID` (`customer_group_id`),
  KEY `CATALOG_PRODUCT_INDEX_PRICE_MIN_PRICE` (`min_price`),
  KEY `CAT_PRD_IDX_PRICE_WS_ID_CSTR_GROUP_ID_MIN_PRICE` (`website_id`,`customer_group_id`,`min_price`)
) ENGINE=InnoDB DEFAULT CHARSET=utf8 COMMENT='Catalog Product Price Index Table';

--
-- Dumping data for table `catalog_product_index_price_replica`
--

INSERT INTO `catalog_product_index_price_replica` VALUES ('1','0',1,2,'36.0000','30.0000','30.0000','30.0000',NULL),('1','1',1,2,'36.0000','30.0000','30.0000','30.0000',NULL),('1','2',1,2,'36.0000','30.0000','30.0000','30.0000',NULL),('1','3',1,2,'36.0000','30.0000','30.0000','30.0000',NULL),('2','0',1,2,'39.0000','36.0000','36.0000','36.0000',NULL),('2','1',1,2,'39.0000','36.0000','36.0000','36.0000',NULL),('2','2',1,2,'39.0000','36.0000','36.0000','36.0000',NULL),('2','3',1,2,'39.0000','36.0000','36.0000','36.0000',NULL),('3','0',1,2,'66.0000','59.0000','59.0000','59.0000',NULL),('3','1',1,2,'66.0000','59.0000','59.0000','59.0000',NULL),('3','2',1,2,'66.0000','59.0000','59.0000','59.0000',NULL),('3','3',1,2,'66.0000','59.0000','59.0000','59.0000',NULL),('4','0',1,2,'19.0000','16.0000','16.0000','16.0000',NULL),('4','1',1,2,'19.0000','16.0000','16.0000','16.0000',NULL),('4','2',1,2,'19.0000','16.0000','16.0000','16.0000',NULL),('4','3',1,2,'19.0000','16.0000','16.0000','16.0000',NULL),('5','0',1,2,'27.0000','23.0000','23.0000','23.0000',NULL),('5','1',1,2,'27.0000','23.0000','23.0000','23.0000',NULL),('5','2',1,2,'27.0000','23.0000','23.0000','23.0000',NULL),('5','3',1,2,'27.0000','23.0000','23.0000','23.0000',NULL),('6','0',1,2,'42.0000','39.0000','42.0000','48.0000',NULL),('6','1',1,2,'42.0000','39.0000','42.0000','48.0000',NULL),('6','2',1,2,'42.0000','39.0000','42.0000','48.0000',NULL),('6','3',1,2,'42.0000','39.0000','42.0000','48.0000',NULL),('7','0',1,2,'26.0000','21.0000','24.0000','30.0000',NULL),('7','1',1,2,'26.0000','21.0000','24.0000','30.0000',NULL),('7','2',1,2,'26.0000','21.0000','24.0000','30.0000',NULL),('7','3',1,2,'26.0000','21.0000','24.0000','30.0000',NULL),('8','0',1,2,'31.0000','28.0000','31.0000','37.0000',NULL),('8','1',1,2,'31.0000','28.0000','31.0000','37.0000',NULL),('8','2',1,2,'31.0000','28.0000','31.0000','37.0000',NULL),('8','3',1,2,'31.0000','28.0000','31.0000','37.0000',NULL),('14','0',1,2,'43.0000','43.0000','46.0000','52.0000',NULL),('14','1',1,2,'43.0000','43.0000','46.0000','52.0000',NULL),('14','2',1,2,'43.0000','43.0000','46.0000','52.0000',NULL),('14','3',1,2,'43.0000','43.0000','46.0000','52.0000',NULL),('15','0',1,2,'55.0000','55.0000','58.0000','64.0000',NULL),('15','1',1,2,'55.0000','55.0000','58.0000','64.0000',NULL),('15','2',1,2,'55.0000','55.0000','58.0000','64.0000',NULL),('15','3',1,2,'55.0000','55.0000','58.0000','64.0000',NULL),('16','0',1,2,'0.0000','0.0000','54.0000','64.0000',NULL),('16','1',1,2,'0.0000','0.0000','54.0000','64.0000',NULL),('16','2',1,2,'0.0000','0.0000','54.0000','64.0000',NULL),('16','3',1,2,'0.0000','0.0000','54.0000','64.0000',NULL),('17','0',1,2,'0.0000','0.0000','28.0000','38.0000',NULL),('17','1',1,2,'0.0000','0.0000','28.0000','38.0000',NULL),('17','2',1,2,'0.0000','0.0000','28.0000','38.0000',NULL),('17','3',1,2,'0.0000','0.0000','28.0000','38.0000',NULL),('18','0',1,2,'0.0000','0.0000','29.0000','37.0000',NULL),('18','1',1,2,'0.0000','0.0000','29.0000','37.0000',NULL),('18','2',1,2,'0.0000','0.0000','29.0000','37.0000',NULL),('18','3',1,2,'0.0000','0.0000','29.0000','37.0000',NULL),('19','0',1,2,'0.0000','0.0000','37.0000','48.0000',NULL),('19','1',1,2,'0.0000','0.0000','37.0000','48.0000',NULL),('19','2',1,2,'0.0000','0.0000','37.0000','48.0000',NULL),('19','3',1,2,'0.0000','0.0000','37.0000','48.0000',NULL),('20','0',1,2,'0.0000','0.0000','19.0000','35.0000',NULL),('20','1',1,2,'0.0000','0.0000','19.0000','35.0000',NULL),('20','2',1,2,'0.0000','0.0000','19.0000','35.0000',NULL),('20','3',1,2,'0.0000','0.0000','19.0000','35.0000',NULL),('21','0',1,2,'51.0000','51.0000','51.0000','51.0000',NULL),('21','1',1,2,'51.0000','51.0000','51.0000','51.0000',NULL),('21','2',1,2,'51.0000','51.0000','51.0000','51.0000',NULL),('21','3',1,2,'51.0000','51.0000','51.0000','51.0000',NULL),('22','0',1,2,'55.0000','55.0000','55.0000','55.0000',NULL),('22','1',1,2,'55.0000','55.0000','55.0000','55.0000',NULL),('22','2',1,2,'55.0000','55.0000','55.0000','55.0000',NULL),('22','3',1,2,'55.0000','55.0000','55.0000','55.0000',NULL),('23','0',1,2,'25.0000','25.0000','25.0000','25.0000',NULL),('23','1',1,2,'25.0000','25.0000','25.0000','25.0000',NULL),('23','2',1,2,'25.0000','25.0000','25.0000','25.0000',NULL),('23','3',1,2,'25.0000','25.0000','25.0000','25.0000',NULL),('24','0',1,2,'29.0000','29.0000','29.0000','29.0000',NULL),('24','1',1,2,'29.0000','29.0000','29.0000','29.0000',NULL),('24','2',1,2,'29.0000','29.0000','29.0000','29.0000',NULL),('24','3',1,2,'29.0000','29.0000','29.0000','29.0000',NULL),('25','0',1,2,'26.0000','26.0000','26.0000','26.0000',NULL),('25','1',1,2,'26.0000','26.0000','26.0000','26.0000',NULL),('25','2',1,2,'26.0000','26.0000','26.0000','26.0000',NULL),('25','3',1,2,'26.0000','26.0000','26.0000','26.0000',NULL),('26','0',1,2,'26.0000','26.0000','26.0000','26.0000',NULL),('26','1',1,2,'26.0000','26.0000','26.0000','26.0000',NULL),('26','2',1,2,'26.0000','26.0000','26.0000','26.0000',NULL),('26','3',1,2,'26.0000','26.0000','26.0000','26.0000',NULL),('27','0',1,2,'28.0000','28.0000','28.0000','28.0000',NULL),('27','1',1,2,'28.0000','28.0000','28.0000','28.0000',NULL),('27','2',1,2,'28.0000','28.0000','28.0000','28.0000',NULL),('27','3',1,2,'28.0000','28.0000','28.0000','28.0000',NULL),('28','0',1,2,'34.0000','34.0000','34.0000','34.0000',NULL),('28','1',1,2,'34.0000','34.0000','34.0000','34.0000',NULL),('28','2',1,2,'34.0000','34.0000','34.0000','34.0000',NULL),('28','3',1,2,'34.0000','34.0000','34.0000','34.0000',NULL),('29','0',1,2,'39.0000','39.0000','39.0000','39.0000',NULL),('29','1',1,2,'39.0000','39.0000','39.0000','39.0000',NULL),('29','2',1,2,'39.0000','39.0000','39.0000','39.0000',NULL),('29','3',1,2,'39.0000','39.0000','39.0000','39.0000',NULL),('30','0',1,2,'16.0000','16.0000','16.0000','16.0000',NULL),('30','1',1,2,'16.0000','16.0000','16.0000','16.0000',NULL),('30','2',1,2,'16.0000','16.0000','16.0000','16.0000',NULL),('30','3',1,2,'16.0000','16.0000','16.0000','16.0000',NULL),('31','0',1,2,'26.0000','26.0000','26.0000','26.0000',NULL),('31','1',1,2,'26.0000','26.0000','26.0000','26.0000',NULL),('31','2',1,2,'26.0000','26.0000','26.0000','26.0000',NULL),('31','3',1,2,'26.0000','26.0000','26.0000','26.0000',NULL),('32','0',1,2,'0.0000','0.0000','63.0000','66.0000',NULL),('32','1',1,2,'0.0000','0.0000','63.0000','66.0000',NULL),('32','2',1,2,'0.0000','0.0000','63.0000','66.0000',NULL),('32','3',1,2,'0.0000','0.0000','63.0000','66.0000',NULL),('33','0',1,2,'0.0000','0.0000','33.0000','39.0000',NULL),('33','1',1,2,'0.0000','0.0000','33.0000','39.0000',NULL),('33','2',1,2,'0.0000','0.0000','33.0000','39.0000',NULL),('33','3',1,2,'0.0000','0.0000','33.0000','39.0000',NULL),('34','0',1,2,'0.0000','0.0000','25.0000','29.0000',NULL),('34','1',1,2,'0.0000','0.0000','25.0000','29.0000',NULL),('34','2',1,2,'0.0000','0.0000','25.0000','29.0000',NULL),('34','3',1,2,'0.0000','0.0000','25.0000','29.0000',NULL),('35','0',1,2,'0.0000','0.0000','29.0000','36.0000',NULL),('35','1',1,2,'0.0000','0.0000','29.0000','36.0000',NULL),('35','2',1,2,'0.0000','0.0000','29.0000','36.0000',NULL),('35','3',1,2,'0.0000','0.0000','29.0000','36.0000',NULL),('36','0',1,2,'0.0000','0.0000','35.0000','38.0000',NULL),('36','1',1,2,'0.0000','0.0000','35.0000','38.0000',NULL),('36','2',1,2,'0.0000','0.0000','35.0000','38.0000',NULL),('36','3',1,2,'0.0000','0.0000','35.0000','38.0000',NULL),('38','0',1,2,'63.0000','63.0000','63.0000','63.0000',NULL),('38','1',1,2,'63.0000','63.0000','63.0000','63.0000',NULL),('38','2',1,2,'63.0000','63.0000','63.0000','63.0000',NULL),('38','3',1,2,'63.0000','63.0000','63.0000','63.0000',NULL),('39','0',1,2,'66.0000','66.0000','66.0000','66.0000',NULL),('39','1',1,2,'66.0000','66.0000','66.0000','66.0000',NULL),('39','2',1,2,'66.0000','66.0000','66.0000','66.0000',NULL),('39','3',1,2,'66.0000','66.0000','66.0000','66.0000',NULL),('40','0',1,2,'29.0000','29.0000','29.0000','29.0000',NULL),('40','1',1,2,'29.0000','29.0000','29.0000','29.0000',NULL),('40','2',1,2,'29.0000','29.0000','29.0000','29.0000',NULL),('40','3',1,2,'29.0000','29.0000','29.0000','29.0000',NULL),('41','0',1,2,'36.0000','36.0000','36.0000','36.0000',NULL),('41','1',1,2,'36.0000','36.0000','36.0000','36.0000',NULL),('41','2',1,2,'36.0000','36.0000','36.0000','36.0000',NULL),('41','3',1,2,'36.0000','36.0000','36.0000','36.0000',NULL),('42','0',1,2,'35.0000','35.0000','35.0000','35.0000',NULL),('42','1',1,2,'35.0000','35.0000','35.0000','35.0000',NULL),('42','2',1,2,'35.0000','35.0000','35.0000','35.0000',NULL),('42','3',1,2,'35.0000','35.0000','35.0000','35.0000',NULL),('43','0',1,2,'38.0000','38.0000','38.0000','38.0000',NULL),('43','1',1,2,'38.0000','38.0000','38.0000','38.0000',NULL),('43','2',1,2,'38.0000','38.0000','38.0000','38.0000',NULL),('43','3',1,2,'38.0000','38.0000','38.0000','38.0000',NULL),('44','0',1,2,'25.0000','25.0000','25.0000','25.0000',NULL),('44','1',1,2,'25.0000','25.0000','25.0000','25.0000',NULL),('44','2',1,2,'25.0000','25.0000','25.0000','25.0000',NULL),('44','3',1,2,'25.0000','25.0000','25.0000','25.0000',NULL),('45','0',1,2,'25.0000','25.0000','25.0000','25.0000',NULL),('45','1',1,2,'25.0000','25.0000','25.0000','25.0000',NULL),('45','2',1,2,'25.0000','25.0000','25.0000','25.0000',NULL),('45','3',1,2,'25.0000','25.0000','25.0000','25.0000',NULL),('46','0',1,2,'29.0000','29.0000','29.0000','29.0000',NULL),('46','1',1,2,'29.0000','29.0000','29.0000','29.0000',NULL),('46','2',1,2,'29.0000','29.0000','29.0000','29.0000',NULL),('46','3',1,2,'29.0000','29.0000','29.0000','29.0000',NULL),('47','0',1,2,'33.0000','33.0000','33.0000','33.0000',NULL),('47','1',1,2,'33.0000','33.0000','33.0000','33.0000',NULL),('47','2',1,2,'33.0000','33.0000','33.0000','33.0000',NULL),('47','3',1,2,'33.0000','33.0000','33.0000','33.0000',NULL),('48','0',1,2,'39.0000','39.0000','39.0000','39.0000',NULL),('48','1',1,2,'39.0000','39.0000','39.0000','39.0000',NULL),('48','2',1,2,'39.0000','39.0000','39.0000','39.0000',NULL),('48','3',1,2,'39.0000','39.0000','39.0000','39.0000',NULL);

--
-- Table structure for table `catalog_product_index_price_tmp`
--

CREATE TABLE `catalog_product_index_price_tmp` (
  `entity_id` int(10) unsigned NOT NULL COMMENT 'Entity ID',
  `customer_group_id` int(10) unsigned NOT NULL DEFAULT '0' COMMENT 'Customer Group ID',
  `website_id` smallint(5) unsigned NOT NULL COMMENT 'Website ID',
  `tax_class_id` smallint(5) unsigned DEFAULT '0' COMMENT 'Tax Class ID',
  `price` decimal(12,4) DEFAULT NULL COMMENT 'Price',
  `final_price` decimal(12,4) DEFAULT NULL COMMENT 'Final Price',
  `min_price` decimal(12,4) DEFAULT NULL COMMENT 'Min Price',
  `max_price` decimal(12,4) DEFAULT NULL COMMENT 'Max Price',
  `tier_price` decimal(12,4) DEFAULT NULL COMMENT 'Tier Price',
  PRIMARY KEY (`entity_id`,`customer_group_id`,`website_id`),
  KEY `CATALOG_PRODUCT_INDEX_PRICE_TMP_CUSTOMER_GROUP_ID` (`customer_group_id`),
  KEY `CATALOG_PRODUCT_INDEX_PRICE_TMP_WEBSITE_ID` (`website_id`),
  KEY `CATALOG_PRODUCT_INDEX_PRICE_TMP_MIN_PRICE` (`min_price`)
) ENGINE=MEMORY DEFAULT CHARSET=utf8 COMMENT='Catalog Product Price Indexer Temp Table';

--
-- Table structure for table `catalog_product_index_tier_price`
--

CREATE TABLE `catalog_product_index_tier_price` (
  `entity_id` int(10) unsigned NOT NULL COMMENT 'Entity ID',
  `customer_group_id` int(10) unsigned NOT NULL COMMENT 'Customer Group ID',
  `website_id` smallint(5) unsigned NOT NULL COMMENT 'Website ID',
  `min_price` decimal(12,4) DEFAULT NULL COMMENT 'Min Price',
  PRIMARY KEY (`entity_id`,`customer_group_id`,`website_id`),
  KEY `CATALOG_PRODUCT_INDEX_TIER_PRICE_CUSTOMER_GROUP_ID` (`customer_group_id`),
  KEY `CATALOG_PRODUCT_INDEX_TIER_PRICE_WEBSITE_ID` (`website_id`)
) ENGINE=InnoDB DEFAULT CHARSET=utf8 COMMENT='Catalog Product Tier Price Index Table';

--
-- Table structure for table `catalog_product_index_website`
--

CREATE TABLE `catalog_product_index_website` (
  `website_id` smallint(5) unsigned NOT NULL COMMENT 'Website ID',
  `website_date` date DEFAULT NULL COMMENT 'Website Date',
  `rate` float DEFAULT '1' COMMENT 'Rate',
  PRIMARY KEY (`website_id`),
  KEY `CATALOG_PRODUCT_INDEX_WEBSITE_WEBSITE_DATE` (`website_date`)
) ENGINE=InnoDB DEFAULT CHARSET=utf8 COMMENT='Catalog Product Website Index Table';

--
-- Dumping data for table `catalog_product_index_website`
--

INSERT INTO `catalog_product_index_website` VALUES (1,'2017-12-27','1');

--
-- Table structure for table `catalog_product_link`
--

CREATE TABLE `catalog_product_link` (
  `link_id` int(10) unsigned NOT NULL AUTO_INCREMENT COMMENT 'Link ID',
  `product_id` int(10) unsigned NOT NULL DEFAULT '0' COMMENT 'Product ID',
  `linked_product_id` int(10) unsigned NOT NULL DEFAULT '0' COMMENT 'Linked Product ID',
  `link_type_id` smallint(5) unsigned NOT NULL DEFAULT '0' COMMENT 'Link Type ID',
  PRIMARY KEY (`link_id`),
  UNIQUE KEY `CATALOG_PRODUCT_LINK_LINK_TYPE_ID_PRODUCT_ID_LINKED_PRODUCT_ID` (`link_type_id`,`product_id`,`linked_product_id`),
  KEY `CATALOG_PRODUCT_LINK_PRODUCT_ID` (`product_id`),
  KEY `CATALOG_PRODUCT_LINK_LINKED_PRODUCT_ID` (`linked_product_id`)
) ENGINE=InnoDB AUTO_INCREMENT=433 DEFAULT CHARSET=utf8 COMMENT='Catalog Product To Product Linkage Table';

--
-- Dumping data for table `catalog_product_link`
--

INSERT INTO `catalog_product_link` VALUES ('337','1','2',1),('338','1','3',1),('339','1','5',1),('340','1','6',1),('341','1','7',1),('342','1','8',1),('421','2','1',1),('422','2','3',1),('423','2','4',1),('424','2','5',1),('425','2','6',1),('426','2','7',1),('349','3','1',1),('350','3','2',1),('351','3','4',1),('352','3','5',1),('353','3','6',1),('354','3','7',1),('361','4','1',1),('362','4','2',1),('363','4','3',1),('364','4','5',1),('365','4','6',1),('366','4','7',1),('373','5','1',1),('374','5','2',1),('375','5','3',1),('376','5','4',1),('377','5','6',1),('378','5','7',1),('385','6','1',1),('386','6','3',1),('387','6','4',1),('388','6','5',1),('389','6','7',1),('390','6','8',1),('397','7','2',1),('398','7','3',1),('399','7','4',1),('400','7','5',1),('401','7','6',1),('402','7','8',1),('409','8','2',1),('410','8','3',1),('411','8','4',1),('412','8','5',1),('413','8','6',1),('414','8','7',1),('109','14','2',1),('110','14','4',1),('111','14','5',1),('112','14','6',1),('113','14','7',1),('114','14','8',1),('193','16','3',1),('194','16','5',1),('195','16','7',1),('196','16','8',1),('197','16','14',1),('198','16','15',1),('301','17','1',1),('302','17','4',1),('303','17','6',1),('306','17','7',1),('304','17','8',1),('305','17','14',1),('318','18','1',1),('313','18','2',1),('317','18','3',1),('316','18','4',1),('314','18','6',1),('315','18','7',1),('325','19','2',1),('326','19','3',1),('327','19','4',1),('328','19','5',1),('329','19','6',1),('330','19','7',1),('241','20','1',1),('242','20','4',1),('243','20','5',1),('244','20','6',1),('245','20','7',1),('246','20','8',1),('289','32','1',1),('290','32','2',1),('291','32','4',1),('292','32','5',1),('293','32','6',1),('294','32','7',1),('348','1','2',4),('347','1','4',4),('346','1','5',4),('345','1','6',4),('344','1','7',4),('343','1','8',4),('432','2','3',4),('431','2','4',4),('430','2','5',4),('429','2','6',4),('428','2','7',4),('427','2','8',4),('360','3','2',4),('359','3','4',4),('358','3','5',4),('357','3','6',4),('356','3','7',4),('355','3','8',4),('367','4','1',4),('368','4','2',4),('369','4','5',4),('370','4','6',4),('371','4','7',4),('372','4','8',4),('384','5','2',4),('383','5','3',4),('382','5','4',4),('381','5','6',4),('380','5','7',4),('379','5','8',4),('396','6','1',4),('395','6','2',4),('394','6','3',4),('393','6','5',4),('392','6','7',4),('391','6','8',4),('408','7','1',4),('407','7','2',4),('406','7','3',4),('405','7','4',4),('404','7','6',4),('403','7','8',4),('420','8','1',4),('419','8','2',4),('418','8','3',4),('417','8','4',4),('416','8','5',4),('415','8','6',4),('120','14','1',4),('119','14','2',4),('118','14','3',4),('117','14','4',4),('116','14','5',4),('115','14','6',4),('204','16','1',4),('203','16','2',4),('202','16','7',4),('201','16','8',4),('200','16','14',4),('199','16','15',4),('312','17','1',4),('310','17','15',4),('309','17','16',4),('308','17','18',4),('311','17','19',4),('307','17','20',4),('323','18','14',4),('322','18','15',4),('324','18','16',4),('321','18','17',4),('320','18','19',4),('319','18','20',4),('336','19','7',4),('335','19','8',4),('334','19','15',4),('333','19','16',4),('332','19','17',4),('331','19','18',4),('252','20','14',4),('251','20','15',4),('250','20','16',4),('249','20','17',4),('248','20','18',4),('247','20','19',4),('295','32','2',4),('296','32','3',4),('297','32','5',4),('298','32','7',4),('300','32','17',4),('299','32','18',4);

--
-- Table structure for table `catalog_product_link_attribute`
--

CREATE TABLE `catalog_product_link_attribute` (
  `product_link_attribute_id` smallint(5) unsigned NOT NULL AUTO_INCREMENT COMMENT 'Product Link Attribute ID',
  `link_type_id` smallint(5) unsigned NOT NULL DEFAULT '0' COMMENT 'Link Type ID',
  `product_link_attribute_code` varchar(32) DEFAULT NULL COMMENT 'Product Link Attribute Code',
  `data_type` varchar(32) DEFAULT NULL COMMENT 'Data Type',
  PRIMARY KEY (`product_link_attribute_id`),
  KEY `CATALOG_PRODUCT_LINK_ATTRIBUTE_LINK_TYPE_ID` (`link_type_id`)
) ENGINE=InnoDB AUTO_INCREMENT=6 DEFAULT CHARSET=utf8 COMMENT='Catalog Product Link Attribute Table';

--
-- Dumping data for table `catalog_product_link_attribute`
--

INSERT INTO `catalog_product_link_attribute` VALUES (1,1,'position','int'),(2,4,'position','int'),(3,5,'position','int'),(4,3,'position','int'),(5,3,'qty','decimal');

--
-- Table structure for table `catalog_product_link_attribute_decimal`
--

CREATE TABLE `catalog_product_link_attribute_decimal` (
  `value_id` int(10) unsigned NOT NULL AUTO_INCREMENT COMMENT 'Value ID',
  `product_link_attribute_id` smallint(5) unsigned DEFAULT NULL COMMENT 'Product Link Attribute ID',
  `link_id` int(10) unsigned NOT NULL COMMENT 'Link ID',
  `value` decimal(12,4) NOT NULL DEFAULT '0.0000' COMMENT 'Value',
  PRIMARY KEY (`value_id`),
  UNIQUE KEY `CAT_PRD_LNK_ATTR_DEC_PRD_LNK_ATTR_ID_LNK_ID` (`product_link_attribute_id`,`link_id`),
  KEY `CATALOG_PRODUCT_LINK_ATTRIBUTE_DECIMAL_LINK_ID` (`link_id`)
) ENGINE=InnoDB DEFAULT CHARSET=utf8 COMMENT='Catalog Product Link Decimal Attribute Table';

--
-- Table structure for table `catalog_product_link_attribute_int`
--

CREATE TABLE `catalog_product_link_attribute_int` (
  `value_id` int(10) unsigned NOT NULL AUTO_INCREMENT COMMENT 'Value ID',
  `product_link_attribute_id` smallint(5) unsigned DEFAULT NULL COMMENT 'Product Link Attribute ID',
  `link_id` int(10) unsigned NOT NULL COMMENT 'Link ID',
  `value` int(11) NOT NULL DEFAULT '0' COMMENT 'Value',
  PRIMARY KEY (`value_id`),
  UNIQUE KEY `CAT_PRD_LNK_ATTR_INT_PRD_LNK_ATTR_ID_LNK_ID` (`product_link_attribute_id`,`link_id`),
  KEY `CATALOG_PRODUCT_LINK_ATTRIBUTE_INT_LINK_ID` (`link_id`)
) ENGINE=InnoDB AUTO_INCREMENT=433 DEFAULT CHARSET=utf8 COMMENT='Catalog Product Link Integer Attribute Table';

--
-- Dumping data for table `catalog_product_link_attribute_int`
--

INSERT INTO `catalog_product_link_attribute_int` VALUES ('109',1,'109','1'),('110',1,'110','2'),('111',1,'111','3'),('112',1,'112','4'),('113',1,'113','5'),('114',1,'114','6'),('115',2,'115','1'),('116',2,'116','2'),('117',2,'117','3'),('118',2,'118','4'),('119',2,'119','5'),('120',2,'120','6'),('193',1,'193','1'),('194',1,'194','2'),('195',1,'195','3'),('196',1,'196','4'),('197',1,'197','5'),('198',1,'198','6'),('199',2,'199','1'),('200',2,'200','2'),('201',2,'201','3'),('202',2,'202','4'),('203',2,'203','5'),('204',2,'204','6'),('241',1,'241','1'),('242',1,'242','2'),('243',1,'243','3'),('244',1,'244','4'),('245',1,'245','5'),('246',1,'246','6'),('247',2,'247','1'),('248',2,'248','2'),('249',2,'249','3'),('250',2,'250','4'),('251',2,'251','5'),('252',2,'252','6'),('289',1,'289','1'),('290',1,'290','2'),('291',1,'291','3'),('292',1,'292','4'),('293',1,'293','5'),('294',1,'294','6'),('295',2,'295','1'),('296',2,'296','2'),('297',2,'297','3'),('298',2,'298','4'),('299',2,'299','5'),('300',2,'300','6'),('301',1,'301','1'),('302',1,'302','2'),('303',1,'303','3'),('304',1,'304','4'),('305',1,'305','5'),('306',1,'306','6'),('307',2,'307','1'),('308',2,'308','2'),('309',2,'309','3'),('310',2,'310','4'),('311',2,'311','5'),('312',2,'312','6'),('313',1,'313','1'),('314',1,'314','2'),('315',1,'315','3'),('316',1,'316','4'),('317',1,'317','5'),('318',1,'318','6'),('319',2,'319','1'),('320',2,'320','2'),('321',2,'321','3'),('322',2,'322','4'),('323',2,'323','5'),('324',2,'324','6'),('325',1,'325','1'),('326',1,'326','2'),('327',1,'327','3'),('328',1,'328','4'),('329',1,'329','5'),('330',1,'330','6'),('331',2,'331','1'),('332',2,'332','2'),('333',2,'333','3'),('334',2,'334','4'),('335',2,'335','5'),('336',2,'336','6'),('337',1,'337','1'),('338',1,'338','2'),('339',1,'339','3'),('340',1,'340','4'),('341',1,'341','5'),('342',1,'342','6'),('343',2,'343','1'),('344',2,'344','2'),('345',2,'345','3'),('346',2,'346','4'),('347',2,'347','5'),('348',2,'348','6'),('349',1,'349','1'),('350',1,'350','2'),('351',1,'351','3'),('352',1,'352','4'),('353',1,'353','5'),('354',1,'354','6'),('355',2,'355','1'),('356',2,'356','2'),('357',2,'357','3'),('358',2,'358','4'),('359',2,'359','5'),('360',2,'360','6'),('361',1,'361','1'),('362',1,'362','2'),('363',1,'363','3'),('364',1,'364','4'),('365',1,'365','5'),('366',1,'366','6'),('367',2,'367','1'),('368',2,'368','2'),('369',2,'369','3'),('370',2,'370','4'),('371',2,'371','5'),('372',2,'372','6'),('373',1,'373','1'),('374',1,'374','2'),('375',1,'375','3'),('376',1,'376','4'),('377',1,'377','5'),('378',1,'378','6'),('379',2,'379','1'),('380',2,'380','2'),('381',2,'381','3'),('382',2,'382','4'),('383',2,'383','5'),('384',2,'384','6'),('385',1,'385','1'),('386',1,'386','2'),('387',1,'387','3'),('388',1,'388','4'),('389',1,'389','5'),('390',1,'390','6'),('391',2,'391','1'),('392',2,'392','2'),('393',2,'393','3'),('394',2,'394','4'),('395',2,'395','5'),('396',2,'396','6'),('397',1,'397','1'),('398',1,'398','2'),('399',1,'399','3'),('400',1,'400','4'),('401',1,'401','5'),('402',1,'402','6'),('403',2,'403','1'),('404',2,'404','2'),('405',2,'405','3'),('406',2,'406','4'),('407',2,'407','5'),('408',2,'408','6'),('409',1,'409','1'),('410',1,'410','2'),('411',1,'411','3'),('412',1,'412','4'),('413',1,'413','5'),('414',1,'414','6'),('415',2,'415','1'),('416',2,'416','2'),('417',2,'417','3'),('418',2,'418','4'),('419',2,'419','5'),('420',2,'420','6'),('421',1,'421','1'),('422',1,'422','2'),('423',1,'423','3'),('424',1,'424','4'),('425',1,'425','5'),('426',1,'426','6'),('427',2,'427','1'),('428',2,'428','2'),('429',2,'429','3'),('430',2,'430','4'),('431',2,'431','5'),('432',2,'432','6');

--
-- Table structure for table `catalog_product_link_attribute_varchar`
--

CREATE TABLE `catalog_product_link_attribute_varchar` (
  `value_id` int(10) unsigned NOT NULL AUTO_INCREMENT COMMENT 'Value ID',
  `product_link_attribute_id` smallint(5) unsigned NOT NULL DEFAULT '0' COMMENT 'Product Link Attribute ID',
  `link_id` int(10) unsigned NOT NULL COMMENT 'Link ID',
  `value` varchar(255) DEFAULT NULL COMMENT 'Value',
  PRIMARY KEY (`value_id`),
  UNIQUE KEY `CAT_PRD_LNK_ATTR_VCHR_PRD_LNK_ATTR_ID_LNK_ID` (`product_link_attribute_id`,`link_id`),
  KEY `CATALOG_PRODUCT_LINK_ATTRIBUTE_VARCHAR_LINK_ID` (`link_id`)
) ENGINE=InnoDB DEFAULT CHARSET=utf8 COMMENT='Catalog Product Link Varchar Attribute Table';

--
-- Table structure for table `catalog_product_link_type`
--

CREATE TABLE `catalog_product_link_type` (
  `link_type_id` smallint(5) unsigned NOT NULL AUTO_INCREMENT COMMENT 'Link Type ID',
  `code` varchar(32) DEFAULT NULL COMMENT 'Code',
  PRIMARY KEY (`link_type_id`)
) ENGINE=InnoDB AUTO_INCREMENT=6 DEFAULT CHARSET=utf8 COMMENT='Catalog Product Link Type Table';

--
-- Dumping data for table `catalog_product_link_type`
--

INSERT INTO `catalog_product_link_type` VALUES (1,'relation'),(3,'super'),(4,'up_sell'),(5,'cross_sell');

--
-- Table structure for table `catalog_product_option`
--

CREATE TABLE `catalog_product_option` (
  `option_id` int(10) unsigned NOT NULL AUTO_INCREMENT COMMENT 'Option ID',
  `product_id` int(10) unsigned NOT NULL DEFAULT '0' COMMENT 'Product ID',
  `type` varchar(50) DEFAULT NULL COMMENT 'Type',
  `is_require` smallint(6) NOT NULL DEFAULT '1' COMMENT 'Is Required',
  `sku` varchar(64) DEFAULT NULL COMMENT 'SKU',
  `max_characters` int(10) unsigned DEFAULT NULL COMMENT 'Max Characters',
  `file_extension` varchar(50) DEFAULT NULL COMMENT 'File Extension',
  `image_size_x` smallint(5) unsigned DEFAULT NULL COMMENT 'Image Size X',
  `image_size_y` smallint(5) unsigned DEFAULT NULL COMMENT 'Image Size Y',
  `sort_order` int(10) unsigned NOT NULL DEFAULT '0' COMMENT 'Sort Order',
  PRIMARY KEY (`option_id`),
  KEY `CATALOG_PRODUCT_OPTION_PRODUCT_ID` (`product_id`)
) ENGINE=InnoDB AUTO_INCREMENT=28 DEFAULT CHARSET=utf8 COMMENT='Catalog Product Option Table';

--
-- Dumping data for table `catalog_product_option`
--

INSERT INTO `catalog_product_option` VALUES ('3','8','drop_down',1,NULL,'0',NULL,0,0,'1'),('4','8','drop_down',1,NULL,'0',NULL,0,0,'2'),('5','7','drop_down',1,NULL,'0',NULL,0,0,'3'),('6','7','drop_down',1,NULL,'0',NULL,0,0,'4'),('7','6','drop_down',1,NULL,'0',NULL,0,0,'3'),('8','6','drop_down',1,NULL,'0',NULL,0,0,'4'),('9','14','drop_down',1,NULL,'0',NULL,0,0,'4'),('10','14','drop_down',1,NULL,'0',NULL,0,0,'5'),('11','15','drop_down',1,NULL,'0',NULL,0,0,'4'),('12','15','drop_down',1,NULL,'0',NULL,0,0,'5'),('13','16','drop_down',1,NULL,'0',NULL,0,0,'4'),('14','16','drop_down',1,NULL,'0',NULL,0,0,'5'),('15','16','drop_down',1,NULL,'0',NULL,0,0,'3'),('16','17','drop_down',1,NULL,'0',NULL,0,0,'4'),('17','17','drop_down',1,NULL,'0',NULL,0,0,'5'),('18','17','drop_down',1,NULL,'0',NULL,0,0,'3'),('19','18','drop_down',1,NULL,'0',NULL,0,0,'4'),('20','18','drop_down',1,NULL,'0',NULL,0,0,'5'),('21','18','drop_down',1,NULL,'0',NULL,0,0,'3'),('22','19','drop_down',1,NULL,'0',NULL,0,0,'4'),('23','19','drop_down',1,NULL,'0',NULL,0,0,'5'),('24','19','drop_down',1,NULL,'0',NULL,0,0,'3'),('25','20','drop_down',1,NULL,'0',NULL,0,0,'4'),('26','20','drop_down',1,NULL,'0',NULL,0,0,'5'),('27','20','drop_down',1,NULL,'0',NULL,0,0,'3');

--
-- Table structure for table `catalog_product_option_price`
--

CREATE TABLE `catalog_product_option_price` (
  `option_price_id` int(10) unsigned NOT NULL AUTO_INCREMENT COMMENT 'Option Price ID',
  `option_id` int(10) unsigned NOT NULL DEFAULT '0' COMMENT 'Option ID',
  `store_id` smallint(5) unsigned NOT NULL DEFAULT '0' COMMENT 'Store ID',
  `price` decimal(12,4) NOT NULL DEFAULT '0.0000' COMMENT 'Price',
  `price_type` varchar(7) NOT NULL DEFAULT 'fixed' COMMENT 'Price Type',
  PRIMARY KEY (`option_price_id`),
  UNIQUE KEY `CATALOG_PRODUCT_OPTION_PRICE_OPTION_ID_STORE_ID` (`option_id`,`store_id`),
  KEY `CATALOG_PRODUCT_OPTION_PRICE_STORE_ID` (`store_id`)
) ENGINE=InnoDB DEFAULT CHARSET=utf8 COMMENT='Catalog Product Option Price Table';

--
-- Table structure for table `catalog_product_option_title`
--

CREATE TABLE `catalog_product_option_title` (
  `option_title_id` int(10) unsigned NOT NULL AUTO_INCREMENT COMMENT 'Option Title ID',
  `option_id` int(10) unsigned NOT NULL DEFAULT '0' COMMENT 'Option ID',
  `store_id` smallint(5) unsigned NOT NULL DEFAULT '0' COMMENT 'Store ID',
  `title` varchar(255) DEFAULT NULL COMMENT 'Title',
  PRIMARY KEY (`option_title_id`),
  UNIQUE KEY `CATALOG_PRODUCT_OPTION_TITLE_OPTION_ID_STORE_ID` (`option_id`,`store_id`),
  KEY `CATALOG_PRODUCT_OPTION_TITLE_STORE_ID` (`store_id`)
) ENGINE=InnoDB AUTO_INCREMENT=28 DEFAULT CHARSET=utf8 COMMENT='Catalog Product Option Title Table';

--
-- Dumping data for table `catalog_product_option_title`
--

INSERT INTO `catalog_product_option_title` VALUES ('3','3',0,'Padding Level'),('4','4',0,'Panties type'),('5','5',0,'Padding Level'),('6','6',0,'Panties type'),('7','7',0,'Padding Level'),('8','8',0,'Panties type'),('9','9',0,'Padding Level'),('10','10',0,'Panties type'),('11','11',0,'Padding Level'),('12','12',0,'Panties type'),('13','13',0,'Padding Level'),('14','14',0,'Panties type'),('15','15',0,'Size'),('16','16',0,'Padding Level'),('17','17',0,'Panties type'),('18','18',0,'Size'),('19','19',0,'Padding Level'),('20','20',0,'Panties type'),('21','21',0,'Size'),('22','22',0,'Padding Level'),('23','23',0,'Panties type'),('24','24',0,'Size'),('25','25',0,'Padding Level'),('26','26',0,'Panties type'),('27','27',0,'Size');

--
-- Table structure for table `catalog_product_option_type_price`
--

CREATE TABLE `catalog_product_option_type_price` (
  `option_type_price_id` int(10) unsigned NOT NULL AUTO_INCREMENT COMMENT 'Option Type Price ID',
  `option_type_id` int(10) unsigned NOT NULL DEFAULT '0' COMMENT 'Option Type ID',
  `store_id` smallint(5) unsigned NOT NULL DEFAULT '0' COMMENT 'Store ID',
  `price` decimal(12,4) NOT NULL DEFAULT '0.0000' COMMENT 'Price',
  `price_type` varchar(7) NOT NULL DEFAULT 'fixed' COMMENT 'Price Type',
  PRIMARY KEY (`option_type_price_id`),
  UNIQUE KEY `CATALOG_PRODUCT_OPTION_TYPE_PRICE_OPTION_TYPE_ID_STORE_ID` (`option_type_id`,`store_id`),
  KEY `CATALOG_PRODUCT_OPTION_TYPE_PRICE_STORE_ID` (`store_id`)
) ENGINE=InnoDB AUTO_INCREMENT=89 DEFAULT CHARSET=utf8 COMMENT='Catalog Product Option Type Price Table';

--
-- Dumping data for table `catalog_product_option_type_price`
--

INSERT INTO `catalog_product_option_type_price` VALUES ('7','8',0,'1.0000','fixed'),('8','9',0,'2.0000','fixed'),('9','10',0,'3.0000','fixed'),('10','11',0,'2.0000','fixed'),('11','12',0,'3.0000','fixed'),('12','13',0,'4.0000','fixed'),('13','14',0,'6.0000','fixed'),('14','15',0,'1.0000','fixed'),('15','16',0,'2.0000','fixed'),('16','17',0,'3.0000','fixed'),('17','18',0,'2.0000','fixed'),('18','19',0,'3.0000','fixed'),('19','20',0,'4.0000','fixed'),('20','21',0,'6.0000','fixed'),('21','22',0,'1.0000','fixed'),('22','23',0,'2.0000','fixed'),('23','24',0,'3.0000','fixed'),('24','25',0,'2.0000','fixed'),('25','26',0,'3.0000','fixed'),('26','27',0,'4.0000','fixed'),('27','28',0,'6.0000','fixed'),('28','29',0,'1.0000','fixed'),('29','30',0,'2.0000','fixed'),('30','31',0,'3.0000','fixed'),('31','32',0,'2.0000','fixed'),('32','33',0,'3.0000','fixed'),('33','34',0,'4.0000','fixed'),('34','35',0,'6.0000','fixed'),('35','36',0,'1.0000','fixed'),('36','37',0,'2.0000','fixed'),('37','38',0,'3.0000','fixed'),('38','39',0,'2.0000','fixed'),('39','40',0,'3.0000','fixed'),('40','41',0,'4.0000','fixed'),('41','42',0,'6.0000','fixed'),('42','43',0,'1.0000','fixed'),('43','44',0,'2.0000','fixed'),('44','45',0,'3.0000','fixed'),('45','46',0,'2.0000','fixed'),('46','47',0,'3.0000','fixed'),('47','48',0,'4.0000','fixed'),('48','49',0,'6.0000','fixed'),('49','54',0,'1.0000','fixed'),('50','55',0,'2.0000','fixed'),('51','56',0,'3.0000','fixed'),('52','57',0,'2.0000','fixed'),('53','58',0,'3.0000','fixed'),('54','59',0,'4.0000','fixed'),('55','60',0,'6.0000','fixed'),('56','65',0,'1.0000','fixed'),('57','66',0,'2.0000','fixed'),('58','67',0,'3.0000','fixed'),('59','68',0,'2.0000','fixed'),('60','69',0,'3.0000','fixed'),('61','70',0,'4.0000','fixed'),('62','71',0,'6.0000','fixed'),('63','76',0,'1.0000','fixed'),('64','77',0,'2.0000','fixed'),('65','78',0,'3.0000','fixed'),('66','79',0,'2.0000','fixed'),('67','80',0,'3.0000','fixed'),('68','81',0,'4.0000','fixed'),('69','82',0,'6.0000','fixed'),('70','87',0,'1.0000','fixed'),('71','88',0,'2.0000','fixed'),('72','89',0,'3.0000','fixed'),('73','90',0,'2.0000','fixed'),('74','91',0,'3.0000','fixed'),('75','92',0,'4.0000','fixed'),('76','93',0,'6.0000','fixed'),('77','61',0,'0.0000','fixed'),('78','62',0,'0.0000','fixed'),('79','63',0,'0.0000','fixed'),('80','64',0,'0.0000','fixed'),('81','72',0,'0.0000','fixed'),('82','73',0,'0.0000','fixed'),('83','74',0,'0.0000','fixed'),('84','75',0,'0.0000','fixed'),('85','83',0,'0.0000','fixed'),('86','84',0,'0.0000','fixed'),('87','85',0,'0.0000','fixed'),('88','86',0,'0.0000','fixed');

--
-- Table structure for table `catalog_product_option_type_title`
--

CREATE TABLE `catalog_product_option_type_title` (
  `option_type_title_id` int(10) unsigned NOT NULL AUTO_INCREMENT COMMENT 'Option Type Title ID',
  `option_type_id` int(10) unsigned NOT NULL DEFAULT '0' COMMENT 'Option Type ID',
  `store_id` smallint(5) unsigned NOT NULL DEFAULT '0' COMMENT 'Store ID',
  `title` varchar(255) DEFAULT NULL COMMENT 'Title',
  PRIMARY KEY (`option_type_title_id`),
  UNIQUE KEY `CATALOG_PRODUCT_OPTION_TYPE_TITLE_OPTION_TYPE_ID_STORE_ID` (`option_type_id`,`store_id`),
  KEY `CATALOG_PRODUCT_OPTION_TYPE_TITLE_STORE_ID` (`store_id`)
) ENGINE=InnoDB AUTO_INCREMENT=98 DEFAULT CHARSET=utf8 COMMENT='Catalog Product Option Type Title Table';

--
-- Dumping data for table `catalog_product_option_type_title`
--

INSERT INTO `catalog_product_option_type_title` VALUES ('8','8',0,'Lightly Lined'),('9','9',0,'Push-Up Padding'),('10','10',0,'Add-2-Cups'),('11','11',0,'Basic'),('12','12',0,' Bikini'),('13','13',0,'Tanga'),('14','14',0,'Brief'),('15','15',0,'Lightly Lined'),('16','16',0,'Push-Up Padding'),('17','17',0,'Add-2-Cups'),('18','18',0,'Basic'),('19','19',0,' Bikini'),('20','20',0,'Tanga'),('21','21',0,'Brief'),('22','22',0,'Lightly Lined'),('23','23',0,'Push-Up Padding'),('24','24',0,'Add-2-Cups'),('25','25',0,'Basic'),('26','26',0,' Bikini'),('27','27',0,'Tanga'),('28','28',0,'Brief'),('29','29',0,'Lightly Lined'),('30','30',0,'Push-Up Padding'),('31','31',0,'Add-2-Cups'),('32','32',0,'Basic'),('33','33',0,' Bikini'),('34','34',0,'Tanga'),('35','35',0,'Brief'),('36','36',0,'Lightly Lined'),('37','37',0,'Push-Up Padding'),('38','38',0,'Add-2-Cups'),('39','39',0,'Basic'),('40','40',0,' Bikini'),('41','41',0,'Tanga'),('42','42',0,'Brief'),('43','43',0,'Lightly Lined'),('44','44',0,'Push-Up Padding'),('45','45',0,'Add-2-Cups'),('46','46',0,'Basic'),('47','47',0,' Bikini'),('48','48',0,'Tanga'),('49','49',0,'Brief'),('50','50',0,'S'),('51','51',0,'M'),('52','52',0,'L'),('53','53',0,'Xl'),('54','54',0,'Lightly Lined'),('55','55',0,'Push-Up Padding'),('56','56',0,'Add-2-Cups'),('57','57',0,'Basic'),('58','58',0,' Bikini'),('59','59',0,'Tanga'),('60','60',0,'Brief'),('61','61',0,'S'),('62','62',0,'M'),('63','63',0,'L'),('64','64',0,'Xl'),('65','65',0,'Lightly Lined'),('66','66',0,'Push-Up Padding'),('67','67',0,'Add-2-Cups'),('68','68',0,'Basic'),('69','69',0,' Bikini'),('70','70',0,'Tanga'),('71','71',0,'Brief'),('72','72',0,'S'),('73','73',0,'M'),('74','74',0,'L'),('75','75',0,'Xl'),('76','76',0,'Lightly Lined'),('77','77',0,'Push-Up Padding'),('78','78',0,'Add-2-Cups'),('79','79',0,'Basic'),('80','80',0,' Bikini'),('81','81',0,'Tanga'),('82','82',0,'Brief'),('83','83',0,'S'),('84','84',0,'M'),('85','85',0,'L'),('86','86',0,'Xl'),('87','87',0,'Lightly Lined'),('88','88',0,'Push-Up Padding'),('89','89',0,'Add-2-Cups'),('90','90',0,'Basic'),('91','91',0,' Bikini'),('92','92',0,'Tanga'),('93','93',0,'Brief'),('94','94',0,'S'),('95','95',0,'M'),('96','96',0,'L'),('97','97',0,'Xl');

--
-- Table structure for table `catalog_product_option_type_value`
--

CREATE TABLE `catalog_product_option_type_value` (
  `option_type_id` int(10) unsigned NOT NULL AUTO_INCREMENT COMMENT 'Option Type ID',
  `option_id` int(10) unsigned NOT NULL DEFAULT '0' COMMENT 'Option ID',
  `sku` varchar(64) DEFAULT NULL COMMENT 'SKU',
  `sort_order` int(10) unsigned NOT NULL DEFAULT '0' COMMENT 'Sort Order',
  PRIMARY KEY (`option_type_id`),
  KEY `CATALOG_PRODUCT_OPTION_TYPE_VALUE_OPTION_ID` (`option_id`)
) ENGINE=InnoDB AUTO_INCREMENT=98 DEFAULT CHARSET=utf8 COMMENT='Catalog Product Option Type Value Table';

--
-- Dumping data for table `catalog_product_option_type_value`
--

INSERT INTO `catalog_product_option_type_value` VALUES ('8','3',NULL,'1'),('9','3',NULL,'2'),('10','3',NULL,'3'),('11','4',NULL,'1'),('12','4',NULL,'2'),('13','4',NULL,'3'),('14','4',NULL,'4'),('15','5',NULL,'1'),('16','5',NULL,'2'),('17','5',NULL,'3'),('18','6',NULL,'1'),('19','6',NULL,'2'),('20','6',NULL,'3'),('21','6',NULL,'4'),('22','7',NULL,'1'),('23','7',NULL,'2'),('24','7',NULL,'3'),('25','8',NULL,'1'),('26','8',NULL,'2'),('27','8',NULL,'3'),('28','8',NULL,'4'),('29','9',NULL,'1'),('30','9',NULL,'2'),('31','9',NULL,'3'),('32','10',NULL,'1'),('33','10',NULL,'2'),('34','10',NULL,'3'),('35','10',NULL,'4'),('36','11',NULL,'1'),('37','11',NULL,'2'),('38','11',NULL,'3'),('39','12',NULL,'1'),('40','12',NULL,'2'),('41','12',NULL,'3'),('42','12',NULL,'4'),('43','13',NULL,'1'),('44','13',NULL,'2'),('45','13',NULL,'3'),('46','14',NULL,'1'),('47','14',NULL,'2'),('48','14',NULL,'3'),('49','14',NULL,'4'),('50','15',NULL,'1'),('51','15',NULL,'2'),('52','15',NULL,'3'),('53','15',NULL,'4'),('54','16',NULL,'1'),('55','16',NULL,'2'),('56','16',NULL,'3'),('57','17',NULL,'1'),('58','17',NULL,'2'),('59','17',NULL,'3'),('60','17',NULL,'4'),('61','18',NULL,'1'),('62','18',NULL,'2'),('63','18',NULL,'3'),('64','18',NULL,'4'),('65','19',NULL,'1'),('66','19',NULL,'2'),('67','19',NULL,'3'),('68','20',NULL,'1'),('69','20',NULL,'2'),('70','20',NULL,'3'),('71','20',NULL,'4'),('72','21',NULL,'1'),('73','21',NULL,'2'),('74','21',NULL,'3'),('75','21',NULL,'4'),('76','22',NULL,'1'),('77','22',NULL,'2'),('78','22',NULL,'3'),('79','23',NULL,'1'),('80','23',NULL,'2'),('81','23',NULL,'3'),('82','23',NULL,'4'),('83','24',NULL,'1'),('84','24',NULL,'2'),('85','24',NULL,'3'),('86','24',NULL,'4'),('87','25',NULL,'1'),('88','25',NULL,'2'),('89','25',NULL,'3'),('90','26',NULL,'1'),('91','26',NULL,'2'),('92','26',NULL,'3'),('93','26',NULL,'4'),('94','27',NULL,'1'),('95','27',NULL,'2'),('96','27',NULL,'3'),('97','27',NULL,'4');

--
-- Table structure for table `catalog_product_relation`
--

CREATE TABLE `catalog_product_relation` (
  `parent_id` int(10) unsigned NOT NULL COMMENT 'Parent ID',
  `child_id` int(10) unsigned NOT NULL COMMENT 'Child ID',
  PRIMARY KEY (`parent_id`,`child_id`),
  KEY `CATALOG_PRODUCT_RELATION_CHILD_ID` (`child_id`)
) ENGINE=InnoDB DEFAULT CHARSET=utf8 COMMENT='Catalog Product Relation Table';

--
-- Dumping data for table `catalog_product_relation`
--

INSERT INTO `catalog_product_relation` VALUES ('16','21'),('16','22'),('17','23'),('17','24'),('18','25'),('18','26'),('18','27'),('19','28'),('19','29'),('20','30'),('20','31'),('32','38'),('32','39'),('35','40'),('35','41'),('36','42'),('36','43'),('34','44'),('34','45'),('34','46'),('33','47'),('33','48');

--
-- Table structure for table `catalog_product_super_attribute`
--

CREATE TABLE `catalog_product_super_attribute` (
  `product_super_attribute_id` int(10) unsigned NOT NULL AUTO_INCREMENT COMMENT 'Product Super Attribute ID',
  `product_id` int(10) unsigned NOT NULL DEFAULT '0' COMMENT 'Product ID',
  `attribute_id` smallint(5) unsigned NOT NULL DEFAULT '0' COMMENT 'Attribute ID',
  `position` smallint(5) unsigned NOT NULL DEFAULT '0' COMMENT 'Position',
  PRIMARY KEY (`product_super_attribute_id`),
  UNIQUE KEY `CATALOG_PRODUCT_SUPER_ATTRIBUTE_PRODUCT_ID_ATTRIBUTE_ID` (`product_id`,`attribute_id`)
) ENGINE=InnoDB AUTO_INCREMENT=19 DEFAULT CHARSET=utf8 COMMENT='Catalog Product Super Attribute Table';

--
-- Dumping data for table `catalog_product_super_attribute`
--

INSERT INTO `catalog_product_super_attribute` VALUES ('1','16',143,0),('5','20',143,0),('11','33',143,0),('12','32',143,0),('13','34',143,0),('14','35',143,0),('15','36',143,0),('16','17',143,0),('17','18',143,0),('18','19',143,0);

--
-- Table structure for table `catalog_product_super_attribute_label`
--

CREATE TABLE `catalog_product_super_attribute_label` (
  `value_id` int(10) unsigned NOT NULL AUTO_INCREMENT COMMENT 'Value ID',
  `product_super_attribute_id` int(10) unsigned NOT NULL DEFAULT '0' COMMENT 'Product Super Attribute ID',
  `store_id` smallint(5) unsigned NOT NULL DEFAULT '0' COMMENT 'Store ID',
  `use_default` smallint(5) unsigned DEFAULT '0' COMMENT 'Use Default Value',
  `value` varchar(255) DEFAULT NULL COMMENT 'Value',
  PRIMARY KEY (`value_id`),
  UNIQUE KEY `CAT_PRD_SPR_ATTR_LBL_PRD_SPR_ATTR_ID_STORE_ID` (`product_super_attribute_id`,`store_id`),
  KEY `CATALOG_PRODUCT_SUPER_ATTRIBUTE_LABEL_STORE_ID` (`store_id`)
) ENGINE=InnoDB AUTO_INCREMENT=19 DEFAULT CHARSET=utf8 COMMENT='Catalog Product Super Attribute Label Table';

--
-- Dumping data for table `catalog_product_super_attribute_label`
--

INSERT INTO `catalog_product_super_attribute_label` VALUES ('1','1',0,0,'Color'),('5','5',0,0,'Color'),('11','11',0,0,'Color'),('12','12',0,0,'Color'),('13','13',0,0,'Color'),('14','14',0,0,'Color'),('15','15',0,0,'Color'),('16','16',0,0,'Color'),('17','17',0,0,'Color'),('18','18',0,0,'Color');

--
-- Table structure for table `catalog_product_super_link`
--

CREATE TABLE `catalog_product_super_link` (
  `link_id` int(10) unsigned NOT NULL AUTO_INCREMENT COMMENT 'Link ID',
  `product_id` int(10) unsigned NOT NULL DEFAULT '0' COMMENT 'Product ID',
  `parent_id` int(10) unsigned NOT NULL DEFAULT '0' COMMENT 'Parent ID',
  PRIMARY KEY (`link_id`),
  UNIQUE KEY `CATALOG_PRODUCT_SUPER_LINK_PRODUCT_ID_PARENT_ID` (`product_id`,`parent_id`),
  KEY `CATALOG_PRODUCT_SUPER_LINK_PARENT_ID` (`parent_id`)
) ENGINE=InnoDB AUTO_INCREMENT=41 DEFAULT CHARSET=utf8 COMMENT='Catalog Product Super Link Table';

--
-- Dumping data for table `catalog_product_super_link`
--

INSERT INTO `catalog_product_super_link` VALUES ('1','21','16'),('2','22','16'),('35','23','17'),('34','24','17'),('38','25','18'),('37','26','18'),('36','27','18'),('40','28','19'),('39','29','19'),('10','30','20'),('11','31','20'),('26','38','32'),('25','39','32'),('30','40','35'),('31','41','35'),('32','42','36'),('33','43','36'),('29','44','34'),('28','45','34'),('27','46','34'),('24','47','33'),('23','48','33');

--
-- Table structure for table `catalog_product_website`
--

CREATE TABLE `catalog_product_website` (
  `product_id` int(10) unsigned NOT NULL COMMENT 'Product ID',
  `website_id` smallint(5) unsigned NOT NULL COMMENT 'Website ID',
  PRIMARY KEY (`product_id`,`website_id`),
  KEY `CATALOG_PRODUCT_WEBSITE_WEBSITE_ID` (`website_id`)
) ENGINE=InnoDB DEFAULT CHARSET=utf8 COMMENT='Catalog Product To Website Linkage Table';

--
-- Dumping data for table `catalog_product_website`
--

INSERT INTO `catalog_product_website` VALUES ('1',1),('2',1),('3',1),('4',1),('5',1),('6',1),('7',1),('8',1),('14',1),('15',1),('16',1),('17',1),('18',1),('19',1),('20',1),('21',1),('22',1),('23',1),('24',1),('25',1),('26',1),('27',1),('28',1),('29',1),('30',1),('31',1),('32',1),('33',1),('34',1),('35',1),('36',1),('37',1),('38',1),('39',1),('40',1),('41',1),('42',1),('43',1),('44',1),('45',1),('46',1),('47',1),('48',1);

--
-- Table structure for table `catalog_url_rewrite_product_category`
--

CREATE TABLE `catalog_url_rewrite_product_category` (
  `url_rewrite_id` int(10) unsigned NOT NULL COMMENT 'url_rewrite_id',
  `category_id` int(10) unsigned NOT NULL COMMENT 'category_id',
  `product_id` int(10) unsigned NOT NULL COMMENT 'product_id',
  KEY `CATALOG_URL_REWRITE_PRODUCT_CATEGORY_CATEGORY_ID_PRODUCT_ID` (`category_id`,`product_id`),
  KEY `CAT_URL_REWRITE_PRD_CTGR_PRD_ID_CAT_PRD_ENTT_ENTT_ID` (`product_id`),
  KEY `FK_BB79E64705D7F17FE181F23144528FC8` (`url_rewrite_id`)
) ENGINE=InnoDB DEFAULT CHARSET=utf8 COMMENT='url_rewrite_relation';

--
-- Dumping data for table `catalog_url_rewrite_product_category`
--

INSERT INTO `catalog_url_rewrite_product_category` VALUES ('3988','10','37'),('4010','10','37'),('4032','10','37'),('3987','8','37'),('4009','8','37'),('4031','8','37'),('3985','7','37'),('4007','7','37'),('4029','7','37'),('3981','3','37'),('4003','3','37'),('4025','3','37'),('4000','30','37'),('4022','30','37'),('4044','30','37'),('4001','32','37'),('4023','32','37'),('4045','32','37'),('3999','29','37'),('4021','29','37'),('4043','29','37'),('3983','5','37'),('4005','5','37'),('4027','5','37'),('3995','21','37'),('4017','21','37'),('4039','21','37'),('3998','26','37'),('4020','26','37'),('4042','26','37'),('3996','23','37'),('4018','23','37'),('4040','23','37'),('3982','4','37'),('4004','4','37'),('4026','4','37'),('3997','25','37'),('4019','25','37'),('4041','25','37'),('3991','14','37'),('4013','14','37'),('4035','14','37'),('3989','12','37'),('4011','12','37'),('4033','12','37'),('3986','11','37'),('4008','11','37'),('4030','11','37'),('3990','13','37'),('4012','13','37'),('4034','13','37'),('3984','6','37'),('4006','6','37'),('4028','6','37'),('3994','19','37'),('4016','19','37'),('4038','19','37'),('3993','18','37'),('4015','18','37'),('4037','18','37'),('3992','16','37'),('4014','16','37'),('4036','16','37'),('4054','10','32'),('4098','10','32'),('4142','10','32'),('4053','8','32'),('4097','8','32'),('4141','8','32'),('4051','7','32'),('4095','7','32'),('4139','7','32'),('4066','30','32'),('4110','30','32'),('4154','30','32'),('4067','32','32'),('4111','32','32'),('4155','32','32'),('4047','3','32'),('4091','3','32'),('4135','3','32'),('4065','29','32'),('4109','29','32'),('4153','29','32'),('4061','21','32'),('4105','21','32'),('4149','21','32'),('4049','5','32'),('4093','5','32'),('4137','5','32'),('4064','26','32'),('4108','26','32'),('4152','26','32'),('4062','23','32'),('4106','23','32'),('4150','23','32'),('4063','25','32'),('4107','25','32'),('4151','25','32'),('4048','4','32'),('4092','4','32'),('4136','4','32'),('4057','14','32'),('4101','14','32'),('4145','14','32'),('4055','12','32'),('4099','12','32'),('4143','12','32'),('4056','13','32'),('4100','13','32'),('4144','13','32'),('4052','11','32'),('4096','11','32'),('4140','11','32'),('4060','19','32'),('4104','19','32'),('4148','19','32'),('4059','18','32'),('4103','18','32'),('4147','18','32'),('4058','16','32'),('4102','16','32'),('4146','16','32'),('4050','6','32'),('4094','6','32'),('4138','6','32'),('4186','10','33'),('4230','10','33'),('4274','10','33'),('4185','8','33'),('4229','8','33'),('4273','8','33'),('4183','7','33'),('4227','7','33'),('4271','7','33'),('4198','30','33'),('4242','30','33'),('4286','30','33'),('4199','32','33'),('4243','32','33'),('4287','32','33'),('4179','3','33'),('4223','3','33'),('4267','3','33'),('4197','29','33'),('4241','29','33'),('4285','29','33'),('4193','21','33'),('4237','21','33'),('4281','21','33'),('4181','5','33'),('4225','5','33'),('4269','5','33'),('4196','26','33'),('4240','26','33'),('4284','26','33'),('4194','23','33'),('4238','23','33'),('4282','23','33'),('4195','25','33'),('4239','25','33'),('4283','25','33'),('4180','4','33'),('4224','4','33'),('4268','4','33'),('4189','14','33'),('4233','14','33'),('4277','14','33'),('4187','12','33'),('4231','12','33'),('4275','12','33'),('4188','13','33'),('4232','13','33'),('4276','13','33'),('4184','11','33'),('4228','11','33'),('4272','11','33'),('4192','19','33'),('4236','19','33'),('4280','19','33'),('4191','18','33'),('4235','18','33'),('4279','18','33'),('4190','16','33'),('4234','16','33'),('4278','16','33'),('4182','6','33'),('4226','6','33'),('4270','6','33'),('4318','10','34'),('4362','10','34'),('4406','10','34'),('4317','8','34'),('4361','8','34'),('4405','8','34'),('4315','7','34'),('4359','7','34'),('4403','7','34'),('4330','30','34'),('4374','30','34'),('4418','30','34'),('4331','32','34'),('4375','32','34'),('4419','32','34'),('4311','3','34'),('4355','3','34'),('4399','3','34'),('4329','29','34'),('4373','29','34'),('4417','29','34'),('4325','21','34'),('4369','21','34'),('4413','21','34'),('4313','5','34'),('4357','5','34'),('4401','5','34'),('4328','26','34'),('4372','26','34'),('4416','26','34'),('4326','23','34'),('4370','23','34'),('4414','23','34'),('4327','25','34'),('4371','25','34'),('4415','25','34'),('4312','4','34'),('4356','4','34'),('4400','4','34'),('4321','14','34'),('4365','14','34'),('4409','14','34'),('4319','12','34'),('4363','12','34'),('4407','12','34'),('4320','13','34'),('4364','13','34'),('4408','13','34'),('4316','11','34'),('4360','11','34'),('4404','11','34'),('4324','19','34'),('4368','19','34'),('4412','19','34'),('4323','18','34'),('4367','18','34'),('4411','18','34'),('4322','16','34'),('4366','16','34'),('4410','16','34'),('4314','6','34'),('4358','6','34'),('4402','6','34'),('4450','10','35'),('4494','10','35'),('4538','10','35'),('4449','8','35'),('4493','8','35'),('4537','8','35'),('4447','7','35'),('4491','7','35'),('4535','7','35'),('4462','30','35'),('4506','30','35'),('4550','30','35'),('4463','32','35'),('4507','32','35'),('4551','32','35'),('4461','29','35'),('4505','29','35'),('4549','29','35'),('4443','3','35'),('4487','3','35'),('4531','3','35'),('4457','21','35'),('4501','21','35'),('4545','21','35'),('4445','5','35'),('4489','5','35'),('4533','5','35'),('4460','26','35'),('4504','26','35'),('4548','26','35'),('4458','23','35'),('4502','23','35'),('4546','23','35'),('4459','25','35'),('4503','25','35'),('4547','25','35'),('4444','4','35'),('4488','4','35'),('4532','4','35'),('4453','14','35'),('4497','14','35'),('4541','14','35'),('4451','12','35'),('4495','12','35'),('4539','12','35'),('4452','13','35'),('4496','13','35'),('4540','13','35'),('4448','11','35'),('4492','11','35'),('4536','11','35'),('4456','19','35'),('4500','19','35'),('4544','19','35'),('4455','18','35'),('4499','18','35'),('4543','18','35'),('4454','16','35'),('4498','16','35'),('4542','16','35'),('4446','6','35'),('4490','6','35'),('4534','6','35'),('4582','10','36'),('4626','10','36'),('4670','10','36'),('4581','8','36'),('4625','8','36'),('4669','8','36'),('4579','7','36'),('4623','7','36'),('4667','7','36'),('4594','30','36'),('4638','30','36'),('4682','30','36'),('4595','32','36'),('4639','32','36'),('4683','32','36'),('4593','29','36'),('4637','29','36'),('4681','29','36'),('4575','3','36'),('4619','3','36'),('4663','3','36'),('4589','21','36'),('4633','21','36'),('4677','21','36'),('4577','5','36'),('4621','5','36'),('4665','5','36'),('4592','26','36'),('4636','26','36'),('4680','26','36'),('4590','23','36'),('4634','23','36'),('4678','23','36'),('4591','25','36'),('4635','25','36'),('4679','25','36'),('4576','4','36'),('4620','4','36'),('4664','4','36'),('4585','14','36'),('4629','14','36'),('4673','14','36'),('4583','12','36'),('4627','12','36'),('4671','12','36'),('4584','13','36'),('4628','13','36'),('4672','13','36'),('4580','11','36'),('4624','11','36'),('4668','11','36'),('4588','19','36'),('4632','19','36'),('4676','19','36'),('4587','18','36'),('4631','18','36'),('4675','18','36'),('4586','16','36'),('4630','16','36'),('4674','16','36'),('4578','6','36'),('4622','6','36'),('4666','6','36'),('4713','3','1'),('4714','4','1'),('4715','5','1'),('4716','6','1'),('4717','7','1'),('4718','11','1'),('4719','8','1'),('4720','10','1'),('4721','12','1'),('4722','13','1'),('4723','14','1'),('4724','15','1'),('4725','16','1'),('4726','18','1'),('4727','19','1'),('4728','20','1'),('4729','21','1'),('4730','22','1'),('4731','24','1'),('4732','25','1'),('4733','26','1'),('4734','27','1'),('4735','29','1'),('4736','30','1'),('4737','31','1'),('4738','32','1'),('4740','3','1'),('4741','4','1'),('4742','5','1'),('4743','6','1'),('4744','7','1'),('4745','11','1'),('4746','8','1'),('4747','10','1'),('4748','12','1'),('4749','13','1'),('4750','14','1'),('4751','15','1'),('4752','16','1'),('4753','18','1'),('4754','19','1'),('4755','20','1'),('4756','21','1'),('4757','22','1'),('4758','24','1'),('4759','25','1'),('4760','26','1'),('4761','27','1'),('4762','29','1'),('4763','30','1'),('4764','31','1'),('4765','32','1'),('4767','3','1'),('4768','4','1'),('4769','5','1'),('4770','6','1'),('4771','7','1'),('4772','11','1'),('4773','8','1'),('4774','10','1'),('4775','12','1'),('4776','13','1'),('4777','14','1'),('4778','15','1'),('4779','16','1'),('4780','18','1'),('4781','19','1'),('4782','20','1'),('4783','21','1'),('4784','22','1'),('4785','24','1'),('4786','25','1'),('4787','26','1'),('4788','27','1'),('4789','29','1'),('4790','30','1'),('4791','31','1'),('4792','32','1'),('4794','3','2'),('4795','4','2'),('4796','5','2'),('4797','6','2'),('4798','7','2'),('4799','11','2'),('4800','8','2'),('4801','10','2'),('4802','12','2'),('4803','13','2'),('4804','14','2'),('4805','15','2'),('4806','17','2'),('4807','19','2'),('4808','20','2'),('4809','21','2'),('4810','22','2'),('4811','23','2'),('4812','24','2'),('4813','25','2'),('4814','28','2'),('4815','29','2'),('4816','30','2'),('4817','31','2'),('4818','32','2'),('4845','3','2'),('4846','4','2'),('4847','5','2'),('4848','6','2'),('4849','7','2'),('4850','11','2'),('4851','8','2'),('4852','10','2'),('4853','12','2'),('4854','13','2'),('4855','14','2'),('4856','15','2'),('4857','17','2'),('4858','19','2'),('4859','20','2'),('4860','21','2'),('4861','22','2'),('4862','23','2'),('4863','24','2'),('4864','25','2'),('4865','28','2'),('4866','29','2'),('4867','30','2'),('4868','31','2'),('4869','32','2'),('4896','3','2'),('4897','4','2'),('4898','5','2'),('4899','6','2'),('4900','7','2'),('4901','11','2'),('4902','8','2'),('4903','10','2'),('4904','12','2'),('4905','13','2'),('4906','14','2'),('4907','15','2'),('4908','17','2'),('4909','19','2'),('4910','20','2'),('4911','21','2'),('4912','22','2'),('4913','23','2'),('4914','24','2'),('4915','25','2'),('4916','28','2'),('4917','29','2'),('4918','30','2'),('4919','31','2'),('4920','32','2'),('4947','3','3'),('4948','4','3'),('4949','5','3'),('4950','6','3'),('4951','7','3'),('4952','11','3'),('4953','8','3'),('4954','10','3'),('4955','12','3'),('4956','13','3'),('4957','14','3'),('4958','15','3'),('4959','17','3'),('4960','19','3'),('4961','20','3'),('4962','21','3'),('4963','22','3'),('4964','23','3'),('4965','24','3'),('4966','25','3'),('4967','28','3'),('4968','29','3'),('4969','30','3'),('4970','31','3'),('4971','32','3'),('4998','3','3'),('4999','4','3'),('5000','5','3'),('5001','6','3'),('5002','7','3'),('5003','11','3'),('5004','8','3'),('5005','10','3'),('5006','12','3'),('5007','13','3'),('5008','14','3'),('5009','15','3'),('5010','17','3'),('5011','19','3'),('5012','20','3'),('5013','21','3'),('5014','22','3'),('5015','23','3'),('5016','24','3'),('5017','25','3'),('5018','28','3'),('5019','29','3'),('5020','30','3'),('5021','31','3'),('5022','32','3'),('5049','3','3'),('5050','4','3'),('5051','5','3'),('5052','6','3'),('5053','7','3'),('5054','11','3'),('5055','8','3'),('5056','10','3'),('5057','12','3'),('5058','13','3'),('5059','14','3'),('5060','15','3'),('5061','17','3'),('5062','19','3'),('5063','20','3'),('5064','21','3'),('5065','22','3'),('5066','23','3'),('5067','24','3'),('5068','25','3'),('5069','28','3'),('5070','29','3'),('5071','30','3'),('5072','31','3'),('5073','32','3'),('5100','3','4'),('5101','4','4'),('5102','5','4'),('5103','6','4'),('5104','7','4'),('5105','11','4'),('5106','8','4'),('5107','10','4'),('5108','12','4'),('5109','13','4'),('5110','14','4'),('5111','15','4'),('5112','17','4'),('5113','19','4'),('5114','20','4'),('5115','21','4'),('5116','22','4'),('5117','23','4'),('5118','24','4'),('5119','25','4'),('5120','28','4'),('5121','29','4'),('5122','30','4'),('5123','31','4'),('5124','32','4'),('5151','3','4'),('5152','4','4'),('5153','5','4'),('5154','6','4'),('5155','7','4'),('5156','11','4'),('5157','8','4'),('5158','10','4'),('5159','12','4'),('5160','13','4'),('5161','14','4'),('5162','15','4'),('5163','17','4'),('5164','19','4'),('5165','20','4'),('5166','21','4'),('5167','22','4'),('5168','23','4'),('5169','24','4'),('5170','25','4'),('5171','28','4'),('5172','29','4'),('5173','30','4'),('5174','31','4'),('5175','32','4'),('5202','3','4'),('5203','4','4'),('5204','5','4'),('5205','6','4'),('5206','7','4'),('5207','11','4'),('5208','8','4'),('5209','10','4'),('5210','12','4'),('5211','13','4'),('5212','14','4'),('5213','15','4'),('5214','17','4'),('5215','19','4'),('5216','20','4'),('5217','21','4'),('5218','22','4'),('5219','23','4'),('5220','24','4'),('5221','25','4'),('5222','28','4'),('5223','29','4'),('5224','30','4'),('5225','31','4'),('5226','32','4'),('5253','3','5'),('5254','4','5'),('5255','5','5'),('5256','6','5'),('5257','7','5'),('5258','11','5'),('5259','8','5'),('5260','10','5'),('5261','12','5'),('5262','13','5'),('5263','14','5'),('5264','15','5'),('5265','17','5'),('5266','19','5'),('5267','20','5'),('5268','21','5'),('5269','22','5'),('5270','23','5'),('5271','24','5'),('5272','25','5'),('5273','28','5'),('5274','29','5'),('5275','30','5'),('5276','31','5'),('5277','32','5'),('5304','3','5'),('5305','4','5'),('5306','5','5'),('5307','6','5'),('5308','7','5'),('5309','11','5'),('5310','8','5'),('5311','10','5'),('5312','12','5'),('5313','13','5'),('5314','14','5'),('5315','15','5'),('5316','17','5'),('5317','19','5'),('5318','20','5'),('5319','21','5'),('5320','22','5'),('5321','23','5'),('5322','24','5'),('5323','25','5'),('5324','28','5'),('5325','29','5'),('5326','30','5'),('5327','31','5'),('5328','32','5'),('5355','3','5'),('5356','4','5'),('5357','5','5'),('5358','6','5'),('5359','7','5'),('5360','11','5'),('5361','8','5'),('5362','10','5'),('5363','12','5'),('5364','13','5'),('5365','14','5'),('5366','15','5'),('5367','17','5'),('5368','19','5'),('5369','20','5'),('5370','21','5'),('5371','22','5'),('5372','23','5'),('5373','24','5'),('5374','25','5'),('5375','28','5'),('5376','29','5'),('5377','30','5'),('5378','31','5'),('5379','32','5'),('5406','3','6'),('5407','4','6'),('5408','5','6'),('5409','6','6'),('5410','7','6'),('5411','11','6'),('5412','8','6'),('5413','12','6'),('5414','13','6'),('5415','15','6'),('5416','17','6'),('5417','19','6'),('5418','20','6'),('5419','22','6'),('5420','23','6'),('5421','25','6'),('5422','26','6'),('5423','28','6'),('5424','29','6'),('5425','30','6'),('5426','31','6'),('5427','32','6'),('5450','21','6'),('5452','3','6'),('5453','4','6'),('5454','5','6'),('5455','6','6'),('5456','7','6'),('5457','11','6'),('5458','8','6'),('5459','12','6'),('5460','13','6'),('5461','15','6'),('5462','17','6'),('5463','19','6'),('5464','20','6'),('5465','22','6'),('5466','23','6'),('5467','25','6'),('5468','26','6'),('5469','28','6'),('5470','29','6'),('5471','30','6'),('5472','31','6'),('5473','32','6'),('5496','21','6'),('5498','3','6'),('5499','4','6'),('5500','5','6'),('5501','6','6'),('5502','7','6'),('5503','11','6'),('5504','8','6'),('5505','12','6'),('5506','13','6'),('5507','15','6'),('5508','17','6'),('5509','19','6'),('5510','20','6'),('5511','22','6'),('5512','23','6'),('5513','25','6'),('5514','26','6'),('5515','28','6'),('5516','29','6'),('5517','30','6'),('5518','31','6'),('5519','32','6'),('5542','21','6'),('5544','3','7'),('5545','4','7'),('5546','5','7'),('5547','6','7'),('5548','7','7'),('5549','11','7'),('5550','8','7'),('5551','12','7'),('5552','13','7'),('5553','15','7'),('5554','17','7'),('5555','19','7'),('5556','20','7'),('5557','22','7'),('5558','23','7'),('5559','25','7'),('5560','26','7'),('5561','28','7'),('5562','29','7'),('5563','30','7'),('5564','31','7'),('5565','32','7'),('5588','21','7'),('5590','3','7'),('5591','4','7'),('5592','5','7'),('5593','6','7'),('5594','7','7'),('5595','11','7'),('5596','8','7'),('5597','12','7'),('5598','13','7'),('5599','15','7'),('5600','17','7'),('5601','19','7'),('5602','20','7'),('5603','22','7'),('5604','23','7'),('5605','25','7'),('5606','26','7'),('5607','28','7'),('5608','29','7'),('5609','30','7'),('5610','31','7'),('5611','32','7'),('5634','21','7'),('5636','3','7'),('5637','4','7'),('5638','5','7'),('5639','6','7'),('5640','7','7'),('5641','11','7'),('5642','8','7'),('5643','12','7'),('5644','13','7'),('5645','15','7'),('5646','17','7'),('5647','19','7'),('5648','20','7'),('5649','22','7'),('5650','23','7'),('5651','25','7'),('5652','26','7'),('5653','28','7'),('5654','29','7'),('5655','30','7'),('5656','31','7'),('5657','32','7'),('5680','21','7'),('5682','3','8'),('5683','4','8'),('5684','5','8'),('5685','6','8'),('5686','7','8'),('5687','11','8'),('5688','8','8'),('5689','12','8'),('5690','13','8'),('5691','15','8'),('5692','17','8'),('5693','19','8'),('5694','20','8'),('5695','22','8'),('5696','23','8'),('5697','25','8'),('5698','26','8'),('5699','28','8'),('5700','29','8'),('5701','30','8'),('5702','31','8'),('5703','32','8'),('5726','21','8'),('5728','3','8'),('5729','4','8'),('5730','5','8'),('5731','6','8'),('5732','7','8'),('5733','11','8'),('5734','8','8'),('5735','12','8'),('5736','13','8'),('5737','15','8'),('5738','17','8'),('5739','19','8'),('5740','20','8'),('5741','22','8'),('5742','23','8'),('5743','25','8'),('5744','26','8'),('5745','28','8'),('5746','29','8'),('5747','30','8'),('5748','31','8'),('5749','32','8'),('5772','21','8'),('5774','3','8'),('5775','4','8'),('5776','5','8'),('5777','6','8'),('5778','7','8'),('5779','11','8'),('5780','8','8'),('5781','12','8'),('5782','13','8'),('5783','15','8'),('5784','17','8'),('5785','19','8'),('5786','20','8'),('5787','22','8'),('5788','23','8'),('5789','25','8'),('5790','26','8'),('5791','28','8'),('5792','29','8'),('5793','30','8'),('5794','31','8'),('5795','32','8'),('5818','21','8'),('5820','3','14'),('5821','4','14'),('5822','5','14'),('5823','6','14'),('5824','7','14'),('5825','11','14'),('5826','8','14'),('5827','9','14'),('5828','12','14'),('5829','13','14'),('5830','16','14'),('5831','17','14'),('5832','18','14'),('5833','19','14'),('5834','20','14'),('5835','21','14'),('5836','22','14'),('5837','24','14'),('5838','25','14'),('5839','26','14'),('5840','27','14'),('5841','29','14'),('5842','31','14'),('5843','32','14'),('5869','3','14'),('5870','4','14'),('5871','5','14'),('5872','6','14'),('5873','7','14'),('5874','11','14'),('5875','8','14'),('5876','9','14'),('5877','12','14'),('5878','13','14'),('5879','16','14'),('5880','17','14'),('5881','18','14'),('5882','19','14'),('5883','20','14'),('5884','21','14'),('5885','22','14'),('5886','24','14'),('5887','25','14'),('5888','26','14'),('5889','27','14'),('5890','29','14'),('5891','31','14'),('5892','32','14'),('5918','3','14'),('5919','4','14'),('5920','5','14'),('5921','6','14'),('5922','7','14'),('5923','11','14'),('5924','8','14'),('5925','9','14'),('5926','12','14'),('5927','13','14'),('5928','16','14'),('5929','17','14'),('5930','18','14'),('5931','19','14'),('5932','20','14'),('5933','21','14'),('5934','22','14'),('5935','24','14'),('5936','25','14'),('5937','26','14'),('5938','27','14'),('5939','29','14'),('5940','31','14'),('5941','32','14'),('5967','3','15'),('5968','4','15'),('5969','5','15'),('5970','6','15'),('5971','7','15'),('5972','11','15'),('5973','8','15'),('5974','9','15'),('5975','12','15'),('5976','13','15'),('5977','16','15'),('5978','17','15'),('5979','18','15'),('5980','19','15'),('5981','20','15'),('5982','21','15'),('5983','22','15'),('5984','24','15'),('5985','25','15'),('5986','26','15'),('5987','27','15'),('5988','29','15'),('5989','31','15'),('5990','32','15'),('6016','3','15'),('6017','4','15'),('6018','5','15'),('6019','6','15'),('6020','7','15'),('6021','11','15'),('6022','8','15'),('6023','9','15'),('6024','12','15'),('6025','13','15'),('6026','16','15'),('6027','17','15'),('6028','18','15'),('6029','19','15'),('6030','20','15'),('6031','21','15'),('6032','22','15'),('6033','24','15'),('6034','25','15'),('6035','26','15'),('6036','27','15'),('6037','29','15'),('6038','31','15'),('6039','32','15'),('6065','3','15'),('6066','4','15'),('6067','5','15'),('6068','6','15'),('6069','7','15'),('6070','11','15'),('6071','8','15'),('6072','9','15'),('6073','12','15'),('6074','13','15'),('6075','16','15'),('6076','17','15'),('6077','18','15'),('6078','19','15'),('6079','20','15'),('6080','21','15'),('6081','22','15'),('6082','24','15'),('6083','25','15'),('6084','26','15'),('6085','27','15'),('6086','29','15'),('6087','31','15'),('6088','32','15'),('6114','3','16'),('6115','4','16'),('6116','5','16'),('6117','6','16'),('6118','7','16'),('6119','11','16'),('6120','9','16'),('6121','10','16'),('6122','13','16'),('6123','14','16'),('6124','15','16'),('6125','17','16'),('6126','18','16'),('6127','19','16'),('6128','21','16'),('6129','22','16'),('6130','23','16'),('6131','24','16'),('6132','25','16'),('6133','27','16'),('6134','29','16'),('6135','31','16'),('6136','32','16'),('6161','3','16'),('6162','4','16'),('6163','5','16'),('6164','6','16'),('6165','7','16'),('6166','11','16'),('6167','9','16'),('6168','10','16'),('6169','13','16'),('6170','14','16'),('6171','15','16'),('6172','17','16'),('6173','18','16'),('6174','19','16'),('6175','21','16'),('6176','22','16'),('6177','23','16'),('6178','24','16'),('6179','25','16'),('6180','27','16'),('6181','29','16'),('6182','31','16'),('6183','32','16'),('6208','3','16'),('6209','4','16'),('6210','5','16'),('6211','6','16'),('6212','7','16'),('6213','11','16'),('6214','9','16'),('6215','10','16'),('6216','13','16'),('6217','14','16'),('6218','15','16'),('6219','17','16'),('6220','18','16'),('6221','19','16'),('6222','21','16'),('6223','22','16'),('6224','23','16'),('6225','24','16'),('6226','25','16'),('6227','27','16'),('6228','29','16'),('6229','31','16'),('6230','32','16'),('6255','3','17'),('6256','4','17'),('6257','5','17'),('6258','6','17'),('6259','7','17'),('6260','11','17'),('6261','9','17'),('6262','10','17'),('6263','13','17'),('6264','14','17'),('6265','15','17'),('6266','17','17'),('6267','18','17'),('6268','19','17'),('6269','21','17'),('6270','22','17'),('6271','23','17'),('6272','24','17'),('6273','25','17'),('6274','27','17'),('6275','29','17'),('6276','31','17'),('6277','32','17'),('6302','3','17'),('6303','4','17'),('6304','5','17'),('6305','6','17'),('6306','7','17'),('6307','11','17'),('6308','9','17'),('6309','10','17'),('6310','13','17'),('6311','14','17'),('6312','15','17'),('6313','17','17'),('6314','18','17'),('6315','19','17'),('6316','21','17'),('6317','22','17'),('6318','23','17'),('6319','24','17'),('6320','25','17'),('6321','27','17'),('6322','29','17'),('6323','31','17'),('6324','32','17'),('6349','3','17'),('6350','4','17'),('6351','5','17'),('6352','6','17'),('6353','7','17'),('6354','11','17'),('6355','9','17'),('6356','10','17'),('6357','13','17'),('6358','14','17'),('6359','15','17'),('6360','17','17'),('6361','18','17'),('6362','19','17'),('6363','21','17'),('6364','22','17'),('6365','23','17'),('6366','24','17'),('6367','25','17'),('6368','27','17'),('6369','29','17'),('6370','31','17'),('6371','32','17'),('6396','3','18'),('6397','4','18'),('6398','5','18'),('6399','6','18'),('6400','7','18'),('6401','11','18'),('6402','9','18'),('6403','10','18'),('6404','13','18'),('6405','14','18'),('6406','15','18'),('6407','17','18'),('6408','18','18'),('6409','19','18'),('6410','21','18'),('6411','22','18'),('6412','23','18'),('6413','24','18'),('6414','25','18'),('6415','27','18'),('6416','29','18'),('6417','31','18'),('6418','32','18'),('6443','3','18'),('6444','4','18'),('6445','5','18'),('6446','6','18'),('6447','7','18'),('6448','11','18'),('6449','9','18'),('6450','10','18'),('6451','13','18'),('6452','14','18'),('6453','15','18'),('6454','17','18'),('6455','18','18'),('6456','19','18'),('6457','21','18'),('6458','22','18'),('6459','23','18'),('6460','24','18'),('6461','25','18'),('6462','27','18'),('6463','29','18'),('6464','31','18'),('6465','32','18'),('6490','3','18'),('6491','4','18'),('6492','5','18'),('6493','6','18'),('6494','7','18'),('6495','11','18'),('6496','9','18'),('6497','10','18'),('6498','13','18'),('6499','14','18'),('6500','15','18'),('6501','17','18'),('6502','18','18'),('6503','19','18'),('6504','21','18'),('6505','22','18'),('6506','23','18'),('6507','24','18'),('6508','25','18'),('6509','27','18'),('6510','29','18'),('6511','31','18'),('6512','32','18'),('6537','3','19'),('6538','4','19'),('6539','5','19'),('6540','6','19'),('6541','7','19'),('6542','11','19'),('6543','9','19'),('6544','10','19'),('6545','13','19'),('6546','14','19'),('6547','15','19'),('6548','17','19'),('6549','18','19'),('6550','19','19'),('6551','21','19'),('6552','22','19'),('6553','23','19'),('6554','24','19'),('6555','25','19'),('6556','27','19'),('6557','29','19'),('6558','31','19'),('6559','32','19'),('6584','3','19'),('6585','4','19'),('6586','5','19'),('6587','6','19'),('6588','7','19'),('6589','11','19'),('6590','9','19'),('6591','10','19'),('6592','13','19'),('6593','14','19'),('6594','15','19'),('6595','17','19'),('6596','18','19'),('6597','19','19'),('6598','21','19'),('6599','22','19'),('6600','23','19'),('6601','24','19'),('6602','25','19'),('6603','27','19'),('6604','29','19'),('6605','31','19'),('6606','32','19'),('6631','3','19'),('6632','4','19'),('6633','5','19'),('6634','6','19'),('6635','7','19'),('6636','11','19'),('6637','9','19'),('6638','10','19'),('6639','13','19'),('6640','14','19'),('6641','15','19'),('6642','17','19'),('6643','18','19'),('6644','19','19'),('6645','21','19'),('6646','22','19'),('6647','23','19'),('6648','24','19'),('6649','25','19'),('6650','27','19'),('6651','29','19'),('6652','31','19'),('6653','32','19'),('6678','3','20'),('6679','4','20'),('6680','5','20'),('6681','6','20'),('6682','7','20'),('6683','11','20'),('6684','9','20'),('6685','10','20'),('6686','13','20'),('6687','14','20'),('6688','15','20'),('6689','17','20'),('6690','18','20'),('6691','19','20'),('6692','21','20'),('6693','22','20'),('6694','23','20'),('6695','24','20'),('6696','25','20'),('6697','27','20'),('6698','29','20'),('6699','31','20'),('6700','32','20'),('6725','3','20'),('6726','4','20'),('6727','5','20'),('6728','6','20'),('6729','7','20'),('6730','11','20'),('6731','9','20'),('6732','10','20'),('6733','13','20'),('6734','14','20'),('6735','15','20'),('6736','17','20'),('6737','18','20'),('6738','19','20'),('6739','21','20'),('6740','22','20'),('6741','23','20'),('6742','24','20'),('6743','25','20'),('6744','27','20'),('6745','29','20'),('6746','31','20'),('6747','32','20'),('6772','3','20'),('6773','4','20'),('6774','5','20'),('6775','6','20'),('6776','7','20'),('6777','11','20'),('6778','9','20'),('6779','10','20'),('6780','13','20'),('6781','14','20'),('6782','15','20'),('6783','17','20'),('6784','18','20'),('6785','19','20'),('6786','21','20'),('6787','22','20'),('6788','23','20'),('6789','24','20'),('6790','25','20'),('6791','27','20'),('6792','29','20'),('6793','31','20'),('6794','32','20');

--
-- Table structure for table `cataloginventory_stock`
--

CREATE TABLE `cataloginventory_stock` (
  `stock_id` smallint(5) unsigned NOT NULL AUTO_INCREMENT COMMENT 'Stock Id',
  `website_id` smallint(5) unsigned NOT NULL COMMENT 'Website Id',
  `stock_name` varchar(255) DEFAULT NULL COMMENT 'Stock Name',
  PRIMARY KEY (`stock_id`),
  KEY `CATALOGINVENTORY_STOCK_WEBSITE_ID` (`website_id`)
) ENGINE=InnoDB AUTO_INCREMENT=2 DEFAULT CHARSET=utf8 COMMENT='Cataloginventory Stock';

--
-- Dumping data for table `cataloginventory_stock`
--

INSERT INTO `cataloginventory_stock` VALUES (1,0,'Default');

--
-- Table structure for table `cataloginventory_stock_item`
--

CREATE TABLE `cataloginventory_stock_item` (
  `item_id` int(10) unsigned NOT NULL AUTO_INCREMENT COMMENT 'Item Id',
  `product_id` int(10) unsigned NOT NULL DEFAULT '0' COMMENT 'Product Id',
  `stock_id` smallint(5) unsigned NOT NULL DEFAULT '0' COMMENT 'Stock Id',
  `qty` decimal(12,4) DEFAULT NULL COMMENT 'Qty',
  `min_qty` decimal(12,4) NOT NULL DEFAULT '0.0000' COMMENT 'Min Qty',
  `use_config_min_qty` smallint(5) unsigned NOT NULL DEFAULT '1' COMMENT 'Use Config Min Qty',
  `is_qty_decimal` smallint(5) unsigned NOT NULL DEFAULT '0' COMMENT 'Is Qty Decimal',
  `backorders` smallint(5) unsigned NOT NULL DEFAULT '0' COMMENT 'Backorders',
  `use_config_backorders` smallint(5) unsigned NOT NULL DEFAULT '1' COMMENT 'Use Config Backorders',
  `min_sale_qty` decimal(12,4) NOT NULL DEFAULT '1.0000' COMMENT 'Min Sale Qty',
  `use_config_min_sale_qty` smallint(5) unsigned NOT NULL DEFAULT '1' COMMENT 'Use Config Min Sale Qty',
  `max_sale_qty` decimal(12,4) NOT NULL DEFAULT '0.0000' COMMENT 'Max Sale Qty',
  `use_config_max_sale_qty` smallint(5) unsigned NOT NULL DEFAULT '1' COMMENT 'Use Config Max Sale Qty',
  `is_in_stock` smallint(5) unsigned NOT NULL DEFAULT '0' COMMENT 'Is In Stock',
  `low_stock_date` timestamp NULL DEFAULT NULL COMMENT 'Low Stock Date',
  `notify_stock_qty` decimal(12,4) DEFAULT NULL COMMENT 'Notify Stock Qty',
  `use_config_notify_stock_qty` smallint(5) unsigned NOT NULL DEFAULT '1' COMMENT 'Use Config Notify Stock Qty',
  `manage_stock` smallint(5) unsigned NOT NULL DEFAULT '0' COMMENT 'Manage Stock',
  `use_config_manage_stock` smallint(5) unsigned NOT NULL DEFAULT '1' COMMENT 'Use Config Manage Stock',
  `stock_status_changed_auto` smallint(5) unsigned NOT NULL DEFAULT '0' COMMENT 'Stock Status Changed Automatically',
  `use_config_qty_increments` smallint(5) unsigned NOT NULL DEFAULT '1' COMMENT 'Use Config Qty Increments',
  `qty_increments` decimal(12,4) NOT NULL DEFAULT '0.0000' COMMENT 'Qty Increments',
  `use_config_enable_qty_inc` smallint(5) unsigned NOT NULL DEFAULT '1' COMMENT 'Use Config Enable Qty Increments',
  `enable_qty_increments` smallint(5) unsigned NOT NULL DEFAULT '0' COMMENT 'Enable Qty Increments',
  `is_decimal_divided` smallint(5) unsigned NOT NULL DEFAULT '0' COMMENT 'Is Divided into Multiple Boxes for Shipping',
  `website_id` smallint(5) unsigned NOT NULL DEFAULT '0' COMMENT 'Website ID',
  PRIMARY KEY (`item_id`),
  UNIQUE KEY `CATALOGINVENTORY_STOCK_ITEM_PRODUCT_ID_STOCK_ID` (`product_id`,`stock_id`),
  KEY `CATALOGINVENTORY_STOCK_ITEM_WEBSITE_ID` (`website_id`),
  KEY `CATALOGINVENTORY_STOCK_ITEM_STOCK_ID` (`stock_id`)
) ENGINE=InnoDB AUTO_INCREMENT=44 DEFAULT CHARSET=utf8 COMMENT='Cataloginventory Stock Item';

--
-- Dumping data for table `cataloginventory_stock_item`
--

INSERT INTO `cataloginventory_stock_item` VALUES ('1','1',1,'3122.0000','0.0000',1,0,0,1,'1.0000',1,'10000.0000',1,1,NULL,'1.0000',1,1,1,0,1,'1.0000',1,0,0,0),('2','2',1,'6544.0000','0.0000',1,0,0,1,'1.0000',1,'10000.0000',1,1,NULL,'1.0000',1,1,1,0,1,'1.0000',1,0,0,0),('3','3',1,'6544.0000','0.0000',1,0,0,1,'1.0000',1,'10000.0000',1,1,NULL,'1.0000',1,1,1,0,1,'1.0000',1,0,0,0),('4','4',1,'7655.0000','0.0000',1,0,0,1,'1.0000',1,'10000.0000',1,1,NULL,'1.0000',1,1,1,0,1,'1.0000',1,0,0,0),('5','5',1,'6555.0000','0.0000',1,0,0,1,'1.0000',1,'10000.0000',1,0,NULL,'1.0000',1,1,1,0,1,'1.0000',1,0,0,0),('6','6',1,'3124.0000','0.0000',1,0,0,1,'1.0000',1,'10000.0000',1,1,NULL,'1.0000',1,1,1,0,1,'1.0000',1,0,0,0),('7','7',1,'1255.0000','0.0000',1,0,0,1,'1.0000',1,'10000.0000',1,1,NULL,'1.0000',1,1,1,0,1,'1.0000',1,0,0,0),('8','8',1,'6544.0000','0.0000',1,0,0,1,'1.0000',1,'10000.0000',1,1,NULL,'1.0000',1,1,1,0,1,'1.0000',1,0,0,0),('9','14',1,'5388.0000','0.0000',1,0,0,1,'1.0000',1,'10000.0000',1,1,NULL,'1.0000',1,1,1,0,1,'1.0000',1,0,0,0),('10','15',1,'5443.0000','0.0000',1,0,0,1,'1.0000',1,'10000.0000',1,1,NULL,'1.0000',1,1,1,0,1,'1.0000',1,0,0,0),('11','16',1,'0.0000','0.0000',1,0,0,1,'1.0000',1,'10000.0000',1,1,NULL,'1.0000',1,1,1,0,1,'1.0000',1,0,0,0),('12','17',1,'0.0000','0.0000',1,0,0,1,'1.0000',1,'10000.0000',1,1,NULL,'1.0000',1,1,1,0,1,'1.0000',1,0,0,0),('13','18',1,'0.0000','0.0000',1,0,0,1,'1.0000',1,'10000.0000',1,1,NULL,'1.0000',1,1,1,0,1,'1.0000',1,0,0,0),('14','19',1,'0.0000','0.0000',1,0,0,1,'1.0000',1,'10000.0000',1,1,NULL,'1.0000',1,1,1,0,1,'1.0000',1,0,0,0),('15','20',1,'0.0000','0.0000',1,0,0,1,'1.0000',1,'10000.0000',1,1,NULL,'1.0000',1,1,1,0,1,'1.0000',1,0,0,0),('16','21',1,'76.0000','0.0000',1,0,0,1,'1.0000',1,'10000.0000',1,1,NULL,'1.0000',1,1,1,0,1,'1.0000',1,0,0,0),('17','22',1,'76.0000','0.0000',1,0,0,1,'1.0000',1,'10000.0000',1,1,NULL,'1.0000',1,1,1,0,1,'1.0000',1,0,0,0),('18','23',1,'87.0000','0.0000',1,0,0,1,'1.0000',1,'10000.0000',1,1,NULL,'1.0000',1,1,1,0,1,'1.0000',1,0,0,0),('19','24',1,'87.0000','0.0000',1,0,0,1,'1.0000',1,'10000.0000',1,1,NULL,'1.0000',1,1,1,0,1,'1.0000',1,0,0,0),('20','25',1,'87.0000','0.0000',1,0,0,1,'1.0000',1,'10000.0000',1,1,NULL,'1.0000',1,1,1,0,1,'1.0000',1,0,0,0),('21','26',1,'87.0000','0.0000',1,0,0,1,'1.0000',1,'10000.0000',1,1,NULL,'1.0000',1,1,1,0,1,'1.0000',1,0,0,0),('22','27',1,'87.0000','0.0000',1,0,0,1,'1.0000',1,'10000.0000',1,1,NULL,'1.0000',1,1,1,0,1,'1.0000',1,0,0,0),('23','28',1,'87.0000','0.0000',1,0,0,1,'1.0000',1,'10000.0000',1,1,NULL,'1.0000',1,1,1,0,1,'1.0000',1,0,0,0),('24','29',1,'87.0000','0.0000',1,0,0,1,'1.0000',1,'10000.0000',1,1,NULL,'1.0000',1,1,1,0,1,'1.0000',1,0,0,0),('25','30',1,'78.0000','0.0000',1,0,0,1,'1.0000',1,'10000.0000',1,1,NULL,'1.0000',1,1,1,0,1,'1.0000',1,0,0,0),('26','31',1,'87.0000','0.0000',1,0,0,1,'1.0000',1,'10000.0000',1,1,NULL,'1.0000',1,1,1,0,1,'1.0000',1,0,0,0),('27','32',1,'0.0000','0.0000',1,0,0,1,'1.0000',1,'10000.0000',1,1,NULL,'1.0000',1,1,1,0,1,'1.0000',1,0,0,0),('28','33',1,'0.0000','0.0000',1,0,0,1,'1.0000',1,'10000.0000',1,1,NULL,'1.0000',1,1,1,0,1,'1.0000',1,0,0,0),('29','34',1,'0.0000','0.0000',1,0,0,1,'1.0000',1,'10000.0000',1,1,NULL,'1.0000',1,1,1,0,1,'1.0000',1,0,0,0),('30','35',1,'0.0000','0.0000',1,0,0,1,'1.0000',1,'10000.0000',1,1,NULL,'1.0000',1,1,1,0,1,'1.0000',1,0,0,0),('31','36',1,'0.0000','0.0000',1,0,0,1,'1.0000',1,'10000.0000',1,1,NULL,'1.0000',1,1,1,0,1,'1.0000',1,0,0,0),('32','37',1,NULL,'0.0000',1,0,0,1,'1.0000',1,'0.0000',1,0,'2017-11-26 09:30:15',NULL,1,0,1,0,1,'0.0000',1,0,0,0),('33','38',1,'87.0000','0.0000',1,0,0,1,'1.0000',1,'10000.0000',1,1,NULL,'1.0000',1,1,1,0,1,'1.0000',1,0,0,0),('34','39',1,'87.0000','0.0000',1,0,0,1,'1.0000',1,'10000.0000',1,1,NULL,'1.0000',1,1,1,0,1,'1.0000',1,0,0,0),('35','40',1,'89.0000','0.0000',1,0,0,1,'1.0000',1,'10000.0000',1,1,NULL,'1.0000',1,1,1,0,1,'1.0000',1,0,0,0),('36','41',1,'98.0000','0.0000',1,0,0,1,'1.0000',1,'10000.0000',1,1,NULL,'1.0000',1,1,1,0,1,'1.0000',1,0,0,0),('37','42',1,'98.0000','0.0000',1,0,0,1,'1.0000',1,'10000.0000',1,1,NULL,'1.0000',1,1,1,0,1,'1.0000',1,0,0,0),('38','43',1,'98.0000','0.0000',1,0,0,1,'1.0000',1,'10000.0000',1,1,NULL,'1.0000',1,1,1,0,1,'1.0000',1,0,0,0),('39','44',1,'87.0000','0.0000',1,0,0,1,'1.0000',1,'10000.0000',1,1,NULL,'1.0000',1,1,1,0,1,'1.0000',1,0,0,0),('40','45',1,'87.0000','0.0000',1,0,0,1,'1.0000',1,'10000.0000',1,1,NULL,'1.0000',1,1,1,0,1,'1.0000',1,0,0,0),('41','46',1,'87.0000','0.0000',1,0,0,1,'1.0000',1,'10000.0000',1,1,NULL,'1.0000',1,1,1,0,1,'1.0000',1,0,0,0),('42','47',1,'98.0000','0.0000',1,0,0,1,'1.0000',1,'10000.0000',1,1,NULL,'1.0000',1,1,1,0,1,'1.0000',1,0,0,0),('43','48',1,'98.0000','0.0000',1,0,0,1,'1.0000',1,'10000.0000',1,1,NULL,'1.0000',1,1,1,0,1,'1.0000',1,0,0,0);

--
-- Table structure for table `cataloginventory_stock_status`
--

CREATE TABLE `cataloginventory_stock_status` (
  `product_id` int(10) unsigned NOT NULL COMMENT 'Product Id',
  `website_id` smallint(5) unsigned NOT NULL COMMENT 'Website Id',
  `stock_id` smallint(5) unsigned NOT NULL COMMENT 'Stock Id',
  `qty` decimal(12,4) NOT NULL DEFAULT '0.0000' COMMENT 'Qty',
  `stock_status` smallint(5) unsigned NOT NULL COMMENT 'Stock Status',
  PRIMARY KEY (`product_id`,`website_id`,`stock_id`),
  KEY `CATALOGINVENTORY_STOCK_STATUS_STOCK_ID` (`stock_id`),
  KEY `CATALOGINVENTORY_STOCK_STATUS_WEBSITE_ID` (`website_id`),
  KEY `CATALOGINVENTORY_STOCK_STATUS_STOCK_STATUS` (`stock_status`)
) ENGINE=InnoDB DEFAULT CHARSET=utf8 COMMENT='Cataloginventory Stock Status';

--
-- Dumping data for table `cataloginventory_stock_status`
--

INSERT INTO `cataloginventory_stock_status` VALUES ('1',0,1,'3122.0000',1),('2',0,1,'6544.0000',1),('3',0,1,'6544.0000',1),('4',0,1,'7655.0000',1),('5',0,1,'6555.0000',0),('6',0,1,'3124.0000',1),('7',0,1,'1255.0000',1),('8',0,1,'6544.0000',1),('14',0,1,'5388.0000',1),('15',0,1,'5443.0000',1),('16',0,1,'0.0000',1),('17',0,1,'0.0000',1),('18',0,1,'0.0000',1),('19',0,1,'0.0000',1),('20',0,1,'0.0000',1),('21',0,1,'76.0000',1),('22',0,1,'76.0000',1),('23',0,1,'87.0000',1),('24',0,1,'87.0000',1),('25',0,1,'87.0000',1),('26',0,1,'87.0000',1),('27',0,1,'87.0000',1),('28',0,1,'87.0000',1),('29',0,1,'87.0000',1),('30',0,1,'78.0000',1),('31',0,1,'87.0000',1),('32',0,1,'0.0000',1),('33',0,1,'0.0000',1),('34',0,1,'0.0000',1),('35',0,1,'0.0000',1),('36',0,1,'0.0000',1),('38',0,1,'87.0000',1),('39',0,1,'87.0000',1),('40',0,1,'89.0000',1),('41',0,1,'98.0000',1),('42',0,1,'98.0000',1),('43',0,1,'98.0000',1),('44',0,1,'87.0000',1),('45',0,1,'87.0000',1),('46',0,1,'87.0000',1),('47',0,1,'98.0000',1),('48',0,1,'98.0000',1);

--
-- Table structure for table `cataloginventory_stock_status_idx`
--

CREATE TABLE `cataloginventory_stock_status_idx` (
  `product_id` int(10) unsigned NOT NULL COMMENT 'Product Id',
  `website_id` smallint(5) unsigned NOT NULL COMMENT 'Website Id',
  `stock_id` smallint(5) unsigned NOT NULL COMMENT 'Stock Id',
  `qty` decimal(12,4) NOT NULL DEFAULT '0.0000' COMMENT 'Qty',
  `stock_status` smallint(5) unsigned NOT NULL COMMENT 'Stock Status',
  PRIMARY KEY (`product_id`,`website_id`,`stock_id`),
  KEY `CATALOGINVENTORY_STOCK_STATUS_IDX_STOCK_ID` (`stock_id`),
  KEY `CATALOGINVENTORY_STOCK_STATUS_IDX_WEBSITE_ID` (`website_id`)
) ENGINE=InnoDB DEFAULT CHARSET=utf8 COMMENT='Cataloginventory Stock Status Indexer Idx';

--
-- Table structure for table `cataloginventory_stock_status_replica`
--

CREATE TABLE `cataloginventory_stock_status_replica` (
  `product_id` int(10) unsigned NOT NULL COMMENT 'Product Id',
  `website_id` smallint(5) unsigned NOT NULL COMMENT 'Website Id',
  `stock_id` smallint(5) unsigned NOT NULL COMMENT 'Stock Id',
  `qty` decimal(12,4) NOT NULL DEFAULT '0.0000' COMMENT 'Qty',
  `stock_status` smallint(5) unsigned NOT NULL COMMENT 'Stock Status',
  PRIMARY KEY (`product_id`,`website_id`,`stock_id`),
  KEY `CATALOGINVENTORY_STOCK_STATUS_STOCK_ID` (`stock_id`),
  KEY `CATALOGINVENTORY_STOCK_STATUS_WEBSITE_ID` (`website_id`),
  KEY `CATALOGINVENTORY_STOCK_STATUS_STOCK_STATUS` (`stock_status`)
) ENGINE=InnoDB DEFAULT CHARSET=utf8 COMMENT='Cataloginventory Stock Status';

--
-- Dumping data for table `cataloginventory_stock_status_replica`
--

INSERT INTO `cataloginventory_stock_status_replica` VALUES ('1',0,1,'3122.0000',1),('2',0,1,'6544.0000',1),('3',0,1,'6544.0000',1),('4',0,1,'7655.0000',1),('5',0,1,'6555.0000',0),('6',0,1,'3124.0000',1),('7',0,1,'1255.0000',1),('8',0,1,'6544.0000',1),('14',0,1,'5388.0000',1),('15',0,1,'5443.0000',1),('16',0,1,'0.0000',1),('17',0,1,'0.0000',1),('18',0,1,'0.0000',1),('19',0,1,'0.0000',1),('20',0,1,'0.0000',1),('21',0,1,'76.0000',1),('22',0,1,'76.0000',1),('23',0,1,'87.0000',1),('24',0,1,'87.0000',1),('25',0,1,'87.0000',1),('26',0,1,'87.0000',1),('27',0,1,'87.0000',1),('28',0,1,'87.0000',1),('29',0,1,'87.0000',1),('30',0,1,'78.0000',1),('31',0,1,'87.0000',1),('32',0,1,'0.0000',1),('33',0,1,'0.0000',1),('34',0,1,'0.0000',1),('35',0,1,'0.0000',1),('36',0,1,'0.0000',1),('38',0,1,'87.0000',1),('39',0,1,'87.0000',1),('40',0,1,'89.0000',1),('41',0,1,'98.0000',1),('42',0,1,'98.0000',1),('43',0,1,'98.0000',1),('44',0,1,'87.0000',1),('45',0,1,'87.0000',1),('46',0,1,'87.0000',1),('47',0,1,'98.0000',1),('48',0,1,'98.0000',1);

--
-- Table structure for table `cataloginventory_stock_status_tmp`
--

CREATE TABLE `cataloginventory_stock_status_tmp` (
  `product_id` int(10) unsigned NOT NULL COMMENT 'Product Id',
  `website_id` smallint(5) unsigned NOT NULL COMMENT 'Website Id',
  `stock_id` smallint(5) unsigned NOT NULL COMMENT 'Stock Id',
  `qty` decimal(12,4) NOT NULL DEFAULT '0.0000' COMMENT 'Qty',
  `stock_status` smallint(5) unsigned NOT NULL COMMENT 'Stock Status',
  PRIMARY KEY (`product_id`,`website_id`,`stock_id`),
  KEY `CATALOGINVENTORY_STOCK_STATUS_TMP_STOCK_ID` (`stock_id`),
  KEY `CATALOGINVENTORY_STOCK_STATUS_TMP_WEBSITE_ID` (`website_id`)
) ENGINE=MEMORY DEFAULT CHARSET=utf8 COMMENT='Cataloginventory Stock Status Indexer Tmp';

--
-- Table structure for table `catalogrule`
--

CREATE TABLE `catalogrule` (
  `rule_id` int(10) unsigned NOT NULL AUTO_INCREMENT COMMENT 'Rule Id',
  `name` varchar(255) DEFAULT NULL COMMENT 'Name',
  `description` text COMMENT 'Description',
  `from_date` date DEFAULT NULL COMMENT 'From',
  `to_date` date DEFAULT NULL COMMENT 'To',
  `is_active` smallint(6) NOT NULL DEFAULT '0' COMMENT 'Is Active',
  `conditions_serialized` mediumtext COMMENT 'Conditions Serialized',
  `actions_serialized` mediumtext COMMENT 'Actions Serialized',
  `stop_rules_processing` smallint(6) NOT NULL DEFAULT '1' COMMENT 'Stop Rules Processing',
  `sort_order` int(10) unsigned NOT NULL DEFAULT '0' COMMENT 'Sort Order',
  `simple_action` varchar(32) DEFAULT NULL COMMENT 'Simple Action',
  `discount_amount` decimal(12,4) NOT NULL DEFAULT '0.0000' COMMENT 'Discount Amount',
  PRIMARY KEY (`rule_id`),
  KEY `CATALOGRULE_IS_ACTIVE_SORT_ORDER_TO_DATE_FROM_DATE` (`is_active`,`sort_order`,`to_date`,`from_date`)
) ENGINE=InnoDB DEFAULT CHARSET=utf8 COMMENT='CatalogRule';

--
-- Table structure for table `catalogrule_customer_group`
--

CREATE TABLE `catalogrule_customer_group` (
  `rule_id` int(10) unsigned NOT NULL COMMENT 'Rule Id',
  `customer_group_id` int(10) unsigned NOT NULL COMMENT 'Customer Group Id',
  PRIMARY KEY (`rule_id`,`customer_group_id`),
  KEY `CATALOGRULE_CUSTOMER_GROUP_CUSTOMER_GROUP_ID` (`customer_group_id`)
) ENGINE=InnoDB DEFAULT CHARSET=utf8 COMMENT='Catalog Rules To Customer Groups Relations';

--
-- Table structure for table `catalogrule_group_website`
--

CREATE TABLE `catalogrule_group_website` (
  `rule_id` int(10) unsigned NOT NULL DEFAULT '0' COMMENT 'Rule Id',
  `customer_group_id` int(10) unsigned NOT NULL DEFAULT '0' COMMENT 'Customer Group Id',
  `website_id` smallint(5) unsigned NOT NULL DEFAULT '0' COMMENT 'Website Id',
  PRIMARY KEY (`rule_id`,`customer_group_id`,`website_id`),
  KEY `CATALOGRULE_GROUP_WEBSITE_CUSTOMER_GROUP_ID` (`customer_group_id`),
  KEY `CATALOGRULE_GROUP_WEBSITE_WEBSITE_ID` (`website_id`)
) ENGINE=InnoDB DEFAULT CHARSET=utf8 COMMENT='CatalogRule Group Website';

--
-- Table structure for table `catalogrule_group_website_replica`
--

CREATE TABLE `catalogrule_group_website_replica` (
  `rule_id` int(10) unsigned NOT NULL DEFAULT '0' COMMENT 'Rule Id',
  `customer_group_id` int(10) unsigned NOT NULL DEFAULT '0' COMMENT 'Customer Group Id',
  `website_id` smallint(5) unsigned NOT NULL DEFAULT '0' COMMENT 'Website Id',
  PRIMARY KEY (`rule_id`,`customer_group_id`,`website_id`),
  KEY `CATALOGRULE_GROUP_WEBSITE_CUSTOMER_GROUP_ID` (`customer_group_id`),
  KEY `CATALOGRULE_GROUP_WEBSITE_WEBSITE_ID` (`website_id`)
) ENGINE=InnoDB DEFAULT CHARSET=utf8 COMMENT='CatalogRule Group Website';

--
-- Table structure for table `catalogrule_product`
--

CREATE TABLE `catalogrule_product` (
  `rule_product_id` int(10) unsigned NOT NULL AUTO_INCREMENT COMMENT 'Rule Product Id',
  `rule_id` int(10) unsigned NOT NULL DEFAULT '0' COMMENT 'Rule Id',
  `from_time` int(10) unsigned NOT NULL DEFAULT '0' COMMENT 'From Time',
  `to_time` int(10) unsigned NOT NULL DEFAULT '0' COMMENT 'To time',
  `customer_group_id` int(11) DEFAULT NULL,
  `product_id` int(10) unsigned NOT NULL DEFAULT '0' COMMENT 'Product Id',
  `action_operator` varchar(10) DEFAULT 'to_fixed' COMMENT 'Action Operator',
  `action_amount` decimal(12,4) NOT NULL DEFAULT '0.0000' COMMENT 'Action Amount',
  `action_stop` smallint(6) NOT NULL DEFAULT '0' COMMENT 'Action Stop',
  `sort_order` int(10) unsigned NOT NULL DEFAULT '0' COMMENT 'Sort Order',
  `website_id` smallint(5) unsigned NOT NULL COMMENT 'Website Id',
  PRIMARY KEY (`rule_product_id`),
  UNIQUE KEY `IDX_EAA51B56FF092A0DCB795D1CEF812B7B` (`rule_id`,`from_time`,`to_time`,`website_id`,`customer_group_id`,`product_id`,`sort_order`),
  KEY `CATALOGRULE_PRODUCT_CUSTOMER_GROUP_ID` (`customer_group_id`),
  KEY `CATALOGRULE_PRODUCT_WEBSITE_ID` (`website_id`),
  KEY `CATALOGRULE_PRODUCT_FROM_TIME` (`from_time`),
  KEY `CATALOGRULE_PRODUCT_TO_TIME` (`to_time`),
  KEY `CATALOGRULE_PRODUCT_PRODUCT_ID` (`product_id`)
) ENGINE=InnoDB DEFAULT CHARSET=utf8 COMMENT='CatalogRule Product';

--
-- Table structure for table `catalogrule_product_price`
--

CREATE TABLE `catalogrule_product_price` (
  `rule_product_price_id` int(10) unsigned NOT NULL AUTO_INCREMENT COMMENT 'Rule Product PriceId',
  `rule_date` date NOT NULL COMMENT 'Rule Date',
  `customer_group_id` int(11) DEFAULT NULL,
  `product_id` int(10) unsigned NOT NULL DEFAULT '0' COMMENT 'Product Id',
  `rule_price` decimal(12,4) NOT NULL DEFAULT '0.0000' COMMENT 'Rule Price',
  `website_id` smallint(5) unsigned NOT NULL COMMENT 'Website Id',
  `latest_start_date` date DEFAULT NULL COMMENT 'Latest StartDate',
  `earliest_end_date` date DEFAULT NULL COMMENT 'Earliest EndDate',
  PRIMARY KEY (`rule_product_price_id`),
  UNIQUE KEY `CATRULE_PRD_PRICE_RULE_DATE_WS_ID_CSTR_GROUP_ID_PRD_ID` (`rule_date`,`website_id`,`customer_group_id`,`product_id`),
  KEY `CATALOGRULE_PRODUCT_PRICE_CUSTOMER_GROUP_ID` (`customer_group_id`),
  KEY `CATALOGRULE_PRODUCT_PRICE_WEBSITE_ID` (`website_id`),
  KEY `CATALOGRULE_PRODUCT_PRICE_PRODUCT_ID` (`product_id`)
) ENGINE=InnoDB DEFAULT CHARSET=utf8 COMMENT='CatalogRule Product Price';

--
-- Table structure for table `catalogrule_product_price_replica`
--

CREATE TABLE `catalogrule_product_price_replica` (
  `rule_product_price_id` int(10) unsigned NOT NULL AUTO_INCREMENT COMMENT 'Rule Product PriceId',
  `rule_date` date NOT NULL COMMENT 'Rule Date',
  `customer_group_id` int(11) DEFAULT NULL,
  `product_id` int(10) unsigned NOT NULL DEFAULT '0' COMMENT 'Product Id',
  `rule_price` decimal(12,4) NOT NULL DEFAULT '0.0000' COMMENT 'Rule Price',
  `website_id` smallint(5) unsigned NOT NULL COMMENT 'Website Id',
  `latest_start_date` date DEFAULT NULL COMMENT 'Latest StartDate',
  `earliest_end_date` date DEFAULT NULL COMMENT 'Earliest EndDate',
  PRIMARY KEY (`rule_product_price_id`),
  UNIQUE KEY `CATRULE_PRD_PRICE_RULE_DATE_WS_ID_CSTR_GROUP_ID_PRD_ID` (`rule_date`,`website_id`,`customer_group_id`,`product_id`),
  KEY `CATALOGRULE_PRODUCT_PRICE_CUSTOMER_GROUP_ID` (`customer_group_id`),
  KEY `CATALOGRULE_PRODUCT_PRICE_WEBSITE_ID` (`website_id`),
  KEY `CATALOGRULE_PRODUCT_PRICE_PRODUCT_ID` (`product_id`)
) ENGINE=InnoDB DEFAULT CHARSET=utf8 COMMENT='CatalogRule Product Price';

--
-- Table structure for table `catalogrule_product_replica`
--

CREATE TABLE `catalogrule_product_replica` (
  `rule_product_id` int(10) unsigned NOT NULL AUTO_INCREMENT COMMENT 'Rule Product Id',
  `rule_id` int(10) unsigned NOT NULL DEFAULT '0' COMMENT 'Rule Id',
  `from_time` int(10) unsigned NOT NULL DEFAULT '0' COMMENT 'From Time',
  `to_time` int(10) unsigned NOT NULL DEFAULT '0' COMMENT 'To time',
  `customer_group_id` int(11) DEFAULT NULL,
  `product_id` int(10) unsigned NOT NULL DEFAULT '0' COMMENT 'Product Id',
  `action_operator` varchar(10) DEFAULT 'to_fixed' COMMENT 'Action Operator',
  `action_amount` decimal(12,4) NOT NULL DEFAULT '0.0000' COMMENT 'Action Amount',
  `action_stop` smallint(6) NOT NULL DEFAULT '0' COMMENT 'Action Stop',
  `sort_order` int(10) unsigned NOT NULL DEFAULT '0' COMMENT 'Sort Order',
  `website_id` smallint(5) unsigned NOT NULL COMMENT 'Website Id',
  PRIMARY KEY (`rule_product_id`),
  UNIQUE KEY `IDX_EAA51B56FF092A0DCB795D1CEF812B7B` (`rule_id`,`from_time`,`to_time`,`website_id`,`customer_group_id`,`product_id`,`sort_order`),
  KEY `CATALOGRULE_PRODUCT_CUSTOMER_GROUP_ID` (`customer_group_id`),
  KEY `CATALOGRULE_PRODUCT_WEBSITE_ID` (`website_id`),
  KEY `CATALOGRULE_PRODUCT_FROM_TIME` (`from_time`),
  KEY `CATALOGRULE_PRODUCT_TO_TIME` (`to_time`),
  KEY `CATALOGRULE_PRODUCT_PRODUCT_ID` (`product_id`)
) ENGINE=InnoDB DEFAULT CHARSET=utf8 COMMENT='CatalogRule Product';

--
-- Table structure for table `catalogrule_website`
--

CREATE TABLE `catalogrule_website` (
  `rule_id` int(10) unsigned NOT NULL COMMENT 'Rule Id',
  `website_id` smallint(5) unsigned NOT NULL COMMENT 'Website Id',
  PRIMARY KEY (`rule_id`,`website_id`),
  KEY `CATALOGRULE_WEBSITE_WEBSITE_ID` (`website_id`)
) ENGINE=InnoDB DEFAULT CHARSET=utf8 COMMENT='Catalog Rules To Websites Relations';

--
-- Table structure for table `catalogsearch_fulltext_scope1`
--

CREATE TABLE `catalogsearch_fulltext_scope1` (
  `entity_id` int(10) unsigned NOT NULL COMMENT 'Entity ID',
  `attribute_id` int(10) unsigned NOT NULL COMMENT 'Attribute_id',
  `data_index` longtext COMMENT 'Data index',
  PRIMARY KEY (`entity_id`,`attribute_id`),
  FULLTEXT KEY `FTI_FULLTEXT_DATA_INDEX` (`data_index`)
) ENGINE=InnoDB DEFAULT CHARSET=utf8 COMMENT='catalogsearch_fulltext_scope1_tmp';

--
-- Dumping data for table `catalogsearch_fulltext_scope1`
--

INSERT INTO `catalogsearch_fulltext_scope1` VALUES ('1','73','ASOS BRIDAL Here Comes The Bride Vest & Short Pyjama Set'),('1','74','9658'),('1','75','Every woman knows that her most sophisticated and impressive outfit is not complete without perfect lingerie underneath. Just as an old joke says, “She was wearing all white, but no one could see that, as there was a black dress on her”. Lingerie is more than just a garment. For some reason, it is often considered to be a topic which is not appropriate to be talked about. However, it deserves just as much attention as usual clothing. It may be fashionable or not, it may be comfortable or not, it may suit you or not. This is why it should be talked about, paid attention to and enjoyed. What is offered in this online store? Most comfortable sleepwear, extremely elegant swimwear, seductive lingerie, regular and plus size shapewear and so on. An extensive range of lingerie includes naughty and nice models. Be sure that whichever evening you are planning, in the lingerie which fits your body perfectly, which is comfortable and at the same time makes you look gorgeous, it will be amazing. Either it’s a special moment with your loved one, or a gathering with your friends at a tennis court, the lingerie which you’ll be wearing will make you as comfortable as possible.'),('1','76','We advocate comfortable, elegant and beautiful lingerie.'),('1','135','China'),('1','136','Hollow Out'),('1','137','Push Up Bra'),('1','141','Classic'),('1','157','Triumph'),('2','73','ASOS Leanna Lace Up Satin Half Cup Moulded Underwire Bra'),('2','74','3546'),('2','75','Every woman knows that her most sophisticated and impressive outfit is not complete without perfect lingerie underneath. Just as an old joke says, “She was wearing all white, but no one could see that, as there was a black dress on her”. Lingerie is more than just a garment. For some reason, it is often considered to be a topic which is not appropriate to be talked about. However, it deserves just as much attention as usual clothing. It may be fashionable or not, it may be comfortable or not, it may suit you or not. This is why it should be talked about, paid attention to and enjoyed. What is offered in this online store? Most comfortable sleepwear, extremely elegant swimwear, seductive lingerie, regular and plus size shapewear and so on. An extensive range of lingerie includes naughty and nice models. Be sure that whichever evening you are planning, in the lingerie which fits your body perfectly, which is comfortable and at the same time makes you look gorgeous, it will be amazing. Either it’s a special moment with your loved one, or a gathering with your friends at a tennis court, the lingerie which you’ll be wearing will make you as comfortable as possible.'),('2','76','We advocate comfortable, elegant and beautiful lingerie.'),('2','135','Germany'),('2','136','Backless'),('2','137','Support Bra'),('2','141','Sexy'),('2','157','Triumph'),('3','73','ASOS Madison Lace Underwire Bra'),('3','74','2653'),('3','75','Every woman knows that her most sophisticated and impressive outfit is not complete without perfect lingerie underneath. Just as an old joke says, “She was wearing all white, but no one could see that, as there was a black dress on her”. Lingerie is more than just a garment. For some reason, it is often considered to be a topic which is not appropriate to be talked about. However, it deserves just as much attention as usual clothing. It may be fashionable or not, it may be comfortable or not, it may suit you or not. This is why it should be talked about, paid attention to and enjoyed. What is offered in this online store? Most comfortable sleepwear, extremely elegant swimwear, seductive lingerie, regular and plus size shapewear and so on. An extensive range of lingerie includes naughty and nice models. Be sure that whichever evening you are planning, in the lingerie which fits your body perfectly, which is comfortable and at the same time makes you look gorgeous, it will be amazing. Either it’s a special moment with your loved one, or a gathering with your friends at a tennis court, the lingerie which you’ll be wearing will make you as comfortable as possible.'),('3','76','We advocate comfortable, elegant and beautiful lingerie.'),('3','135','France'),('3','136','Hollow Out'),('3','137','Basic Bra'),('3','141','Romantic'),('3','157','Vixen'),('4','73','ASOS Shake Your Coconuts Vest & Short Pyjama Set'),('4','74','3665'),('4','75','Every woman knows that her most sophisticated and impressive outfit is not complete without perfect lingerie underneath. Just as an old joke says, “She was wearing all white, but no one could see that, as there was a black dress on her”. Lingerie is more than just a garment. For some reason, it is often considered to be a topic which is not appropriate to be talked about. However, it deserves just as much attention as usual clothing. It may be fashionable or not, it may be comfortable or not, it may suit you or not. This is why it should be talked about, paid attention to and enjoyed. What is offered in this online store? Most comfortable sleepwear, extremely elegant swimwear, seductive lingerie, regular and plus size shapewear and so on. An extensive range of lingerie includes naughty and nice models. Be sure that whichever evening you are planning, in the lingerie which fits your body perfectly, which is comfortable and at the same time makes you look gorgeous, it will be amazing. Either it’s a special moment with your loved one, or a gathering with your friends at a tennis court, the lingerie which you’ll be wearing will make you as comfortable as possible.'),('4','76','We advocate comfortable, elegant and beautiful lingerie.'),('4','135','Germany'),('4','136','Backless'),('4','137','Push Up Bra'),('4','141','Romantic'),('4','157','Vixen'),('5','73','ASOS Hi-Leg Hi-Shine Body'),('5','74','2345'),('5','75','Every woman knows that her most sophisticated and impressive outfit is not complete without perfect lingerie underneath. Just as an old joke says, “She was wearing all white, but no one could see that, as there was a black dress on her”. Lingerie is more than just a garment. For some reason, it is often considered to be a topic which is not appropriate to be talked about. However, it deserves just as much attention as usual clothing. It may be fashionable or not, it may be comfortable or not, it may suit you or not. This is why it should be talked about, paid attention to and enjoyed. What is offered in this online store? Most comfortable sleepwear, extremely elegant swimwear, seductive lingerie, regular and plus size shapewear and so on. An extensive range of lingerie includes naughty and nice models. Be sure that whichever evening you are planning, in the lingerie which fits your body perfectly, which is comfortable and at the same time makes you look gorgeous, it will be amazing. Either it’s a special moment with your loved one, or a gathering with your friends at a tennis court, the lingerie which you’ll be wearing will make you as comfortable as possible.'),('5','76','We advocate comfortable, elegant and beautiful lingerie.'),('5','135','USA'),('5','136','Lace'),('5','137','T-Shirt Bra'),('5','141','Romantic'),('5','157','Calvin Klein'),('6','73','Cath Kidston Guards Pyjama Tshirt'),('6','74','4443'),('6','75','Every woman knows that her most sophisticated and impressive outfit is not complete without perfect lingerie underneath. Just as an old joke says, “She was wearing all white, but no one could see that, as there was a black dress on her”. Lingerie is more than just a garment. For some reason, it is often considered to be a topic which is not appropriate to be talked about. However, it deserves just as much attention as usual clothing. It may be fashionable or not, it may be comfortable or not, it may suit you or not. This is why it should be talked about, paid attention to and enjoyed. What is offered in this online store? Most comfortable sleepwear, extremely elegant swimwear, seductive lingerie, regular and plus size shapewear and so on. An extensive range of lingerie includes naughty and nice models. Be sure that whichever evening you are planning, in the lingerie which fits your body perfectly, which is comfortable and at the same time makes you look gorgeous, it will be amazing. Either it’s a special moment with your loved one, or a gathering with your friends at a tennis court, the lingerie which you’ll be wearing will make you as comfortable as possible.'),('6','76','We advocate comfortable, elegant and beautiful lingerie.'),('6','135','Germany'),('6','136','Hollow Out'),('6','137','Push Up Bra'),('6','141','Romantic'),('6','157','Calvin Klein'),('7','73','BRIDAL Valentina Corded Lace Slip'),('7','74','2488'),('7','75','Every woman knows that her most sophisticated and impressive outfit is not complete without perfect lingerie underneath. Just as an old joke says, “She was wearing all white, but no one could see that, as there was a black dress on her”. Lingerie is more than just a garment. For some reason, it is often considered to be a topic which is not appropriate to be talked about. However, it deserves just as much attention as usual clothing. It may be fashionable or not, it may be comfortable or not, it may suit you or not. This is why it should be talked about, paid attention to and enjoyed. What is offered in this online store? Most comfortable sleepwear, extremely elegant swimwear, seductive lingerie, regular and plus size shapewear and so on. An extensive range of lingerie includes naughty and nice models. Be sure that whichever evening you are planning, in the lingerie which fits your body perfectly, which is comfortable and at the same time makes you look gorgeous, it will be amazing. Either it’s a special moment with your loved one, or a gathering with your friends at a tennis court, the lingerie which you’ll be wearing will make you as comfortable as possible.'),('7','76','We advocate comfortable, elegant and beautiful lingerie.'),('7','135','USA'),('7','136','Hollow Out'),('7','137','Push Up Bra'),('7','141','Romantic'),('7','157','Naf Naf'),('8','73','BRIDAL Confetti Queen Tee & Short Pyjama set'),('8','74','2377'),('8','75','Every woman knows that her most sophisticated and impressive outfit is not complete without perfect lingerie underneath. Just as an old joke says, “She was wearing all white, but no one could see that, as there was a black dress on her”. Lingerie is more than just a garment. For some reason, it is often considered to be a topic which is not appropriate to be talked about. However, it deserves just as much attention as usual clothing. It may be fashionable or not, it may be comfortable or not, it may suit you or not. This is why it should be talked about, paid attention to and enjoyed. What is offered in this online store? Most comfortable sleepwear, extremely elegant swimwear, seductive lingerie, regular and plus size shapewear and so on. An extensive range of lingerie includes naughty and nice models. Be sure that whichever evening you are planning, in the lingerie which fits your body perfectly, which is comfortable and at the same time makes you look gorgeous, it will be amazing. Either it’s a special moment with your loved one, or a gathering with your friends at a tennis court, the lingerie which you’ll be wearing will make you as comfortable as possible.'),('8','76','We advocate comfortable, elegant and beautiful lingerie.'),('8','135','China'),('8','136','Hollow Out'),('8','137','Support Bra'),('8','141','Romantic'),('8','157','Naf Naf'),('14','73','Marie Meili Brooke Two Pack Bra'),('14','74','6133'),('14','75','Every woman knows that her most sophisticated and impressive outfit is not complete without perfect lingerie underneath. Just as an old joke says, “She was wearing all white, but no one could see that, as there was a black dress on her”. Lingerie is more than just a garment. For some reason, it is often considered to be a topic which is not appropriate to be talked about. However, it deserves just as much attention as usual clothing. It may be fashionable or not, it may be comfortable or not, it may suit you or not. This is why it should be talked about, paid attention to and enjoyed. What is offered in this online store? Most comfortable sleepwear, extremely elegant swimwear, seductive lingerie, regular and plus size shapewear and so on. An extensive range of lingerie includes naughty and nice models. Be sure that whichever evening you are planning, in the lingerie which fits your body perfectly, which is comfortable and at the same time makes you look gorgeous, it will be amazing. Either it’s a special moment with your loved one, or a gathering with your friends at a tennis court, the lingerie which you’ll be wearing will make you as comfortable as possible.'),('14','76','We advocate comfortable, elegant and beautiful lingerie.'),('14','135','China'),('14','136','Hollow Out'),('14','137','Support Bra'),('14','141','Classic'),('14','157','Recco'),('15','73','Lace Trim Long Sleeve Tee & Short Pyjama Set'),('15','74','5123'),('15','75','Every woman knows that her most sophisticated and impressive outfit is not complete without perfect lingerie underneath. Just as an old joke says, “She was wearing all white, but no one could see that, as there was a black dress on her”. Lingerie is more than just a garment. For some reason, it is often considered to be a topic which is not appropriate to be talked about. However, it deserves just as much attention as usual clothing. It may be fashionable or not, it may be comfortable or not, it may suit you or not. This is why it should be talked about, paid attention to and enjoyed. What is offered in this online store? Most comfortable sleepwear, extremely elegant swimwear, seductive lingerie, regular and plus size shapewear and so on. An extensive range of lingerie includes naughty and nice models. Be sure that whichever evening you are planning, in the lingerie which fits your body perfectly, which is comfortable and at the same time makes you look gorgeous, it will be amazing. Either it’s a special moment with your loved one, or a gathering with your friends at a tennis court, the lingerie which you’ll be wearing will make you as comfortable as possible.'),('15','76','We advocate comfortable, elegant and beautiful lingerie.'),('15','135','Germany'),('15','136','Hollow Out'),('15','137','Support Bra'),('15','141','Classic'),('15','157','Recco'),('16','73','Marie Meili Wisdom Super Push Up Bra | Marie Meili Wisdom Super Push Up Bra-black | Marie Meili Wisdom Super Push Up Bra-blue'),('16','74','5111'),('16','75','Every woman knows that her most sophisticated and impressive outfit is not complete without perfect lingerie underneath. Just as an old joke says, “She was wearing all white, but no one could see that, as there was a black dress on her”. Lingerie is more than just a garment. For some reason, it is often considered to be a topic which is not appropriate to be talked about. However, it deserves just as much attention as usual clothing. It may be fashionable or not, it may be comfortable or not, it may suit you or not. This is why it should be talked about, paid attention to and enjoyed. What is offered in this online store? Most comfortable sleepwear, extremely elegant swimwear, seductive lingerie, regular and plus size shapewear and so on. An extensive range of lingerie includes naughty and nice models. Be sure that whichever evening you are planning, in the lingerie which fits your body perfectly, which is comfortable and at the same time makes you look gorgeous, it will be amazing. Either it’s a special moment with your loved one, or a gathering with your friends at a tennis court, the lingerie which you’ll be wearing will make you as comfortable as possible. | Every woman knows that her most sophisticated and impressive outfit is not complete without perfect lingerie underneath. Just as an old joke says, “She was wearing all white, but no one could see that, as there was a black dress on her”. Lingerie is more than just a garment. For some reason, it is often considered to be a topic which is not appropriate to be talked about. However, it deserves just as much attention as usual clothing. It may be fashionable or not, it may be comfortable or not, it may suit you or not. This is why it should be talked about, paid attention to and enjoyed. What is offered in this online store? Most comfortable sleepwear, extremely elegant swimwear, seductive lingerie, regular and plus size shapewear and so on. An extensive range of lingerie includes naughty and nice models. Be sure that whichever evening you are planning, in the lingerie which fits your body perfectly, which is comfortable and at the same time makes you look gorgeous, it will be amazing. Either it’s a special moment with your loved one, or a gathering with your friends at a tennis court, the lingerie which you’ll be wearing will make you as comfortable as possible. | Every woman knows that her most sophisticated and impressive outfit is not complete without perfect lingerie underneath. Just as an old joke says, “She was wearing all white, but no one could see that, as there was a black dress on her”. Lingerie is more than just a garment. For some reason, it is often considered to be a topic which is not appropriate to be talked about. However, it deserves just as much attention as usual clothing. It may be fashionable or not, it may be comfortable or not, it may suit you or not. This is why it should be talked about, paid attention to and enjoyed. What is offered in this online store? Most comfortable sleepwear, extremely elegant swimwear, seductive lingerie, regular and plus size shapewear and so on. An extensive range of lingerie includes naughty and nice models. Be sure that whichever evening you are planning, in the lingerie which fits your body perfectly, which is comfortable and at the same time makes you look gorgeous, it will be amazing. Either it’s a special moment with your loved one, or a gathering with your friends at a tennis court, the lingerie which you’ll be wearing will make you as comfortable as possible.'),('16','76','We advocate comfortable, elegant and beautiful lingerie. | We advocate comfortable, elegant and beautiful lingerie. | We advocate comfortable, elegant and beautiful lingerie.'),('16','135','China | China | China'),('16','136','Backless | Backless | Backless'),('16','137','Support Bra | Support Bra | Support Bra'),('16','141','Romantic | Romantic | Romantic'),('16','143','black | blue'),('17','73','MIX & MATCH | MIX & MATCH-white | MIX & MATCH-pink'),('17','74','9654'),('17','75','Every woman knows that her most sophisticated and impressive outfit is not complete without perfect lingerie underneath. Just as an old joke says, “She was wearing all white, but no one could see that, as there was a black dress on her”. Lingerie is more than just a garment. For some reason, it is often considered to be a topic which is not appropriate to be talked about. However, it deserves just as much attention as usual clothing. It may be fashionable or not, it may be comfortable or not, it may suit you or not. This is why it should be talked about, paid attention to and enjoyed. What is offered in this online store? Most comfortable sleepwear, extremely elegant swimwear, seductive lingerie, regular and plus size shapewear and so on. An extensive range of lingerie includes naughty and nice models. Be sure that whichever evening you are planning, in the lingerie which fits your body perfectly, which is comfortable and at the same time makes you look gorgeous, it will be amazing. Either it’s a special moment with your loved one, or a gathering with your friends at a tennis court, the lingerie which you’ll be wearing will make you as comfortable as possible. | Every woman knows that her most sophisticated and impressive outfit is not complete without perfect lingerie underneath. Just as an old joke says, “She was wearing all white, but no one could see that, as there was a black dress on her”. Lingerie is more than just a garment. For some reason, it is often considered to be a topic which is not appropriate to be talked about. However, it deserves just as much attention as usual clothing. It may be fashionable or not, it may be comfortable or not, it may suit you or not. This is why it should be talked about, paid attention to and enjoyed. What is offered in this online store? Most comfortable sleepwear, extremely elegant swimwear, seductive lingerie, regular and plus size shapewear and so on. An extensive range of lingerie includes naughty and nice models. Be sure that whichever evening you are planning, in the lingerie which fits your body perfectly, which is comfortable and at the same time makes you look gorgeous, it will be amazing. Either it’s a special moment with your loved one, or a gathering with your friends at a tennis court, the lingerie which you’ll be wearing will make you as comfortable as possible. | Every woman knows that her most sophisticated and impressive outfit is not complete without perfect lingerie underneath. Just as an old joke says, “She was wearing all white, but no one could see that, as there was a black dress on her”. Lingerie is more than just a garment. For some reason, it is often considered to be a topic which is not appropriate to be talked about. However, it deserves just as much attention as usual clothing. It may be fashionable or not, it may be comfortable or not, it may suit you or not. This is why it should be talked about, paid attention to and enjoyed. What is offered in this online store? Most comfortable sleepwear, extremely elegant swimwear, seductive lingerie, regular and plus size shapewear and so on. An extensive range of lingerie includes naughty and nice models. Be sure that whichever evening you are planning, in the lingerie which fits your body perfectly, which is comfortable and at the same time makes you look gorgeous, it will be amazing. Either it’s a special moment with your loved one, or a gathering with your friends at a tennis court, the lingerie which you’ll be wearing will make you as comfortable as possible.'),('17','76','We advocate comfortable, elegant and beautiful lingerie. | We advocate comfortable, elegant and beautiful lingerie. | We advocate comfortable, elegant and beautiful lingerie.'),('17','135','USA | USA | USA'),('17','136','Backless | Backless | Backless'),('17','137','T-Shirt Bra | T-Shirt Bra | T-Shirt Bra'),('17','141','Romantic | Romantic | Romantic'),('17','143','white | pink'),('17','157','Beaujais'),('18','73','Oysho Escote Croazon Dot Body | Oysho Escote Croazon Dot Body-black | Oysho Escote Croazon Dot Body-white | Oysho Escote Croazon Dot Body-red'),('18','74','4762'),('18','75','Every woman knows that her most sophisticated and impressive outfit is not complete without perfect lingerie underneath. Just as an old joke says, “She was wearing all white, but no one could see that, as there was a black dress on her”. Lingerie is more than just a garment. For some reason, it is often considered to be a topic which is not appropriate to be talked about. However, it deserves just as much attention as usual clothing. It may be fashionable or not, it may be comfortable or not, it may suit you or not. This is why it should be talked about, paid attention to and enjoyed. What is offered in this online store? Most comfortable sleepwear, extremely elegant swimwear, seductive lingerie, regular and plus size shapewear and so on. An extensive range of lingerie includes naughty and nice models. Be sure that whichever evening you are planning, in the lingerie which fits your body perfectly, which is comfortable and at the same time makes you look gorgeous, it will be amazing. Either it’s a special moment with your loved one, or a gathering with your friends at a tennis court, the lingerie which you’ll be wearing will make you as comfortable as possible. | Every woman knows that her most sophisticated and impressive outfit is not complete without perfect lingerie underneath. Just as an old joke says, “She was wearing all white, but no one could see that, as there was a black dress on her”. Lingerie is more than just a garment. For some reason, it is often considered to be a topic which is not appropriate to be talked about. However, it deserves just as much attention as usual clothing. It may be fashionable or not, it may be comfortable or not, it may suit you or not. This is why it should be talked about, paid attention to and enjoyed. What is offered in this online store? Most comfortable sleepwear, extremely elegant swimwear, seductive lingerie, regular and plus size shapewear and so on. An extensive range of lingerie includes naughty and nice models. Be sure that whichever evening you are planning, in the lingerie which fits your body perfectly, which is comfortable and at the same time makes you look gorgeous, it will be amazing. Either it’s a special moment with your loved one, or a gathering with your friends at a tennis court, the lingerie which you’ll be wearing will make you as comfortable as possible. | Every woman knows that her most sophisticated and impressive outfit is not complete without perfect lingerie underneath. Just as an old joke says, “She was wearing all white, but no one could see that, as there was a black dress on her”. Lingerie is more than just a garment. For some reason, it is often considered to be a topic which is not appropriate to be talked about. However, it deserves just as much attention as usual clothing. It may be fashionable or not, it may be comfortable or not, it may suit you or not. This is why it should be talked about, paid attention to and enjoyed. What is offered in this online store? Most comfortable sleepwear, extremely elegant swimwear, seductive lingerie, regular and plus size shapewear and so on. An extensive range of lingerie includes naughty and nice models. Be sure that whichever evening you are planning, in the lingerie which fits your body perfectly, which is comfortable and at the same time makes you look gorgeous, it will be amazing. Either it’s a special moment with your loved one, or a gathering with your friends at a tennis court, the lingerie which you’ll be wearing will make you as comfortable as possible. | Every woman knows that her most sophisticated and impressive outfit is not complete without perfect lingerie underneath. Just as an old joke says, “She was wearing all white, but no one could see that, as there was a black dress on her”. Lingerie is more than just a garment. For some reason, it is often considered to be a topic which is not appropriate to be talked about. However, it deserves just as much attention as usual clothing. It may be fashionable or not, it may be comfortable or not, it may suit you or not. This is why it should be talked about, paid attention to and enjoyed. What is offered in this online store? Most comfortable sleepwear, extremely elegant swimwear, seductive lingerie, regular and plus size shapewear and so on. An extensive range of lingerie includes naughty and nice models. Be sure that whichever evening you are planning, in the lingerie which fits your body perfectly, which is comfortable and at the same time makes you look gorgeous, it will be amazing. Either it’s a special moment with your loved one, or a gathering with your friends at a tennis court, the lingerie which you’ll be wearing will make you as comfortable as possible.'),('18','76','We advocate comfortable, elegant and beautiful lingerie. | We advocate comfortable, elegant and beautiful lingerie. | We advocate comfortable, elegant and beautiful lingerie. | We advocate comfortable, elegant and beautiful lingerie.'),('18','135','France | France | France | France'),('18','136','Lace | Lace | Lace | Lace'),('18','137','Push Up Bra | Push Up Bra | Push Up Bra | Push Up Bra'),('18','141','Romantic | Romantic | Romantic | Romantic'),('18','143','black | white | red'),('18','157','Beaujais'),('19','73','Shoulder Detail Lace Underwire Bralet | Shoulder Detail Lace Underwire Bralet-pink | Shoulder Detail Lace Underwire Bralet-blue'),('19','74','8112'),('19','75','Every woman knows that her most sophisticated and impressive outfit is not complete without perfect lingerie underneath. Just as an old joke says, “She was wearing all white, but no one could see that, as there was a black dress on her”. Lingerie is more than just a garment. For some reason, it is often considered to be a topic which is not appropriate to be talked about. However, it deserves just as much attention as usual clothing. It may be fashionable or not, it may be comfortable or not, it may suit you or not. This is why it should be talked about, paid attention to and enjoyed. What is offered in this online store? Most comfortable sleepwear, extremely elegant swimwear, seductive lingerie, regular and plus size shapewear and so on. An extensive range of lingerie includes naughty and nice models. Be sure that whichever evening you are planning, in the lingerie which fits your body perfectly, which is comfortable and at the same time makes you look gorgeous, it will be amazing. Either it’s a special moment with your loved one, or a gathering with your friends at a tennis court, the lingerie which you’ll be wearing will make you as comfortable as possible. | Every woman knows that her most sophisticated and impressive outfit is not complete without perfect lingerie underneath. Just as an old joke says, “She was wearing all white, but no one could see that, as there was a black dress on her”. Lingerie is more than just a garment. For some reason, it is often considered to be a topic which is not appropriate to be talked about. However, it deserves just as much attention as usual clothing. It may be fashionable or not, it may be comfortable or not, it may suit you or not. This is why it should be talked about, paid attention to and enjoyed. What is offered in this online store? Most comfortable sleepwear, extremely elegant swimwear, seductive lingerie, regular and plus size shapewear and so on. An extensive range of lingerie includes naughty and nice models. Be sure that whichever evening you are planning, in the lingerie which fits your body perfectly, which is comfortable and at the same time makes you look gorgeous, it will be amazing. Either it’s a special moment with your loved one, or a gathering with your friends at a tennis court, the lingerie which you’ll be wearing will make you as comfortable as possible. | Every woman knows that her most sophisticated and impressive outfit is not complete without perfect lingerie underneath. Just as an old joke says, “She was wearing all white, but no one could see that, as there was a black dress on her”. Lingerie is more than just a garment. For some reason, it is often considered to be a topic which is not appropriate to be talked about. However, it deserves just as much attention as usual clothing. It may be fashionable or not, it may be comfortable or not, it may suit you or not. This is why it should be talked about, paid attention to and enjoyed. What is offered in this online store? Most comfortable sleepwear, extremely elegant swimwear, seductive lingerie, regular and plus size shapewear and so on. An extensive range of lingerie includes naughty and nice models. Be sure that whichever evening you are planning, in the lingerie which fits your body perfectly, which is comfortable and at the same time makes you look gorgeous, it will be amazing. Either it’s a special moment with your loved one, or a gathering with your friends at a tennis court, the lingerie which you’ll be wearing will make you as comfortable as possible.'),('19','76','We advocate comfortable, elegant and beautiful lingerie. | We advocate comfortable, elegant and beautiful lingerie. | We advocate comfortable, elegant and beautiful lingerie.'),('19','135','Germany | Germany | Germany'),('19','136','Hollow Out | Hollow Out | Hollow Out'),('19','137','Push Up Bra | Push Up Bra | Push Up Bra'),('19','141','Romantic | Romantic | Romantic'),('19','143','pink | blue'),('20','73','Undiz Ampli Mico T-Shirt Bra | Undiz Ampli Mico T-Shirt Bra-white | Undiz Ampli Mico T-Shirt Bra-black'),('20','74','4998'),('20','75','Every woman knows that her most sophisticated and impressive outfit is not complete without perfect lingerie underneath. Just as an old joke says, “She was wearing all white, but no one could see that, as there was a black dress on her”. Lingerie is more than just a garment. For some reason, it is often considered to be a topic which is not appropriate to be talked about. However, it deserves just as much attention as usual clothing. It may be fashionable or not, it may be comfortable or not, it may suit you or not. This is why it should be talked about, paid attention to and enjoyed. What is offered in this online store? Most comfortable sleepwear, extremely elegant swimwear, seductive lingerie, regular and plus size shapewear and so on. An extensive range of lingerie includes naughty and nice models. Be sure that whichever evening you are planning, in the lingerie which fits your body perfectly, which is comfortable and at the same time makes you look gorgeous, it will be amazing. Either it’s a special moment with your loved one, or a gathering with your friends at a tennis court, the lingerie which you’ll be wearing will make you as comfortable as possible. | Every woman knows that her most sophisticated and impressive outfit is not complete without perfect lingerie underneath. Just as an old joke says, “She was wearing all white, but no one could see that, as there was a black dress on her”. Lingerie is more than just a garment. For some reason, it is often considered to be a topic which is not appropriate to be talked about. However, it deserves just as much attention as usual clothing. It may be fashionable or not, it may be comfortable or not, it may suit you or not. This is why it should be talked about, paid attention to and enjoyed. What is offered in this online store? Most comfortable sleepwear, extremely elegant swimwear, seductive lingerie, regular and plus size shapewear and so on. An extensive range of lingerie includes naughty and nice models. Be sure that whichever evening you are planning, in the lingerie which fits your body perfectly, which is comfortable and at the same time makes you look gorgeous, it will be amazing. Either it’s a special moment with your loved one, or a gathering with your friends at a tennis court, the lingerie which you’ll be wearing will make you as comfortable as possible. | Every woman knows that her most sophisticated and impressive outfit is not complete without perfect lingerie underneath. Just as an old joke says, “She was wearing all white, but no one could see that, as there was a black dress on her”. Lingerie is more than just a garment. For some reason, it is often considered to be a topic which is not appropriate to be talked about. However, it deserves just as much attention as usual clothing. It may be fashionable or not, it may be comfortable or not, it may suit you or not. This is why it should be talked about, paid attention to and enjoyed. What is offered in this online store? Most comfortable sleepwear, extremely elegant swimwear, seductive lingerie, regular and plus size shapewear and so on. An extensive range of lingerie includes naughty and nice models. Be sure that whichever evening you are planning, in the lingerie which fits your body perfectly, which is comfortable and at the same time makes you look gorgeous, it will be amazing. Either it’s a special moment with your loved one, or a gathering with your friends at a tennis court, the lingerie which you’ll be wearing will make you as comfortable as possible.'),('20','76','We advocate comfortable, elegant and beautiful lingerie. | We advocate comfortable, elegant and beautiful lingerie. | We advocate comfortable, elegant and beautiful lingerie.'),('20','135','China | China | China'),('20','136','Backless | Backless | Backless'),('20','137','Support Bra | Support Bra | Support Bra'),('20','141','Romantic | Romantic | Romantic'),('20','143','white | black'),('20','157','Beaujais'),('32','73','Undiz Equiliz Bustier Longline Bra | Undiz Equiliz Bustier Longline Bra-white | Undiz Equiliz Bustier Longline Bra-blue'),('32','74','4112'),('32','75','Every woman knows that her most sophisticated and impressive outfit is not complete without perfect lingerie underneath. Just as an old joke says, “She was wearing all white, but no one could see that, as there was a black dress on her”. Lingerie is more than just a garment. For some reason, it is often considered to be a topic which is not appropriate to be talked about. However, it deserves just as much attention as usual clothing. It may be fashionable or not, it may be comfortable or not, it may suit you or not. This is why it should be talked about, paid attention to and enjoyed. What is offered in this online store? Most comfortable sleepwear, extremely elegant swimwear, seductive lingerie, regular and plus size shapewear and so on. An extensive range of lingerie includes naughty and nice models. Be sure that whichever evening you are planning, in the lingerie which fits your body perfectly, which is comfortable and at the same time makes you look gorgeous, it will be amazing. Either it’s a special moment with your loved one, or a gathering with your friends at a tennis court, the lingerie which you’ll be wearing will make you as comfortable as possible. | Every woman knows that her most sophisticated and impressive outfit is not complete without perfect lingerie underneath. Just as an old joke says, “She was wearing all white, but no one could see that, as there was a black dress on her”. Lingerie is more than just a garment. For some reason, it is often considered to be a topic which is not appropriate to be talked about. However, it deserves just as much attention as usual clothing. It may be fashionable or not, it may be comfortable or not, it may suit you or not. This is why it should be talked about, paid attention to and enjoyed. What is offered in this online store? Most comfortable sleepwear, extremely elegant swimwear, seductive lingerie, regular and plus size shapewear and so on. An extensive range of lingerie includes naughty and nice models. Be sure that whichever evening you are planning, in the lingerie which fits your body perfectly, which is comfortable and at the same time makes you look gorgeous, it will be amazing. Either it’s a special moment with your loved one, or a gathering with your friends at a tennis court, the lingerie which you’ll be wearing will make you as comfortable as possible. | Every woman knows that her most sophisticated and impressive outfit is not complete without perfect lingerie underneath. Just as an old joke says, “She was wearing all white, but no one could see that, as there was a black dress on her”. Lingerie is more than just a garment. For some reason, it is often considered to be a topic which is not appropriate to be talked about. However, it deserves just as much attention as usual clothing. It may be fashionable or not, it may be comfortable or not, it may suit you or not. This is why it should be talked about, paid attention to and enjoyed. What is offered in this online store? Most comfortable sleepwear, extremely elegant swimwear, seductive lingerie, regular and plus size shapewear and so on. An extensive range of lingerie includes naughty and nice models. Be sure that whichever evening you are planning, in the lingerie which fits your body perfectly, which is comfortable and at the same time makes you look gorgeous, it will be amazing. Either it’s a special moment with your loved one, or a gathering with your friends at a tennis court, the lingerie which you’ll be wearing will make you as comfortable as possible.'),('32','76','We advocate comfortable, elegant and beautiful lingerie. | We advocate comfortable, elegant and beautiful lingerie. | We advocate comfortable, elegant and beautiful lingerie.'),('32','135','Germany | Germany | Germany'),('32','136','Lace | Lace | Lace'),('32','137','Basic Bra | Basic Bra | Basic Bra'),('32','141','Romantic | Romantic | Romantic'),('32','143','white | blue'),('33','73','Undiz Royaltiz Gel Bra | Undiz Royaltiz Gel Bra-white | Undiz Royaltiz Gel Bra-pink'),('33','74','4221'),('33','75','Every woman knows that her most sophisticated and impressive outfit is not complete without perfect lingerie underneath. Just as an old joke says, “She was wearing all white, but no one could see that, as there was a black dress on her”. Lingerie is more than just a garment. For some reason, it is often considered to be a topic which is not appropriate to be talked about. However, it deserves just as much attention as usual clothing. It may be fashionable or not, it may be comfortable or not, it may suit you or not. This is why it should be talked about, paid attention to and enjoyed. What is offered in this online store? Most comfortable sleepwear, extremely elegant swimwear, seductive lingerie, regular and plus size shapewear and so on. An extensive range of lingerie includes naughty and nice models. Be sure that whichever evening you are planning, in the lingerie which fits your body perfectly, which is comfortable and at the same time makes you look gorgeous, it will be amazing. Either it’s a special moment with your loved one, or a gathering with your friends at a tennis court, the lingerie which you’ll be wearing will make you as comfortable as possible. | Every woman knows that her most sophisticated and impressive outfit is not complete without perfect lingerie underneath. Just as an old joke says, “She was wearing all white, but no one could see that, as there was a black dress on her”. Lingerie is more than just a garment. For some reason, it is often considered to be a topic which is not appropriate to be talked about. However, it deserves just as much attention as usual clothing. It may be fashionable or not, it may be comfortable or not, it may suit you or not. This is why it should be talked about, paid attention to and enjoyed. What is offered in this online store? Most comfortable sleepwear, extremely elegant swimwear, seductive lingerie, regular and plus size shapewear and so on. An extensive range of lingerie includes naughty and nice models. Be sure that whichever evening you are planning, in the lingerie which fits your body perfectly, which is comfortable and at the same time makes you look gorgeous, it will be amazing. Either it’s a special moment with your loved one, or a gathering with your friends at a tennis court, the lingerie which you’ll be wearing will make you as comfortable as possible. | Every woman knows that her most sophisticated and impressive outfit is not complete without perfect lingerie underneath. Just as an old joke says, “She was wearing all white, but no one could see that, as there was a black dress on her”. Lingerie is more than just a garment. For some reason, it is often considered to be a topic which is not appropriate to be talked about. However, it deserves just as much attention as usual clothing. It may be fashionable or not, it may be comfortable or not, it may suit you or not. This is why it should be talked about, paid attention to and enjoyed. What is offered in this online store? Most comfortable sleepwear, extremely elegant swimwear, seductive lingerie, regular and plus size shapewear and so on. An extensive range of lingerie includes naughty and nice models. Be sure that whichever evening you are planning, in the lingerie which fits your body perfectly, which is comfortable and at the same time makes you look gorgeous, it will be amazing. Either it’s a special moment with your loved one, or a gathering with your friends at a tennis court, the lingerie which you’ll be wearing will make you as comfortable as possible.'),('33','76','We advocate comfortable, elegant and beautiful lingerie. | We advocate comfortable, elegant and beautiful lingerie. | We advocate comfortable, elegant and beautiful lingerie.'),('33','135','USA | USA | USA'),('33','136','Backless | Backless | Backless'),('33','137','T-Shirt Bra | T-Shirt Bra | T-Shirt Bra'),('33','141','Romantic | Romantic | Romantic'),('33','143','white | pink'),('34','73','Undiz Teamminiz Short | Undiz Teamminiz Short-black | Undiz Teamminiz Short-white | Undiz Teamminiz Short-red'),('34','74','4331'),('34','75','Every woman knows that her most sophisticated and impressive outfit is not complete without perfect lingerie underneath. Just as an old joke says, “She was wearing all white, but no one could see that, as there was a black dress on her”. Lingerie is more than just a garment. For some reason, it is often considered to be a topic which is not appropriate to be talked about. However, it deserves just as much attention as usual clothing. It may be fashionable or not, it may be comfortable or not, it may suit you or not. This is why it should be talked about, paid attention to and enjoyed. What is offered in this online store? Most comfortable sleepwear, extremely elegant swimwear, seductive lingerie, regular and plus size shapewear and so on. An extensive range of lingerie includes naughty and nice models. Be sure that whichever evening you are planning, in the lingerie which fits your body perfectly, which is comfortable and at the same time makes you look gorgeous, it will be amazing. Either it’s a special moment with your loved one, or a gathering with your friends at a tennis court, the lingerie which you’ll be wearing will make you as comfortable as possible. | Every woman knows that her most sophisticated and impressive outfit is not complete without perfect lingerie underneath. Just as an old joke says, “She was wearing all white, but no one could see that, as there was a black dress on her”. Lingerie is more than just a garment. For some reason, it is often considered to be a topic which is not appropriate to be talked about. However, it deserves just as much attention as usual clothing. It may be fashionable or not, it may be comfortable or not, it may suit you or not. This is why it should be talked about, paid attention to and enjoyed. What is offered in this online store? Most comfortable sleepwear, extremely elegant swimwear, seductive lingerie, regular and plus size shapewear and so on. An extensive range of lingerie includes naughty and nice models. Be sure that whichever evening you are planning, in the lingerie which fits your body perfectly, which is comfortable and at the same time makes you look gorgeous, it will be amazing. Either it’s a special moment with your loved one, or a gathering with your friends at a tennis court, the lingerie which you’ll be wearing will make you as comfortable as possible. | Every woman knows that her most sophisticated and impressive outfit is not complete without perfect lingerie underneath. Just as an old joke says, “She was wearing all white, but no one could see that, as there was a black dress on her”. Lingerie is more than just a garment. For some reason, it is often considered to be a topic which is not appropriate to be talked about. However, it deserves just as much attention as usual clothing. It may be fashionable or not, it may be comfortable or not, it may suit you or not. This is why it should be talked about, paid attention to and enjoyed. What is offered in this online store? Most comfortable sleepwear, extremely elegant swimwear, seductive lingerie, regular and plus size shapewear and so on. An extensive range of lingerie includes naughty and nice models. Be sure that whichever evening you are planning, in the lingerie which fits your body perfectly, which is comfortable and at the same time makes you look gorgeous, it will be amazing. Either it’s a special moment with your loved one, or a gathering with your friends at a tennis court, the lingerie which you’ll be wearing will make you as comfortable as possible. | Every woman knows that her most sophisticated and impressive outfit is not complete without perfect lingerie underneath. Just as an old joke says, “She was wearing all white, but no one could see that, as there was a black dress on her”. Lingerie is more than just a garment. For some reason, it is often considered to be a topic which is not appropriate to be talked about. However, it deserves just as much attention as usual clothing. It may be fashionable or not, it may be comfortable or not, it may suit you or not. This is why it should be talked about, paid attention to and enjoyed. What is offered in this online store? Most comfortable sleepwear, extremely elegant swimwear, seductive lingerie, regular and plus size shapewear and so on. An extensive range of lingerie includes naughty and nice models. Be sure that whichever evening you are planning, in the lingerie which fits your body perfectly, which is comfortable and at the same time makes you look gorgeous, it will be amazing. Either it’s a special moment with your loved one, or a gathering with your friends at a tennis court, the lingerie which you’ll be wearing will make you as comfortable as possible.'),('34','76','We advocate comfortable, elegant and beautiful lingerie. | We advocate comfortable, elegant and beautiful lingerie. | We advocate comfortable, elegant and beautiful lingerie. | We advocate comfortable, elegant and beautiful lingerie.'),('34','135','China | China | China | China'),('34','136','Hollow Out | Hollow Out | Hollow Out | Hollow Out'),('34','137','T-Shirt Bra | T-Shirt Bra | T-Shirt Bra | T-Shirt Bra');
INSERT INTO `catalogsearch_fulltext_scope1` VALUES ('34','141','Romantic | Romantic | Romantic | Romantic'),('34','143','black | white | red'),('35','73','Weekday Note Bra | Weekday Note Bra-black | Weekday Note Bra-pink'),('35','74','4521'),('35','75','Every woman knows that her most sophisticated and impressive outfit is not complete without perfect lingerie underneath. Just as an old joke says, “She was wearing all white, but no one could see that, as there was a black dress on her”. Lingerie is more than just a garment. For some reason, it is often considered to be a topic which is not appropriate to be talked about. However, it deserves just as much attention as usual clothing. It may be fashionable or not, it may be comfortable or not, it may suit you or not. This is why it should be talked about, paid attention to and enjoyed. What is offered in this online store? Most comfortable sleepwear, extremely elegant swimwear, seductive lingerie, regular and plus size shapewear and so on. An extensive range of lingerie includes naughty and nice models. Be sure that whichever evening you are planning, in the lingerie which fits your body perfectly, which is comfortable and at the same time makes you look gorgeous, it will be amazing. Either it’s a special moment with your loved one, or a gathering with your friends at a tennis court, the lingerie which you’ll be wearing will make you as comfortable as possible. | Every woman knows that her most sophisticated and impressive outfit is not complete without perfect lingerie underneath. Just as an old joke says, “She was wearing all white, but no one could see that, as there was a black dress on her”. Lingerie is more than just a garment. For some reason, it is often considered to be a topic which is not appropriate to be talked about. However, it deserves just as much attention as usual clothing. It may be fashionable or not, it may be comfortable or not, it may suit you or not. This is why it should be talked about, paid attention to and enjoyed. What is offered in this online store? Most comfortable sleepwear, extremely elegant swimwear, seductive lingerie, regular and plus size shapewear and so on. An extensive range of lingerie includes naughty and nice models. Be sure that whichever evening you are planning, in the lingerie which fits your body perfectly, which is comfortable and at the same time makes you look gorgeous, it will be amazing. Either it’s a special moment with your loved one, or a gathering with your friends at a tennis court, the lingerie which you’ll be wearing will make you as comfortable as possible. | Every woman knows that her most sophisticated and impressive outfit is not complete without perfect lingerie underneath. Just as an old joke says, “She was wearing all white, but no one could see that, as there was a black dress on her”. Lingerie is more than just a garment. For some reason, it is often considered to be a topic which is not appropriate to be talked about. However, it deserves just as much attention as usual clothing. It may be fashionable or not, it may be comfortable or not, it may suit you or not. This is why it should be talked about, paid attention to and enjoyed. What is offered in this online store? Most comfortable sleepwear, extremely elegant swimwear, seductive lingerie, regular and plus size shapewear and so on. An extensive range of lingerie includes naughty and nice models. Be sure that whichever evening you are planning, in the lingerie which fits your body perfectly, which is comfortable and at the same time makes you look gorgeous, it will be amazing. Either it’s a special moment with your loved one, or a gathering with your friends at a tennis court, the lingerie which you’ll be wearing will make you as comfortable as possible.'),('35','76','We advocate comfortable, elegant and beautiful lingerie. | We advocate comfortable, elegant and beautiful lingerie. | We advocate comfortable, elegant and beautiful lingerie.'),('35','135','USA | USA | USA'),('35','136','Lace | Lace | Lace'),('35','137','T-Shirt Bra | T-Shirt Bra | T-Shirt Bra'),('35','141','Romantic | Romantic | Romantic'),('35','143','black | pink'),('36','73','Weekday Stella Triangle Bra | Weekday Stella Triangle Bra-white | Weekday Stella Triangle Bra-red'),('36','74','4556'),('36','75','Every woman knows that her most sophisticated and impressive outfit is not complete without perfect lingerie underneath. Just as an old joke says, “She was wearing all white, but no one could see that, as there was a black dress on her”. Lingerie is more than just a garment. For some reason, it is often considered to be a topic which is not appropriate to be talked about. However, it deserves just as much attention as usual clothing. It may be fashionable or not, it may be comfortable or not, it may suit you or not. This is why it should be talked about, paid attention to and enjoyed. What is offered in this online store? Most comfortable sleepwear, extremely elegant swimwear, seductive lingerie, regular and plus size shapewear and so on. An extensive range of lingerie includes naughty and nice models. Be sure that whichever evening you are planning, in the lingerie which fits your body perfectly, which is comfortable and at the same time makes you look gorgeous, it will be amazing. Either it’s a special moment with your loved one, or a gathering with your friends at a tennis court, the lingerie which you’ll be wearing will make you as comfortable as possible. | Every woman knows that her most sophisticated and impressive outfit is not complete without perfect lingerie underneath. Just as an old joke says, “She was wearing all white, but no one could see that, as there was a black dress on her”. Lingerie is more than just a garment. For some reason, it is often considered to be a topic which is not appropriate to be talked about. However, it deserves just as much attention as usual clothing. It may be fashionable or not, it may be comfortable or not, it may suit you or not. This is why it should be talked about, paid attention to and enjoyed. What is offered in this online store? Most comfortable sleepwear, extremely elegant swimwear, seductive lingerie, regular and plus size shapewear and so on. An extensive range of lingerie includes naughty and nice models. Be sure that whichever evening you are planning, in the lingerie which fits your body perfectly, which is comfortable and at the same time makes you look gorgeous, it will be amazing. Either it’s a special moment with your loved one, or a gathering with your friends at a tennis court, the lingerie which you’ll be wearing will make you as comfortable as possible. | Every woman knows that her most sophisticated and impressive outfit is not complete without perfect lingerie underneath. Just as an old joke says, “She was wearing all white, but no one could see that, as there was a black dress on her”. Lingerie is more than just a garment. For some reason, it is often considered to be a topic which is not appropriate to be talked about. However, it deserves just as much attention as usual clothing. It may be fashionable or not, it may be comfortable or not, it may suit you or not. This is why it should be talked about, paid attention to and enjoyed. What is offered in this online store? Most comfortable sleepwear, extremely elegant swimwear, seductive lingerie, regular and plus size shapewear and so on. An extensive range of lingerie includes naughty and nice models. Be sure that whichever evening you are planning, in the lingerie which fits your body perfectly, which is comfortable and at the same time makes you look gorgeous, it will be amazing. Either it’s a special moment with your loved one, or a gathering with your friends at a tennis court, the lingerie which you’ll be wearing will make you as comfortable as possible.'),('36','76','We advocate comfortable, elegant and beautiful lingerie. | We advocate comfortable, elegant and beautiful lingerie. | We advocate comfortable, elegant and beautiful lingerie.'),('36','135','China | China | China'),('36','136','Backless | Backless | Backless'),('36','137','Push Up Bra | Push Up Bra | Push Up Bra'),('36','141','Romantic | Romantic | Romantic'),('36','143','white | red');

--
-- Table structure for table `catalogsearch_fulltext_scope2`
--

CREATE TABLE `catalogsearch_fulltext_scope2` (
  `entity_id` int(10) unsigned NOT NULL COMMENT 'Entity ID',
  `attribute_id` int(10) unsigned NOT NULL COMMENT 'Attribute_id',
  `data_index` longtext COMMENT 'Data index',
  PRIMARY KEY (`entity_id`,`attribute_id`),
  FULLTEXT KEY `FTI_FULLTEXT_DATA_INDEX` (`data_index`)
) ENGINE=InnoDB DEFAULT CHARSET=utf8 COMMENT='catalogsearch_fulltext_scope2_tmp';

--
-- Dumping data for table `catalogsearch_fulltext_scope2`
--

INSERT INTO `catalogsearch_fulltext_scope2` VALUES ('1','73','ASOS BRIDAL Here Comes The Bride Vest & Short Pyjama Set'),('1','74','9658'),('1','75','Every woman knows that her most sophisticated and impressive outfit is not complete without perfect lingerie underneath. Just as an old joke says, “She was wearing all white, but no one could see that, as there was a black dress on her”. Lingerie is more than just a garment. For some reason, it is often considered to be a topic which is not appropriate to be talked about. However, it deserves just as much attention as usual clothing. It may be fashionable or not, it may be comfortable or not, it may suit you or not. This is why it should be talked about, paid attention to and enjoyed. What is offered in this online store? Most comfortable sleepwear, extremely elegant swimwear, seductive lingerie, regular and plus size shapewear and so on. An extensive range of lingerie includes naughty and nice models. Be sure that whichever evening you are planning, in the lingerie which fits your body perfectly, which is comfortable and at the same time makes you look gorgeous, it will be amazing. Either it’s a special moment with your loved one, or a gathering with your friends at a tennis court, the lingerie which you’ll be wearing will make you as comfortable as possible.'),('1','76','We advocate comfortable, elegant and beautiful lingerie.'),('1','135','China'),('1','136','Hollow Out'),('1','137','Push Up Bra'),('1','141','Classic'),('1','157','Triumph'),('2','73','ASOS Leanna Lace Up Satin Half Cup Moulded Underwire Bra'),('2','74','3546'),('2','75','Every woman knows that her most sophisticated and impressive outfit is not complete without perfect lingerie underneath. Just as an old joke says, “She was wearing all white, but no one could see that, as there was a black dress on her”. Lingerie is more than just a garment. For some reason, it is often considered to be a topic which is not appropriate to be talked about. However, it deserves just as much attention as usual clothing. It may be fashionable or not, it may be comfortable or not, it may suit you or not. This is why it should be talked about, paid attention to and enjoyed. What is offered in this online store? Most comfortable sleepwear, extremely elegant swimwear, seductive lingerie, regular and plus size shapewear and so on. An extensive range of lingerie includes naughty and nice models. Be sure that whichever evening you are planning, in the lingerie which fits your body perfectly, which is comfortable and at the same time makes you look gorgeous, it will be amazing. Either it’s a special moment with your loved one, or a gathering with your friends at a tennis court, the lingerie which you’ll be wearing will make you as comfortable as possible.'),('2','76','We advocate comfortable, elegant and beautiful lingerie.'),('2','135','Germany'),('2','136','Backless'),('2','137','Support Bra'),('2','141','Sexy'),('2','157','Triumph'),('3','73','ASOS Madison Lace Underwire Bra'),('3','74','2653'),('3','75','Every woman knows that her most sophisticated and impressive outfit is not complete without perfect lingerie underneath. Just as an old joke says, “She was wearing all white, but no one could see that, as there was a black dress on her”. Lingerie is more than just a garment. For some reason, it is often considered to be a topic which is not appropriate to be talked about. However, it deserves just as much attention as usual clothing. It may be fashionable or not, it may be comfortable or not, it may suit you or not. This is why it should be talked about, paid attention to and enjoyed. What is offered in this online store? Most comfortable sleepwear, extremely elegant swimwear, seductive lingerie, regular and plus size shapewear and so on. An extensive range of lingerie includes naughty and nice models. Be sure that whichever evening you are planning, in the lingerie which fits your body perfectly, which is comfortable and at the same time makes you look gorgeous, it will be amazing. Either it’s a special moment with your loved one, or a gathering with your friends at a tennis court, the lingerie which you’ll be wearing will make you as comfortable as possible.'),('3','76','We advocate comfortable, elegant and beautiful lingerie.'),('3','135','France'),('3','136','Hollow Out'),('3','137','Basic Bra'),('3','141','Romantic'),('3','157','Vixen'),('4','73','ASOS Shake Your Coconuts Vest & Short Pyjama Set'),('4','74','3665'),('4','75','Every woman knows that her most sophisticated and impressive outfit is not complete without perfect lingerie underneath. Just as an old joke says, “She was wearing all white, but no one could see that, as there was a black dress on her”. Lingerie is more than just a garment. For some reason, it is often considered to be a topic which is not appropriate to be talked about. However, it deserves just as much attention as usual clothing. It may be fashionable or not, it may be comfortable or not, it may suit you or not. This is why it should be talked about, paid attention to and enjoyed. What is offered in this online store? Most comfortable sleepwear, extremely elegant swimwear, seductive lingerie, regular and plus size shapewear and so on. An extensive range of lingerie includes naughty and nice models. Be sure that whichever evening you are planning, in the lingerie which fits your body perfectly, which is comfortable and at the same time makes you look gorgeous, it will be amazing. Either it’s a special moment with your loved one, or a gathering with your friends at a tennis court, the lingerie which you’ll be wearing will make you as comfortable as possible.'),('4','76','We advocate comfortable, elegant and beautiful lingerie.'),('4','135','Germany'),('4','136','Backless'),('4','137','Push Up Bra'),('4','141','Romantic'),('4','157','Vixen'),('5','73','ASOS Hi-Leg Hi-Shine Body'),('5','74','2345'),('5','75','Every woman knows that her most sophisticated and impressive outfit is not complete without perfect lingerie underneath. Just as an old joke says, “She was wearing all white, but no one could see that, as there was a black dress on her”. Lingerie is more than just a garment. For some reason, it is often considered to be a topic which is not appropriate to be talked about. However, it deserves just as much attention as usual clothing. It may be fashionable or not, it may be comfortable or not, it may suit you or not. This is why it should be talked about, paid attention to and enjoyed. What is offered in this online store? Most comfortable sleepwear, extremely elegant swimwear, seductive lingerie, regular and plus size shapewear and so on. An extensive range of lingerie includes naughty and nice models. Be sure that whichever evening you are planning, in the lingerie which fits your body perfectly, which is comfortable and at the same time makes you look gorgeous, it will be amazing. Either it’s a special moment with your loved one, or a gathering with your friends at a tennis court, the lingerie which you’ll be wearing will make you as comfortable as possible.'),('5','76','We advocate comfortable, elegant and beautiful lingerie.'),('5','135','USA'),('5','136','Lace'),('5','137','T-Shirt Bra'),('5','141','Romantic'),('5','157','Calvin Klein'),('6','73','Cath Kidston Guards Pyjama Tshirt'),('6','74','4443'),('6','75','Every woman knows that her most sophisticated and impressive outfit is not complete without perfect lingerie underneath. Just as an old joke says, “She was wearing all white, but no one could see that, as there was a black dress on her”. Lingerie is more than just a garment. For some reason, it is often considered to be a topic which is not appropriate to be talked about. However, it deserves just as much attention as usual clothing. It may be fashionable or not, it may be comfortable or not, it may suit you or not. This is why it should be talked about, paid attention to and enjoyed. What is offered in this online store? Most comfortable sleepwear, extremely elegant swimwear, seductive lingerie, regular and plus size shapewear and so on. An extensive range of lingerie includes naughty and nice models. Be sure that whichever evening you are planning, in the lingerie which fits your body perfectly, which is comfortable and at the same time makes you look gorgeous, it will be amazing. Either it’s a special moment with your loved one, or a gathering with your friends at a tennis court, the lingerie which you’ll be wearing will make you as comfortable as possible.'),('6','76','We advocate comfortable, elegant and beautiful lingerie.'),('6','135','Germany'),('6','136','Hollow Out'),('6','137','Push Up Bra'),('6','141','Romantic'),('6','157','Calvin Klein'),('7','73','BRIDAL Valentina Corded Lace Slip'),('7','74','2488'),('7','75','Every woman knows that her most sophisticated and impressive outfit is not complete without perfect lingerie underneath. Just as an old joke says, “She was wearing all white, but no one could see that, as there was a black dress on her”. Lingerie is more than just a garment. For some reason, it is often considered to be a topic which is not appropriate to be talked about. However, it deserves just as much attention as usual clothing. It may be fashionable or not, it may be comfortable or not, it may suit you or not. This is why it should be talked about, paid attention to and enjoyed. What is offered in this online store? Most comfortable sleepwear, extremely elegant swimwear, seductive lingerie, regular and plus size shapewear and so on. An extensive range of lingerie includes naughty and nice models. Be sure that whichever evening you are planning, in the lingerie which fits your body perfectly, which is comfortable and at the same time makes you look gorgeous, it will be amazing. Either it’s a special moment with your loved one, or a gathering with your friends at a tennis court, the lingerie which you’ll be wearing will make you as comfortable as possible.'),('7','76','We advocate comfortable, elegant and beautiful lingerie.'),('7','135','USA'),('7','136','Hollow Out'),('7','137','Push Up Bra'),('7','141','Romantic'),('7','157','Naf Naf'),('8','73','BRIDAL Confetti Queen Tee & Short Pyjama set'),('8','74','2377'),('8','75','Every woman knows that her most sophisticated and impressive outfit is not complete without perfect lingerie underneath. Just as an old joke says, “She was wearing all white, but no one could see that, as there was a black dress on her”. Lingerie is more than just a garment. For some reason, it is often considered to be a topic which is not appropriate to be talked about. However, it deserves just as much attention as usual clothing. It may be fashionable or not, it may be comfortable or not, it may suit you or not. This is why it should be talked about, paid attention to and enjoyed. What is offered in this online store? Most comfortable sleepwear, extremely elegant swimwear, seductive lingerie, regular and plus size shapewear and so on. An extensive range of lingerie includes naughty and nice models. Be sure that whichever evening you are planning, in the lingerie which fits your body perfectly, which is comfortable and at the same time makes you look gorgeous, it will be amazing. Either it’s a special moment with your loved one, or a gathering with your friends at a tennis court, the lingerie which you’ll be wearing will make you as comfortable as possible.'),('8','76','We advocate comfortable, elegant and beautiful lingerie.'),('8','135','China'),('8','136','Hollow Out'),('8','137','Support Bra'),('8','141','Romantic'),('8','157','Naf Naf'),('14','73','Marie Meili Brooke Two Pack Bra'),('14','74','6133'),('14','75','Every woman knows that her most sophisticated and impressive outfit is not complete without perfect lingerie underneath. Just as an old joke says, “She was wearing all white, but no one could see that, as there was a black dress on her”. Lingerie is more than just a garment. For some reason, it is often considered to be a topic which is not appropriate to be talked about. However, it deserves just as much attention as usual clothing. It may be fashionable or not, it may be comfortable or not, it may suit you or not. This is why it should be talked about, paid attention to and enjoyed. What is offered in this online store? Most comfortable sleepwear, extremely elegant swimwear, seductive lingerie, regular and plus size shapewear and so on. An extensive range of lingerie includes naughty and nice models. Be sure that whichever evening you are planning, in the lingerie which fits your body perfectly, which is comfortable and at the same time makes you look gorgeous, it will be amazing. Either it’s a special moment with your loved one, or a gathering with your friends at a tennis court, the lingerie which you’ll be wearing will make you as comfortable as possible.'),('14','76','We advocate comfortable, elegant and beautiful lingerie.'),('14','135','China'),('14','136','Hollow Out'),('14','137','Support Bra'),('14','141','Classic'),('14','157','Recco'),('15','73','Lace Trim Long Sleeve Tee & Short Pyjama Set'),('15','74','5123'),('15','75','Every woman knows that her most sophisticated and impressive outfit is not complete without perfect lingerie underneath. Just as an old joke says, “She was wearing all white, but no one could see that, as there was a black dress on her”. Lingerie is more than just a garment. For some reason, it is often considered to be a topic which is not appropriate to be talked about. However, it deserves just as much attention as usual clothing. It may be fashionable or not, it may be comfortable or not, it may suit you or not. This is why it should be talked about, paid attention to and enjoyed. What is offered in this online store? Most comfortable sleepwear, extremely elegant swimwear, seductive lingerie, regular and plus size shapewear and so on. An extensive range of lingerie includes naughty and nice models. Be sure that whichever evening you are planning, in the lingerie which fits your body perfectly, which is comfortable and at the same time makes you look gorgeous, it will be amazing. Either it’s a special moment with your loved one, or a gathering with your friends at a tennis court, the lingerie which you’ll be wearing will make you as comfortable as possible.'),('15','76','We advocate comfortable, elegant and beautiful lingerie.'),('15','135','Germany'),('15','136','Hollow Out'),('15','137','Support Bra'),('15','141','Classic'),('15','157','Recco'),('16','73','Marie Meili Wisdom Super Push Up Bra | Marie Meili Wisdom Super Push Up Bra-black | Marie Meili Wisdom Super Push Up Bra-blue'),('16','74','5111'),('16','75','Every woman knows that her most sophisticated and impressive outfit is not complete without perfect lingerie underneath. Just as an old joke says, “She was wearing all white, but no one could see that, as there was a black dress on her”. Lingerie is more than just a garment. For some reason, it is often considered to be a topic which is not appropriate to be talked about. However, it deserves just as much attention as usual clothing. It may be fashionable or not, it may be comfortable or not, it may suit you or not. This is why it should be talked about, paid attention to and enjoyed. What is offered in this online store? Most comfortable sleepwear, extremely elegant swimwear, seductive lingerie, regular and plus size shapewear and so on. An extensive range of lingerie includes naughty and nice models. Be sure that whichever evening you are planning, in the lingerie which fits your body perfectly, which is comfortable and at the same time makes you look gorgeous, it will be amazing. Either it’s a special moment with your loved one, or a gathering with your friends at a tennis court, the lingerie which you’ll be wearing will make you as comfortable as possible. | Every woman knows that her most sophisticated and impressive outfit is not complete without perfect lingerie underneath. Just as an old joke says, “She was wearing all white, but no one could see that, as there was a black dress on her”. Lingerie is more than just a garment. For some reason, it is often considered to be a topic which is not appropriate to be talked about. However, it deserves just as much attention as usual clothing. It may be fashionable or not, it may be comfortable or not, it may suit you or not. This is why it should be talked about, paid attention to and enjoyed. What is offered in this online store? Most comfortable sleepwear, extremely elegant swimwear, seductive lingerie, regular and plus size shapewear and so on. An extensive range of lingerie includes naughty and nice models. Be sure that whichever evening you are planning, in the lingerie which fits your body perfectly, which is comfortable and at the same time makes you look gorgeous, it will be amazing. Either it’s a special moment with your loved one, or a gathering with your friends at a tennis court, the lingerie which you’ll be wearing will make you as comfortable as possible. | Every woman knows that her most sophisticated and impressive outfit is not complete without perfect lingerie underneath. Just as an old joke says, “She was wearing all white, but no one could see that, as there was a black dress on her”. Lingerie is more than just a garment. For some reason, it is often considered to be a topic which is not appropriate to be talked about. However, it deserves just as much attention as usual clothing. It may be fashionable or not, it may be comfortable or not, it may suit you or not. This is why it should be talked about, paid attention to and enjoyed. What is offered in this online store? Most comfortable sleepwear, extremely elegant swimwear, seductive lingerie, regular and plus size shapewear and so on. An extensive range of lingerie includes naughty and nice models. Be sure that whichever evening you are planning, in the lingerie which fits your body perfectly, which is comfortable and at the same time makes you look gorgeous, it will be amazing. Either it’s a special moment with your loved one, or a gathering with your friends at a tennis court, the lingerie which you’ll be wearing will make you as comfortable as possible.'),('16','76','We advocate comfortable, elegant and beautiful lingerie. | We advocate comfortable, elegant and beautiful lingerie. | We advocate comfortable, elegant and beautiful lingerie.'),('16','135','China | China | China'),('16','136','Backless | Backless | Backless'),('16','137','Support Bra | Support Bra | Support Bra'),('16','141','Romantic | Romantic | Romantic'),('16','143','black | blue'),('17','73','MIX & MATCH | MIX & MATCH-white | MIX & MATCH-pink'),('17','74','9654'),('17','75','Every woman knows that her most sophisticated and impressive outfit is not complete without perfect lingerie underneath. Just as an old joke says, “She was wearing all white, but no one could see that, as there was a black dress on her”. Lingerie is more than just a garment. For some reason, it is often considered to be a topic which is not appropriate to be talked about. However, it deserves just as much attention as usual clothing. It may be fashionable or not, it may be comfortable or not, it may suit you or not. This is why it should be talked about, paid attention to and enjoyed. What is offered in this online store? Most comfortable sleepwear, extremely elegant swimwear, seductive lingerie, regular and plus size shapewear and so on. An extensive range of lingerie includes naughty and nice models. Be sure that whichever evening you are planning, in the lingerie which fits your body perfectly, which is comfortable and at the same time makes you look gorgeous, it will be amazing. Either it’s a special moment with your loved one, or a gathering with your friends at a tennis court, the lingerie which you’ll be wearing will make you as comfortable as possible. | Every woman knows that her most sophisticated and impressive outfit is not complete without perfect lingerie underneath. Just as an old joke says, “She was wearing all white, but no one could see that, as there was a black dress on her”. Lingerie is more than just a garment. For some reason, it is often considered to be a topic which is not appropriate to be talked about. However, it deserves just as much attention as usual clothing. It may be fashionable or not, it may be comfortable or not, it may suit you or not. This is why it should be talked about, paid attention to and enjoyed. What is offered in this online store? Most comfortable sleepwear, extremely elegant swimwear, seductive lingerie, regular and plus size shapewear and so on. An extensive range of lingerie includes naughty and nice models. Be sure that whichever evening you are planning, in the lingerie which fits your body perfectly, which is comfortable and at the same time makes you look gorgeous, it will be amazing. Either it’s a special moment with your loved one, or a gathering with your friends at a tennis court, the lingerie which you’ll be wearing will make you as comfortable as possible. | Every woman knows that her most sophisticated and impressive outfit is not complete without perfect lingerie underneath. Just as an old joke says, “She was wearing all white, but no one could see that, as there was a black dress on her”. Lingerie is more than just a garment. For some reason, it is often considered to be a topic which is not appropriate to be talked about. However, it deserves just as much attention as usual clothing. It may be fashionable or not, it may be comfortable or not, it may suit you or not. This is why it should be talked about, paid attention to and enjoyed. What is offered in this online store? Most comfortable sleepwear, extremely elegant swimwear, seductive lingerie, regular and plus size shapewear and so on. An extensive range of lingerie includes naughty and nice models. Be sure that whichever evening you are planning, in the lingerie which fits your body perfectly, which is comfortable and at the same time makes you look gorgeous, it will be amazing. Either it’s a special moment with your loved one, or a gathering with your friends at a tennis court, the lingerie which you’ll be wearing will make you as comfortable as possible.'),('17','76','We advocate comfortable, elegant and beautiful lingerie. | We advocate comfortable, elegant and beautiful lingerie. | We advocate comfortable, elegant and beautiful lingerie.'),('17','135','USA | USA | USA'),('17','136','Backless | Backless | Backless'),('17','137','T-Shirt Bra | T-Shirt Bra | T-Shirt Bra'),('17','141','Romantic | Romantic | Romantic'),('17','143','white | pink'),('17','157','Beaujais'),('18','73','Oysho Escote Croazon Dot Body | Oysho Escote Croazon Dot Body-black | Oysho Escote Croazon Dot Body-white | Oysho Escote Croazon Dot Body-red'),('18','74','4762'),('18','75','Every woman knows that her most sophisticated and impressive outfit is not complete without perfect lingerie underneath. Just as an old joke says, “She was wearing all white, but no one could see that, as there was a black dress on her”. Lingerie is more than just a garment. For some reason, it is often considered to be a topic which is not appropriate to be talked about. However, it deserves just as much attention as usual clothing. It may be fashionable or not, it may be comfortable or not, it may suit you or not. This is why it should be talked about, paid attention to and enjoyed. What is offered in this online store? Most comfortable sleepwear, extremely elegant swimwear, seductive lingerie, regular and plus size shapewear and so on. An extensive range of lingerie includes naughty and nice models. Be sure that whichever evening you are planning, in the lingerie which fits your body perfectly, which is comfortable and at the same time makes you look gorgeous, it will be amazing. Either it’s a special moment with your loved one, or a gathering with your friends at a tennis court, the lingerie which you’ll be wearing will make you as comfortable as possible. | Every woman knows that her most sophisticated and impressive outfit is not complete without perfect lingerie underneath. Just as an old joke says, “She was wearing all white, but no one could see that, as there was a black dress on her”. Lingerie is more than just a garment. For some reason, it is often considered to be a topic which is not appropriate to be talked about. However, it deserves just as much attention as usual clothing. It may be fashionable or not, it may be comfortable or not, it may suit you or not. This is why it should be talked about, paid attention to and enjoyed. What is offered in this online store? Most comfortable sleepwear, extremely elegant swimwear, seductive lingerie, regular and plus size shapewear and so on. An extensive range of lingerie includes naughty and nice models. Be sure that whichever evening you are planning, in the lingerie which fits your body perfectly, which is comfortable and at the same time makes you look gorgeous, it will be amazing. Either it’s a special moment with your loved one, or a gathering with your friends at a tennis court, the lingerie which you’ll be wearing will make you as comfortable as possible. | Every woman knows that her most sophisticated and impressive outfit is not complete without perfect lingerie underneath. Just as an old joke says, “She was wearing all white, but no one could see that, as there was a black dress on her”. Lingerie is more than just a garment. For some reason, it is often considered to be a topic which is not appropriate to be talked about. However, it deserves just as much attention as usual clothing. It may be fashionable or not, it may be comfortable or not, it may suit you or not. This is why it should be talked about, paid attention to and enjoyed. What is offered in this online store? Most comfortable sleepwear, extremely elegant swimwear, seductive lingerie, regular and plus size shapewear and so on. An extensive range of lingerie includes naughty and nice models. Be sure that whichever evening you are planning, in the lingerie which fits your body perfectly, which is comfortable and at the same time makes you look gorgeous, it will be amazing. Either it’s a special moment with your loved one, or a gathering with your friends at a tennis court, the lingerie which you’ll be wearing will make you as comfortable as possible. | Every woman knows that her most sophisticated and impressive outfit is not complete without perfect lingerie underneath. Just as an old joke says, “She was wearing all white, but no one could see that, as there was a black dress on her”. Lingerie is more than just a garment. For some reason, it is often considered to be a topic which is not appropriate to be talked about. However, it deserves just as much attention as usual clothing. It may be fashionable or not, it may be comfortable or not, it may suit you or not. This is why it should be talked about, paid attention to and enjoyed. What is offered in this online store? Most comfortable sleepwear, extremely elegant swimwear, seductive lingerie, regular and plus size shapewear and so on. An extensive range of lingerie includes naughty and nice models. Be sure that whichever evening you are planning, in the lingerie which fits your body perfectly, which is comfortable and at the same time makes you look gorgeous, it will be amazing. Either it’s a special moment with your loved one, or a gathering with your friends at a tennis court, the lingerie which you’ll be wearing will make you as comfortable as possible.'),('18','76','We advocate comfortable, elegant and beautiful lingerie. | We advocate comfortable, elegant and beautiful lingerie. | We advocate comfortable, elegant and beautiful lingerie. | We advocate comfortable, elegant and beautiful lingerie.'),('18','135','France | France | France | France'),('18','136','Lace | Lace | Lace | Lace'),('18','137','Push Up Bra | Push Up Bra | Push Up Bra | Push Up Bra'),('18','141','Romantic | Romantic | Romantic | Romantic'),('18','143','black | white | red'),('18','157','Beaujais'),('19','73','Shoulder Detail Lace Underwire Bralet | Shoulder Detail Lace Underwire Bralet-pink | Shoulder Detail Lace Underwire Bralet-blue'),('19','74','8112'),('19','75','Every woman knows that her most sophisticated and impressive outfit is not complete without perfect lingerie underneath. Just as an old joke says, “She was wearing all white, but no one could see that, as there was a black dress on her”. Lingerie is more than just a garment. For some reason, it is often considered to be a topic which is not appropriate to be talked about. However, it deserves just as much attention as usual clothing. It may be fashionable or not, it may be comfortable or not, it may suit you or not. This is why it should be talked about, paid attention to and enjoyed. What is offered in this online store? Most comfortable sleepwear, extremely elegant swimwear, seductive lingerie, regular and plus size shapewear and so on. An extensive range of lingerie includes naughty and nice models. Be sure that whichever evening you are planning, in the lingerie which fits your body perfectly, which is comfortable and at the same time makes you look gorgeous, it will be amazing. Either it’s a special moment with your loved one, or a gathering with your friends at a tennis court, the lingerie which you’ll be wearing will make you as comfortable as possible. | Every woman knows that her most sophisticated and impressive outfit is not complete without perfect lingerie underneath. Just as an old joke says, “She was wearing all white, but no one could see that, as there was a black dress on her”. Lingerie is more than just a garment. For some reason, it is often considered to be a topic which is not appropriate to be talked about. However, it deserves just as much attention as usual clothing. It may be fashionable or not, it may be comfortable or not, it may suit you or not. This is why it should be talked about, paid attention to and enjoyed. What is offered in this online store? Most comfortable sleepwear, extremely elegant swimwear, seductive lingerie, regular and plus size shapewear and so on. An extensive range of lingerie includes naughty and nice models. Be sure that whichever evening you are planning, in the lingerie which fits your body perfectly, which is comfortable and at the same time makes you look gorgeous, it will be amazing. Either it’s a special moment with your loved one, or a gathering with your friends at a tennis court, the lingerie which you’ll be wearing will make you as comfortable as possible. | Every woman knows that her most sophisticated and impressive outfit is not complete without perfect lingerie underneath. Just as an old joke says, “She was wearing all white, but no one could see that, as there was a black dress on her”. Lingerie is more than just a garment. For some reason, it is often considered to be a topic which is not appropriate to be talked about. However, it deserves just as much attention as usual clothing. It may be fashionable or not, it may be comfortable or not, it may suit you or not. This is why it should be talked about, paid attention to and enjoyed. What is offered in this online store? Most comfortable sleepwear, extremely elegant swimwear, seductive lingerie, regular and plus size shapewear and so on. An extensive range of lingerie includes naughty and nice models. Be sure that whichever evening you are planning, in the lingerie which fits your body perfectly, which is comfortable and at the same time makes you look gorgeous, it will be amazing. Either it’s a special moment with your loved one, or a gathering with your friends at a tennis court, the lingerie which you’ll be wearing will make you as comfortable as possible.'),('19','76','We advocate comfortable, elegant and beautiful lingerie. | We advocate comfortable, elegant and beautiful lingerie. | We advocate comfortable, elegant and beautiful lingerie.'),('19','135','Germany | Germany | Germany'),('19','136','Hollow Out | Hollow Out | Hollow Out'),('19','137','Push Up Bra | Push Up Bra | Push Up Bra'),('19','141','Romantic | Romantic | Romantic'),('19','143','pink | blue'),('20','73','Undiz Ampli Mico T-Shirt Bra | Undiz Ampli Mico T-Shirt Bra-white | Undiz Ampli Mico T-Shirt Bra-black'),('20','74','4998'),('20','75','Every woman knows that her most sophisticated and impressive outfit is not complete without perfect lingerie underneath. Just as an old joke says, “She was wearing all white, but no one could see that, as there was a black dress on her”. Lingerie is more than just a garment. For some reason, it is often considered to be a topic which is not appropriate to be talked about. However, it deserves just as much attention as usual clothing. It may be fashionable or not, it may be comfortable or not, it may suit you or not. This is why it should be talked about, paid attention to and enjoyed. What is offered in this online store? Most comfortable sleepwear, extremely elegant swimwear, seductive lingerie, regular and plus size shapewear and so on. An extensive range of lingerie includes naughty and nice models. Be sure that whichever evening you are planning, in the lingerie which fits your body perfectly, which is comfortable and at the same time makes you look gorgeous, it will be amazing. Either it’s a special moment with your loved one, or a gathering with your friends at a tennis court, the lingerie which you’ll be wearing will make you as comfortable as possible. | Every woman knows that her most sophisticated and impressive outfit is not complete without perfect lingerie underneath. Just as an old joke says, “She was wearing all white, but no one could see that, as there was a black dress on her”. Lingerie is more than just a garment. For some reason, it is often considered to be a topic which is not appropriate to be talked about. However, it deserves just as much attention as usual clothing. It may be fashionable or not, it may be comfortable or not, it may suit you or not. This is why it should be talked about, paid attention to and enjoyed. What is offered in this online store? Most comfortable sleepwear, extremely elegant swimwear, seductive lingerie, regular and plus size shapewear and so on. An extensive range of lingerie includes naughty and nice models. Be sure that whichever evening you are planning, in the lingerie which fits your body perfectly, which is comfortable and at the same time makes you look gorgeous, it will be amazing. Either it’s a special moment with your loved one, or a gathering with your friends at a tennis court, the lingerie which you’ll be wearing will make you as comfortable as possible. | Every woman knows that her most sophisticated and impressive outfit is not complete without perfect lingerie underneath. Just as an old joke says, “She was wearing all white, but no one could see that, as there was a black dress on her”. Lingerie is more than just a garment. For some reason, it is often considered to be a topic which is not appropriate to be talked about. However, it deserves just as much attention as usual clothing. It may be fashionable or not, it may be comfortable or not, it may suit you or not. This is why it should be talked about, paid attention to and enjoyed. What is offered in this online store? Most comfortable sleepwear, extremely elegant swimwear, seductive lingerie, regular and plus size shapewear and so on. An extensive range of lingerie includes naughty and nice models. Be sure that whichever evening you are planning, in the lingerie which fits your body perfectly, which is comfortable and at the same time makes you look gorgeous, it will be amazing. Either it’s a special moment with your loved one, or a gathering with your friends at a tennis court, the lingerie which you’ll be wearing will make you as comfortable as possible.'),('20','76','We advocate comfortable, elegant and beautiful lingerie. | We advocate comfortable, elegant and beautiful lingerie. | We advocate comfortable, elegant and beautiful lingerie.'),('20','135','China | China | China'),('20','136','Backless | Backless | Backless'),('20','137','Support Bra | Support Bra | Support Bra'),('20','141','Romantic | Romantic | Romantic'),('20','143','white | black'),('20','157','Beaujais'),('32','73','Undiz Equiliz Bustier Longline Bra | Undiz Equiliz Bustier Longline Bra-white | Undiz Equiliz Bustier Longline Bra-blue'),('32','74','4112'),('32','75','Every woman knows that her most sophisticated and impressive outfit is not complete without perfect lingerie underneath. Just as an old joke says, “She was wearing all white, but no one could see that, as there was a black dress on her”. Lingerie is more than just a garment. For some reason, it is often considered to be a topic which is not appropriate to be talked about. However, it deserves just as much attention as usual clothing. It may be fashionable or not, it may be comfortable or not, it may suit you or not. This is why it should be talked about, paid attention to and enjoyed. What is offered in this online store? Most comfortable sleepwear, extremely elegant swimwear, seductive lingerie, regular and plus size shapewear and so on. An extensive range of lingerie includes naughty and nice models. Be sure that whichever evening you are planning, in the lingerie which fits your body perfectly, which is comfortable and at the same time makes you look gorgeous, it will be amazing. Either it’s a special moment with your loved one, or a gathering with your friends at a tennis court, the lingerie which you’ll be wearing will make you as comfortable as possible. | Every woman knows that her most sophisticated and impressive outfit is not complete without perfect lingerie underneath. Just as an old joke says, “She was wearing all white, but no one could see that, as there was a black dress on her”. Lingerie is more than just a garment. For some reason, it is often considered to be a topic which is not appropriate to be talked about. However, it deserves just as much attention as usual clothing. It may be fashionable or not, it may be comfortable or not, it may suit you or not. This is why it should be talked about, paid attention to and enjoyed. What is offered in this online store? Most comfortable sleepwear, extremely elegant swimwear, seductive lingerie, regular and plus size shapewear and so on. An extensive range of lingerie includes naughty and nice models. Be sure that whichever evening you are planning, in the lingerie which fits your body perfectly, which is comfortable and at the same time makes you look gorgeous, it will be amazing. Either it’s a special moment with your loved one, or a gathering with your friends at a tennis court, the lingerie which you’ll be wearing will make you as comfortable as possible. | Every woman knows that her most sophisticated and impressive outfit is not complete without perfect lingerie underneath. Just as an old joke says, “She was wearing all white, but no one could see that, as there was a black dress on her”. Lingerie is more than just a garment. For some reason, it is often considered to be a topic which is not appropriate to be talked about. However, it deserves just as much attention as usual clothing. It may be fashionable or not, it may be comfortable or not, it may suit you or not. This is why it should be talked about, paid attention to and enjoyed. What is offered in this online store? Most comfortable sleepwear, extremely elegant swimwear, seductive lingerie, regular and plus size shapewear and so on. An extensive range of lingerie includes naughty and nice models. Be sure that whichever evening you are planning, in the lingerie which fits your body perfectly, which is comfortable and at the same time makes you look gorgeous, it will be amazing. Either it’s a special moment with your loved one, or a gathering with your friends at a tennis court, the lingerie which you’ll be wearing will make you as comfortable as possible.'),('32','76','We advocate comfortable, elegant and beautiful lingerie. | We advocate comfortable, elegant and beautiful lingerie. | We advocate comfortable, elegant and beautiful lingerie.'),('32','135','Germany | Germany | Germany'),('32','136','Lace | Lace | Lace'),('32','137','Basic Bra | Basic Bra | Basic Bra'),('32','141','Romantic | Romantic | Romantic'),('32','143','white | blue'),('33','73','Undiz Royaltiz Gel Bra | Undiz Royaltiz Gel Bra-white | Undiz Royaltiz Gel Bra-pink'),('33','74','4221'),('33','75','Every woman knows that her most sophisticated and impressive outfit is not complete without perfect lingerie underneath. Just as an old joke says, “She was wearing all white, but no one could see that, as there was a black dress on her”. Lingerie is more than just a garment. For some reason, it is often considered to be a topic which is not appropriate to be talked about. However, it deserves just as much attention as usual clothing. It may be fashionable or not, it may be comfortable or not, it may suit you or not. This is why it should be talked about, paid attention to and enjoyed. What is offered in this online store? Most comfortable sleepwear, extremely elegant swimwear, seductive lingerie, regular and plus size shapewear and so on. An extensive range of lingerie includes naughty and nice models. Be sure that whichever evening you are planning, in the lingerie which fits your body perfectly, which is comfortable and at the same time makes you look gorgeous, it will be amazing. Either it’s a special moment with your loved one, or a gathering with your friends at a tennis court, the lingerie which you’ll be wearing will make you as comfortable as possible. | Every woman knows that her most sophisticated and impressive outfit is not complete without perfect lingerie underneath. Just as an old joke says, “She was wearing all white, but no one could see that, as there was a black dress on her”. Lingerie is more than just a garment. For some reason, it is often considered to be a topic which is not appropriate to be talked about. However, it deserves just as much attention as usual clothing. It may be fashionable or not, it may be comfortable or not, it may suit you or not. This is why it should be talked about, paid attention to and enjoyed. What is offered in this online store? Most comfortable sleepwear, extremely elegant swimwear, seductive lingerie, regular and plus size shapewear and so on. An extensive range of lingerie includes naughty and nice models. Be sure that whichever evening you are planning, in the lingerie which fits your body perfectly, which is comfortable and at the same time makes you look gorgeous, it will be amazing. Either it’s a special moment with your loved one, or a gathering with your friends at a tennis court, the lingerie which you’ll be wearing will make you as comfortable as possible. | Every woman knows that her most sophisticated and impressive outfit is not complete without perfect lingerie underneath. Just as an old joke says, “She was wearing all white, but no one could see that, as there was a black dress on her”. Lingerie is more than just a garment. For some reason, it is often considered to be a topic which is not appropriate to be talked about. However, it deserves just as much attention as usual clothing. It may be fashionable or not, it may be comfortable or not, it may suit you or not. This is why it should be talked about, paid attention to and enjoyed. What is offered in this online store? Most comfortable sleepwear, extremely elegant swimwear, seductive lingerie, regular and plus size shapewear and so on. An extensive range of lingerie includes naughty and nice models. Be sure that whichever evening you are planning, in the lingerie which fits your body perfectly, which is comfortable and at the same time makes you look gorgeous, it will be amazing. Either it’s a special moment with your loved one, or a gathering with your friends at a tennis court, the lingerie which you’ll be wearing will make you as comfortable as possible.'),('33','76','We advocate comfortable, elegant and beautiful lingerie. | We advocate comfortable, elegant and beautiful lingerie. | We advocate comfortable, elegant and beautiful lingerie.'),('33','135','USA | USA | USA'),('33','136','Backless | Backless | Backless'),('33','137','T-Shirt Bra | T-Shirt Bra | T-Shirt Bra'),('33','141','Romantic | Romantic | Romantic'),('33','143','white | pink'),('34','73','Undiz Teamminiz Short | Undiz Teamminiz Short-black | Undiz Teamminiz Short-white | Undiz Teamminiz Short-red'),('34','74','4331'),('34','75','Every woman knows that her most sophisticated and impressive outfit is not complete without perfect lingerie underneath. Just as an old joke says, “She was wearing all white, but no one could see that, as there was a black dress on her”. Lingerie is more than just a garment. For some reason, it is often considered to be a topic which is not appropriate to be talked about. However, it deserves just as much attention as usual clothing. It may be fashionable or not, it may be comfortable or not, it may suit you or not. This is why it should be talked about, paid attention to and enjoyed. What is offered in this online store? Most comfortable sleepwear, extremely elegant swimwear, seductive lingerie, regular and plus size shapewear and so on. An extensive range of lingerie includes naughty and nice models. Be sure that whichever evening you are planning, in the lingerie which fits your body perfectly, which is comfortable and at the same time makes you look gorgeous, it will be amazing. Either it’s a special moment with your loved one, or a gathering with your friends at a tennis court, the lingerie which you’ll be wearing will make you as comfortable as possible. | Every woman knows that her most sophisticated and impressive outfit is not complete without perfect lingerie underneath. Just as an old joke says, “She was wearing all white, but no one could see that, as there was a black dress on her”. Lingerie is more than just a garment. For some reason, it is often considered to be a topic which is not appropriate to be talked about. However, it deserves just as much attention as usual clothing. It may be fashionable or not, it may be comfortable or not, it may suit you or not. This is why it should be talked about, paid attention to and enjoyed. What is offered in this online store? Most comfortable sleepwear, extremely elegant swimwear, seductive lingerie, regular and plus size shapewear and so on. An extensive range of lingerie includes naughty and nice models. Be sure that whichever evening you are planning, in the lingerie which fits your body perfectly, which is comfortable and at the same time makes you look gorgeous, it will be amazing. Either it’s a special moment with your loved one, or a gathering with your friends at a tennis court, the lingerie which you’ll be wearing will make you as comfortable as possible. | Every woman knows that her most sophisticated and impressive outfit is not complete without perfect lingerie underneath. Just as an old joke says, “She was wearing all white, but no one could see that, as there was a black dress on her”. Lingerie is more than just a garment. For some reason, it is often considered to be a topic which is not appropriate to be talked about. However, it deserves just as much attention as usual clothing. It may be fashionable or not, it may be comfortable or not, it may suit you or not. This is why it should be talked about, paid attention to and enjoyed. What is offered in this online store? Most comfortable sleepwear, extremely elegant swimwear, seductive lingerie, regular and plus size shapewear and so on. An extensive range of lingerie includes naughty and nice models. Be sure that whichever evening you are planning, in the lingerie which fits your body perfectly, which is comfortable and at the same time makes you look gorgeous, it will be amazing. Either it’s a special moment with your loved one, or a gathering with your friends at a tennis court, the lingerie which you’ll be wearing will make you as comfortable as possible. | Every woman knows that her most sophisticated and impressive outfit is not complete without perfect lingerie underneath. Just as an old joke says, “She was wearing all white, but no one could see that, as there was a black dress on her”. Lingerie is more than just a garment. For some reason, it is often considered to be a topic which is not appropriate to be talked about. However, it deserves just as much attention as usual clothing. It may be fashionable or not, it may be comfortable or not, it may suit you or not. This is why it should be talked about, paid attention to and enjoyed. What is offered in this online store? Most comfortable sleepwear, extremely elegant swimwear, seductive lingerie, regular and plus size shapewear and so on. An extensive range of lingerie includes naughty and nice models. Be sure that whichever evening you are planning, in the lingerie which fits your body perfectly, which is comfortable and at the same time makes you look gorgeous, it will be amazing. Either it’s a special moment with your loved one, or a gathering with your friends at a tennis court, the lingerie which you’ll be wearing will make you as comfortable as possible.'),('34','76','We advocate comfortable, elegant and beautiful lingerie. | We advocate comfortable, elegant and beautiful lingerie. | We advocate comfortable, elegant and beautiful lingerie. | We advocate comfortable, elegant and beautiful lingerie.'),('34','135','China | China | China | China'),('34','136','Hollow Out | Hollow Out | Hollow Out | Hollow Out'),('34','137','T-Shirt Bra | T-Shirt Bra | T-Shirt Bra | T-Shirt Bra');
INSERT INTO `catalogsearch_fulltext_scope2` VALUES ('34','141','Romantic | Romantic | Romantic | Romantic'),('34','143','black | white | red'),('35','73','Weekday Note Bra | Weekday Note Bra-black | Weekday Note Bra-pink'),('35','74','4521'),('35','75','Every woman knows that her most sophisticated and impressive outfit is not complete without perfect lingerie underneath. Just as an old joke says, “She was wearing all white, but no one could see that, as there was a black dress on her”. Lingerie is more than just a garment. For some reason, it is often considered to be a topic which is not appropriate to be talked about. However, it deserves just as much attention as usual clothing. It may be fashionable or not, it may be comfortable or not, it may suit you or not. This is why it should be talked about, paid attention to and enjoyed. What is offered in this online store? Most comfortable sleepwear, extremely elegant swimwear, seductive lingerie, regular and plus size shapewear and so on. An extensive range of lingerie includes naughty and nice models. Be sure that whichever evening you are planning, in the lingerie which fits your body perfectly, which is comfortable and at the same time makes you look gorgeous, it will be amazing. Either it’s a special moment with your loved one, or a gathering with your friends at a tennis court, the lingerie which you’ll be wearing will make you as comfortable as possible. | Every woman knows that her most sophisticated and impressive outfit is not complete without perfect lingerie underneath. Just as an old joke says, “She was wearing all white, but no one could see that, as there was a black dress on her”. Lingerie is more than just a garment. For some reason, it is often considered to be a topic which is not appropriate to be talked about. However, it deserves just as much attention as usual clothing. It may be fashionable or not, it may be comfortable or not, it may suit you or not. This is why it should be talked about, paid attention to and enjoyed. What is offered in this online store? Most comfortable sleepwear, extremely elegant swimwear, seductive lingerie, regular and plus size shapewear and so on. An extensive range of lingerie includes naughty and nice models. Be sure that whichever evening you are planning, in the lingerie which fits your body perfectly, which is comfortable and at the same time makes you look gorgeous, it will be amazing. Either it’s a special moment with your loved one, or a gathering with your friends at a tennis court, the lingerie which you’ll be wearing will make you as comfortable as possible. | Every woman knows that her most sophisticated and impressive outfit is not complete without perfect lingerie underneath. Just as an old joke says, “She was wearing all white, but no one could see that, as there was a black dress on her”. Lingerie is more than just a garment. For some reason, it is often considered to be a topic which is not appropriate to be talked about. However, it deserves just as much attention as usual clothing. It may be fashionable or not, it may be comfortable or not, it may suit you or not. This is why it should be talked about, paid attention to and enjoyed. What is offered in this online store? Most comfortable sleepwear, extremely elegant swimwear, seductive lingerie, regular and plus size shapewear and so on. An extensive range of lingerie includes naughty and nice models. Be sure that whichever evening you are planning, in the lingerie which fits your body perfectly, which is comfortable and at the same time makes you look gorgeous, it will be amazing. Either it’s a special moment with your loved one, or a gathering with your friends at a tennis court, the lingerie which you’ll be wearing will make you as comfortable as possible.'),('35','76','We advocate comfortable, elegant and beautiful lingerie. | We advocate comfortable, elegant and beautiful lingerie. | We advocate comfortable, elegant and beautiful lingerie.'),('35','135','USA | USA | USA'),('35','136','Lace | Lace | Lace'),('35','137','T-Shirt Bra | T-Shirt Bra | T-Shirt Bra'),('35','141','Romantic | Romantic | Romantic'),('35','143','black | pink'),('36','73','Weekday Stella Triangle Bra | Weekday Stella Triangle Bra-white | Weekday Stella Triangle Bra-red'),('36','74','4556'),('36','75','Every woman knows that her most sophisticated and impressive outfit is not complete without perfect lingerie underneath. Just as an old joke says, “She was wearing all white, but no one could see that, as there was a black dress on her”. Lingerie is more than just a garment. For some reason, it is often considered to be a topic which is not appropriate to be talked about. However, it deserves just as much attention as usual clothing. It may be fashionable or not, it may be comfortable or not, it may suit you or not. This is why it should be talked about, paid attention to and enjoyed. What is offered in this online store? Most comfortable sleepwear, extremely elegant swimwear, seductive lingerie, regular and plus size shapewear and so on. An extensive range of lingerie includes naughty and nice models. Be sure that whichever evening you are planning, in the lingerie which fits your body perfectly, which is comfortable and at the same time makes you look gorgeous, it will be amazing. Either it’s a special moment with your loved one, or a gathering with your friends at a tennis court, the lingerie which you’ll be wearing will make you as comfortable as possible. | Every woman knows that her most sophisticated and impressive outfit is not complete without perfect lingerie underneath. Just as an old joke says, “She was wearing all white, but no one could see that, as there was a black dress on her”. Lingerie is more than just a garment. For some reason, it is often considered to be a topic which is not appropriate to be talked about. However, it deserves just as much attention as usual clothing. It may be fashionable or not, it may be comfortable or not, it may suit you or not. This is why it should be talked about, paid attention to and enjoyed. What is offered in this online store? Most comfortable sleepwear, extremely elegant swimwear, seductive lingerie, regular and plus size shapewear and so on. An extensive range of lingerie includes naughty and nice models. Be sure that whichever evening you are planning, in the lingerie which fits your body perfectly, which is comfortable and at the same time makes you look gorgeous, it will be amazing. Either it’s a special moment with your loved one, or a gathering with your friends at a tennis court, the lingerie which you’ll be wearing will make you as comfortable as possible. | Every woman knows that her most sophisticated and impressive outfit is not complete without perfect lingerie underneath. Just as an old joke says, “She was wearing all white, but no one could see that, as there was a black dress on her”. Lingerie is more than just a garment. For some reason, it is often considered to be a topic which is not appropriate to be talked about. However, it deserves just as much attention as usual clothing. It may be fashionable or not, it may be comfortable or not, it may suit you or not. This is why it should be talked about, paid attention to and enjoyed. What is offered in this online store? Most comfortable sleepwear, extremely elegant swimwear, seductive lingerie, regular and plus size shapewear and so on. An extensive range of lingerie includes naughty and nice models. Be sure that whichever evening you are planning, in the lingerie which fits your body perfectly, which is comfortable and at the same time makes you look gorgeous, it will be amazing. Either it’s a special moment with your loved one, or a gathering with your friends at a tennis court, the lingerie which you’ll be wearing will make you as comfortable as possible.'),('36','76','We advocate comfortable, elegant and beautiful lingerie. | We advocate comfortable, elegant and beautiful lingerie. | We advocate comfortable, elegant and beautiful lingerie.'),('36','135','China | China | China'),('36','136','Backless | Backless | Backless'),('36','137','Push Up Bra | Push Up Bra | Push Up Bra'),('36','141','Romantic | Romantic | Romantic'),('36','143','white | red');

--
